{"id":10929,"date":"2020-12-28T03:26:20","date_gmt":"2020-12-28T03:26:20","guid":{"rendered":"https:\/\/www.phys.uaic.ro\/?page_id=10929"},"modified":"2024-10-25T12:23:01","modified_gmt":"2024-10-25T09:23:01","slug":"lukacs-vlad-alexandru-doctorat","status":"publish","type":"page","link":"https:\/\/www.phys.uaic.ro\/index.php\/scoala-doctorala\/sustineri-teze-doctorat\/lukacs-vlad-alexandru-doctorat\/","title":{"rendered":"Sus\u021binerea tezei de doctorat a drd. Lukacs Vlad-Alexandru pe 20.01.2021"},"content":{"rendered":"<p>La data de 20.01.2021, ora 11:00, dl LUKACS VLAD-ALEXANDRU va sus\u0163ine, \u00een \u015fedin\u0163\u0103 public\u0103, online pe platforma Cisco Webex, teza de doctorat cu titlul<\/p>\n<p><b>SCALE DEPENDENT EFFECTS IN FERROELECTRIC OXIDES (STUDIUL EFECTELOR DEPENDENTE DE SCAL\u0102 \u00ceN FEROELECTRICI OXIDICI)<\/b><\/p>\n<p>\u00een vederea ob\u0163inerii titlului \u015ftiin\u0163ific de doctor \u00een domeniul FIZIC\u0102.<\/p>\n<p><a href=\"https:\/\/www.phys.uaic.ro\/wp-content\/uploads\/2022\/05\/LUKACS_Vlad-Alexandru_RO.pdf\" target=\"_blank\" rel=\"noopener\">CV Lukacs Vlad-Alexandru<\/a><\/p>\n<p>Comisia de doctorat are urm\u0103toarea componen\u0163\u0103:<\/p>\n<ul>\n<li><b>Pre\u015fedinte<\/b>:\n<ul>\n<li>Prof. univ. Dr. Diana Mihaela Mardare, Universitatea Alexandru Ioan Cuza din Ia\u0219i, Rom\u00e2nia [ <a href=\"https:\/\/www.phys.uaic.ro\/wp-content\/uploads\/2023\/09\/MARDARE-Diana_CV_RO.pdf\" target=\"_blank\" rel=\"noopener\">CV<\/a> ]<\/li>\n<\/ul>\n<\/li>\n<\/ul>\n<ul>\n<li><b>Conduc\u0103tor \u015ftiin\u0163ific<\/b>:\n<ul>\n<li>Prof.univ .Dr. Liliana Mito\u0219eriu, Universitatea Alexandru Ioan Cuza din Ia\u0219i, Rom\u00e2nia [ <a href=\"https:\/\/www.phys.uaic.ro\/wp-content\/uploads\/2024\/10\/CV_Liliana_Mitoseriu_RO_2024.pdf\" target=\"_blank\" rel=\"noopener\">CV<\/a> ]<\/li>\n<\/ul>\n<\/li>\n<\/ul>\n<ul>\n<li><b>Referen\u0163i<\/b>:\n<ul>\n<li>Dr. Vincenzo Buscaglia, Institute of Condensed Matter Chemistry and Technologies for Energy \u2013 National Research Council, Genova, Italia [ CV ]<\/li>\n<li>Prof. dr. habil. Juras Banys, Vilnius University, Vilnius, Lituania [ CV ]<\/li>\n<li>Prof.univ .dr. Alexandru Stancu, Universitatea Alexandru Ioan Cuza din Ia\u0219i, Rom\u00e2nia[ <a href=\"https:\/\/www.phys.uaic.ro\/wp-content\/uploads\/2022\/05\/Stancu_Alexandru_CV_RO.pdf\" target=\"_blank\" rel=\"noopener\">CV<\/a> ]<\/li>\n<\/ul>\n<\/li>\n<\/ul>\n<p>Persoanele care doresc s\u0103 vizioneze sus\u021binerea trebuie s\u0103 acceseze unul din link-urile urm\u0103toare pe platforma Cisco Webex:<\/p>\n<ul>\n<li><b>Cisco Webex Meeting &#8211; conectare direct\u0103 din browser<\/b><\/li>\n<li>pentru conectarea direct\u0103 din aplica\u021bie pute\u021bi utiliza urm\u0103toarele date de \u00eenregistrare\n<ul style=\"list-style-type: none;\">\n<li><b>Meeting number (access code): 121 668 0670<\/b><\/li>\n<li><b>Meeting password: 3mKceXUbF85<\/b><\/li>\n<\/ul>\n<\/li>\n<\/ul>\n<p>\u00cent\u00e2lnirea este programat\u0103 s\u0103 \u00eenceap\u0103 la 11:00.<\/p>\n<p><b><span style=\"color: #ff0000;\">Aten\u021bie! \u00cent\u00e2lnirea este \u00eenregistrat\u0103 audio-video, autentificarea dumneavoastr\u0103 se consider\u0103 acordul pentru \u00eenregistrare.<\/span><\/b><\/p>\n<p>Teza poate fi consultat\u0103 la Biblioteca Facult\u0103\u0163ii de Fizic\u0103.<\/p>\n<ul>\n<li>Rezumatul tezei de doctorat<\/li>\n<\/ul>\n","protected":false},"excerpt":{"rendered":"<p>La data de 20.01.2021, ora 11:00, dl LUKACS VLAD-ALEXANDRU va sus\u0163ine, \u00een \u015fedin\u0163\u0103 public\u0103, online pe platforma Cisco Webex, teza de doctorat cu titlul SCALE DEPENDENT EFFECTS IN FERROELECTRIC OXIDES (STUDIUL EFECTELOR DEPENDENTE DE SCAL\u0102 \u00ceN FEROELECTRICI OXIDICI) \u00een vederea ob\u0163inerii titlului \u015ftiin\u0163ific de doctor \u00een domeniul FIZIC\u0102. CV Lukacs Vlad-Alexandru Comisia de doctorat are urm\u0103toarea componen\u0163\u0103: Pre\u015fedinte:\u2026 <span class=\"read-more\"><a href=\"https:\/\/www.phys.uaic.ro\/index.php\/scoala-doctorala\/sustineri-teze-doctorat\/lukacs-vlad-alexandru-doctorat\/\">Read More &raquo;<\/a><\/span><\/p>\n","protected":false},"author":3,"featured_media":0,"parent":158,"menu_order":0,"comment_status":"closed","ping_status":"closed","template":"","meta":{"footnotes":""},"class_list":["post-10929","page","type-page","status-publish","hentry"],"_links":{"self":[{"href":"https:\/\/www.phys.uaic.ro\/index.php\/wp-json\/wp\/v2\/pages\/10929","targetHints":{"allow":["GET"]}}],"collection":[{"href":"https:\/\/www.phys.uaic.ro\/index.php\/wp-json\/wp\/v2\/pages"}],"about":[{"href":"https:\/\/www.phys.uaic.ro\/index.php\/wp-json\/wp\/v2\/types\/page"}],"author":[{"embeddable":true,"href":"https:\/\/www.phys.uaic.ro\/index.php\/wp-json\/wp\/v2\/users\/3"}],"replies":[{"embeddable":true,"href":"https:\/\/www.phys.uaic.ro\/index.php\/wp-json\/wp\/v2\/comments?post=10929"}],"version-history":[{"count":0,"href":"https:\/\/www.phys.uaic.ro\/index.php\/wp-json\/wp\/v2\/pages\/10929\/revisions"}],"up":[{"embeddable":true,"href":"https:\/\/www.phys.uaic.ro\/index.php\/wp-json\/wp\/v2\/pages\/158"}],"wp:attachment":[{"href":"https:\/\/www.phys.uaic.ro\/index.php\/wp-json\/wp\/v2\/media?parent=10929"}],"curies":[{"name":"wp","href":"https:\/\/api.w.org\/{rel}","templated":true}]}}