{"id":11608,"date":"2021-02-22T13:56:18","date_gmt":"2021-02-22T13:56:18","guid":{"rendered":"https:\/\/www.phys.uaic.ro\/?page_id=11608"},"modified":"2025-11-07T13:12:49","modified_gmt":"2025-11-07T11:12:49","slug":"mobilitati","status":"publish","type":"page","link":"https:\/\/www.phys.uaic.ro\/index.php\/relatii-internationale\/mobilitati\/","title":{"rendered":"Mobilit\u0103\u021bi"},"content":{"rendered":"<p><img decoding=\"async\" style=\"vertical-align: top; width: width:140px; height: 40px;\" src=\"http:\/\/www.phys.uaic.ro\/wp\/imagini\/erasmus+logo.png\" alt=\"erasmus\" \/><\/p>\n<div class=\"colorbox\" style=\"background-color: #e6e6e6;\">Coordonatorul Erasmus+ al Facult\u0103\u021bii de Fizic\u0103:<br \/>\n<a href=\"https:\/\/www.phys.uaic.ro\/index.php\/organizare\/personal-didactic\/sebastian-dumitru-popescu\/\" target=\"_blank\" rel=\"noopener\">Conf. dr. Sebastian POPESCU<\/a><\/div>\n<ul style=\"list-style-type: none;\">\n<li><\/li>\n<li><a href=\"http:\/\/www.phys.uaic.ro\/index.php\/relatii-internationale\/prelegeri\">Prelegeri<\/a><\/li>\n<li>Mobilit\u0103\u021bi\n<ul style=\"list-style-type: none;\">\n<li><a href=\"http:\/\/www.phys.uaic.ro\/index.php\/relatii-internationale\/mobilitati-studiu\">Mobilit\u0103\u021bi de studiu<\/a><\/li>\n<li><a href=\"http:\/\/www.phys.uaic.ro\/index.php\/relatii-internationale\/mobilitati-practica\">Mobilit\u0103\u021bi de practic\u0103<\/a><\/li>\n<li><a href=\"http:\/\/www.phys.uaic.ro\/index.php\/relatii-internationale\/mobilitati-predare\">Mobilit\u0103\u021bi de predare<\/a><\/li>\n<li><a href=\"https:\/\/www.phys.uaic.ro\/index.php\/relatii-internationale\/mobilitati\/mobilitati-de-scurta-durata\/\">Mobilit\u0103\u021bi de scurt\u0103 durat\u0103<\/a><\/li>\n<\/ul>\n<\/li>\n<li><a href=\"https:\/\/www.phys.uaic.ro\/wp-content\/uploads\/2024\/11\/Acorduri_Erasmus_2024-2025.pdf\" target=\"_blank\" rel=\"noopener\">Acorduri Erasmus+ (KA131-HED)<\/a><\/li>\n<li><a href=\"http:\/\/www.phys.uaic.ro\/index.php\/relatii-internationale\/arhiva-erasmus\">Arhiva Erasmus+<\/a><\/li>\n<li><a href=\"http:\/\/www.phys.uaic.ro\/index.php\/relatii-internationale\/programul-see\">Programul SEE<\/a><\/li>\n<li><a href=\"http:\/\/www.phys.uaic.ro\/index.php\/relatii-internationale\/auf\">Agen\u0163ia Universitar\u0103 a Francofoniei<\/a><\/li>\n<li><a href=\"https:\/\/www.phys.uaic.ro\/index.php\/oferta-burse-in-strainatate-h-g-nr-118-2023\/\" target=\"_blank\" rel=\"noopener\">BURSE<\/a><\/li>\n<\/ul>\n","protected":false},"excerpt":{"rendered":"<p>Coordonatorul Erasmus+ al Facult\u0103\u021bii de Fizic\u0103: Conf. dr. Sebastian POPESCU Prelegeri Mobilit\u0103\u021bi Mobilit\u0103\u021bi de studiu Mobilit\u0103\u021bi de practic\u0103 Mobilit\u0103\u021bi de predare Mobilit\u0103\u021bi de scurt\u0103 durat\u0103 Acorduri Erasmus+ (KA131-HED) Arhiva Erasmus+ Programul SEE Agen\u0163ia Universitar\u0103 a Francofoniei BURSE<\/p>\n","protected":false},"author":3,"featured_media":0,"parent":92,"menu_order":0,"comment_status":"closed","ping_status":"closed","template":"","meta":{"footnotes":""},"class_list":["post-11608","page","type-page","status-publish","hentry"],"_links":{"self":[{"href":"https:\/\/www.phys.uaic.ro\/index.php\/wp-json\/wp\/v2\/pages\/11608","targetHints":{"allow":["GET"]}}],"collection":[{"href":"https:\/\/www.phys.uaic.ro\/index.php\/wp-json\/wp\/v2\/pages"}],"about":[{"href":"https:\/\/www.phys.uaic.ro\/index.php\/wp-json\/wp\/v2\/types\/page"}],"author":[{"embeddable":true,"href":"https:\/\/www.phys.uaic.ro\/index.php\/wp-json\/wp\/v2\/users\/3"}],"replies":[{"embeddable":true,"href":"https:\/\/www.phys.uaic.ro\/index.php\/wp-json\/wp\/v2\/comments?post=11608"}],"version-history":[{"count":0,"href":"https:\/\/www.phys.uaic.ro\/index.php\/wp-json\/wp\/v2\/pages\/11608\/revisions"}],"up":[{"embeddable":true,"href":"https:\/\/www.phys.uaic.ro\/index.php\/wp-json\/wp\/v2\/pages\/92"}],"wp:attachment":[{"href":"https:\/\/www.phys.uaic.ro\/index.php\/wp-json\/wp\/v2\/media?parent=11608"}],"curies":[{"name":"wp","href":"https:\/\/api.w.org\/{rel}","templated":true}]}}