{"id":11814,"date":"2021-03-12T12:17:43","date_gmt":"2021-03-12T12:17:43","guid":{"rendered":"https:\/\/www.phys.uaic.ro\/?page_id=11814"},"modified":"2024-10-25T12:17:18","modified_gmt":"2024-10-25T09:17:18","slug":"dascalu-branza-adina-doctorat","status":"publish","type":"page","link":"https:\/\/www.phys.uaic.ro\/index.php\/scoala-doctorala\/sustineri-teze-doctorat\/dascalu-branza-adina-doctorat\/","title":{"rendered":"Sus\u021binerea tezei de doctorat a drd. Dasc\u0103lu Adina (c\u0103s. Br\u00e2nz\u0103) pe 02.04.2021"},"content":{"rendered":"<p>La data de 02.04.2021, ora 10:00, \u00een platforma Cisco Webex, dna DASC\u0102LU ADINA (c\u0103s. BR\u00c2NZ\u0102) va sus\u0163ine, \u00een \u015fedin\u0163\u0103 public\u0103, teza de doctorat cu titlul<\/p>\n<p><b>UTILIZAREA PLASMEI DESC\u0102RC\u0102RII CU BARIER\u0102 DIELECTRIC\u0102 PE SUPRAFA\u021a\u0102 \u00ceN PROCESE DE DECONTAMINARE<\/b><\/p>\n<p>\u00een vederea ob\u0163inerii titlului \u015ftiin\u0163ific de doctor \u00een domeniul de doctorat FIZIC\u0102.<\/p>\n<p>CV Dasc\u0103lu Adina (c\u0103s. Br\u00e2nz\u0103)<\/p>\n<p>Comisia de doctorat are urm\u0103toarea componen\u0163\u0103:<\/p>\n<ul>\n<li><b>Pre\u015fedinte<\/b>:\n<ul>\n<li>Prof. univ. dr. Diana Mihaela Mardare, Universitatea Alexandru Ioan Cuza din Ia\u0219i [ <a href=\"https:\/\/www.phys.uaic.ro\/wp-content\/uploads\/2024\/10\/CV-2024-MARDARE-D.-rom.pdf\" target=\"_blank\" rel=\"noopener\">CV<\/a> ]<\/li>\n<\/ul>\n<\/li>\n<\/ul>\n<ul>\n<li><b>Conduc\u0103tor \u015ftiin\u0163ific<\/b>:\n<ul>\n<li>Prof.univ .dr. habil. Lucel S\u00eerghi, Universitatea Alexandru Ioan Cuza din Ia\u0219i [ <a href=\"https:\/\/www.phys.uaic.ro\/wp-content\/uploads\/2024\/10\/CV_lsirghi2024RO.pdf\" target=\"_blank\" rel=\"noopener\">CV<\/a> ]<\/li>\n<\/ul>\n<\/li>\n<\/ul>\n<ul>\n<li><b>Referen\u0163i<\/b>:\n<ul>\n<li>Prof. univ. dr. habil. Cristina Stan, Universitatea Politehnic\u0103 Bucure\u015fti [ <a href=\"https:\/\/www.phys.uaic.ro\/wp-content\/uploads\/2022\/09\/CV_C.Stan_.pdf\" target=\"_blank\" rel=\"noopener\">CV<\/a> ]<\/li>\n<li>Prof. univ. dr. Sorin Dan Anghel, Universitatea Babe\u015f Bolyai Cluj Napoca [ <a href=\"https:\/\/www.phys.uaic.ro\/wp-content\/uploads\/2022\/05\/Anghel_CV_europass-lista-lucrari-mai-2022.pdf\" target=\"_blank\" rel=\"noopener\">CV<\/a> ]<\/li>\n<li>Prof. univ. dr. habil. Gabriela Borcia, Universitatea Alexandru Ioan Cuza din Ia\u0219i [ <a href=\"https:\/\/www.phys.uaic.ro\/wp-content\/uploads\/2024\/09\/CV_Borcia-Gabriela-UAIC.pdf\" target=\"_blank\" rel=\"noopener\">CV<\/a> ]<\/li>\n<\/ul>\n<\/li>\n<\/ul>\n<p>Persoanele care doresc s\u0103 vizioneze sus\u021binerea trebuie s\u0103 se conecteze la platforma Cisco Webex \u00eentr-unul din modurile:<\/p>\n<ul>\n<li>link direct din browser\n<ul style=\"list-style-type: none;\">\n<li>https:\/\/uaic.webex.com\/uaic\/j.php?MTID=m9a190b6f582349462fd01ec0801c58a4<\/li>\n<\/ul>\n<\/li>\n<li>direct din aplica\u0163ie\n<ul style=\"list-style-type: none;\">\n<li><b>Meeting number (access code)<\/b>: 121 904 0619<\/li>\n<li><b>Meeting password<\/b>: N4EpmXeCc74<\/li>\n<\/ul>\n<\/li>\n<li>prin telefon\n<ul style=\"list-style-type: none;\">\n<li>+40-31-1305-284 Romania Toll<\/li>\n<li>+40-21-5891-423 Romania Toll<\/li>\n<\/ul>\n<\/li>\n<\/ul>\n<p>\u00cent\u00e2lnirea este programat\u0103 s\u0103 \u00eenceap\u0103 la 10:00.<\/p>\n<p><b><span style=\"color: #ff0000;\">Aten\u021bie! \u00cent\u00e2lnirea este \u00eenregistrat\u0103 audio-video, autentificarea dumneavoastr\u0103 se consider\u0103 acordul pentru \u00eenregistrare.<\/span><\/b><\/p>\n<p>Teza poate fi consultat\u0103 la Biblioteca Facult\u0103\u0163ii de Fizic\u0103.<\/p>\n<ul>\n<li>Rezumatul tezei de doctorat<\/li>\n<\/ul>\n","protected":false},"excerpt":{"rendered":"<p>La data de 02.04.2021, ora 10:00, \u00een platforma Cisco Webex, dna DASC\u0102LU ADINA (c\u0103s. BR\u00c2NZ\u0102) va sus\u0163ine, \u00een \u015fedin\u0163\u0103 public\u0103, teza de doctorat cu titlul UTILIZAREA PLASMEI DESC\u0102RC\u0102RII CU BARIER\u0102 DIELECTRIC\u0102 PE SUPRAFA\u021a\u0102 \u00ceN PROCESE DE DECONTAMINARE \u00een vederea ob\u0163inerii titlului \u015ftiin\u0163ific de doctor \u00een domeniul de doctorat FIZIC\u0102. CV Dasc\u0103lu Adina (c\u0103s. Br\u00e2nz\u0103) Comisia de doctorat are\u2026 <span class=\"read-more\"><a href=\"https:\/\/www.phys.uaic.ro\/index.php\/scoala-doctorala\/sustineri-teze-doctorat\/dascalu-branza-adina-doctorat\/\">Read More &raquo;<\/a><\/span><\/p>\n","protected":false},"author":3,"featured_media":0,"parent":158,"menu_order":0,"comment_status":"closed","ping_status":"closed","template":"","meta":{"footnotes":""},"class_list":["post-11814","page","type-page","status-publish","hentry"],"_links":{"self":[{"href":"https:\/\/www.phys.uaic.ro\/index.php\/wp-json\/wp\/v2\/pages\/11814","targetHints":{"allow":["GET"]}}],"collection":[{"href":"https:\/\/www.phys.uaic.ro\/index.php\/wp-json\/wp\/v2\/pages"}],"about":[{"href":"https:\/\/www.phys.uaic.ro\/index.php\/wp-json\/wp\/v2\/types\/page"}],"author":[{"embeddable":true,"href":"https:\/\/www.phys.uaic.ro\/index.php\/wp-json\/wp\/v2\/users\/3"}],"replies":[{"embeddable":true,"href":"https:\/\/www.phys.uaic.ro\/index.php\/wp-json\/wp\/v2\/comments?post=11814"}],"version-history":[{"count":0,"href":"https:\/\/www.phys.uaic.ro\/index.php\/wp-json\/wp\/v2\/pages\/11814\/revisions"}],"up":[{"embeddable":true,"href":"https:\/\/www.phys.uaic.ro\/index.php\/wp-json\/wp\/v2\/pages\/158"}],"wp:attachment":[{"href":"https:\/\/www.phys.uaic.ro\/index.php\/wp-json\/wp\/v2\/media?parent=11814"}],"curies":[{"name":"wp","href":"https:\/\/api.w.org\/{rel}","templated":true}]}}