{"id":13543,"date":"2021-08-11T00:43:02","date_gmt":"2021-08-11T00:43:02","guid":{"rendered":"https:\/\/www.phys.uaic.ro\/?page_id=13543"},"modified":"2021-09-09T15:53:01","modified_gmt":"2021-09-09T15:53:01","slug":"conditii-admitere-taxe-master-septembrie-2021","status":"publish","type":"page","link":"https:\/\/www.phys.uaic.ro\/index.php\/admitere\/admitere-master\/admitere-master-septembrie-2021\/organizare-admitere-master-septembrie-2021\/conditii-admitere-taxe-master-septembrie-2021\/","title":{"rendered":"Condi\u021bii de admitere \u0219i taxe la master septembrie 2021"},"content":{"rendered":"<ul>\n<li><b>Condi\u0163iile de admitere<\/b>\n<ul style=\"list-style-type: none;\">\n<li>Pentru programele cu predare \u00een limba englez\u0103\n<ul>\n<li>Media de admitere:\n<ul style=\"list-style-type: none;\">\n<li>60% <b>Media examenului de licen\u0163\u0103<\/b>;<\/li>\n<li>40% <b>Nota la interviu<\/b>, \u00een limba de predare a programului.<\/li>\n<\/ul>\n<p>Criteriile de departajare pentru candidatii cu aceeasi medie: media anilor de studii.\n            <\/li>\n<\/ul>\n<\/li>\n<li>Pentru programele cu predare \u00een limba rom\u00e2n\u0103\n<ul>\n<li>Media de admitere:\n<ul style=\"list-style-type: none;\">\n<li>60% <b>Media examenului de licen\u0163\u0103<\/b>;<\/li>\n<li>40% <b>Nota la prezentarea CV \u015fi a scrisorii de inten\u0163ie \/ motiva\u0163ie<\/b>.<\/li>\n<\/ul>\n<p>Criteriile de departajare pentru candidatii cu aceeasi medie: media anilor de studii.\n            <\/li>\n<\/ul>\n<\/li>\n<\/ul>\n<\/li>\n<\/ul>\n<ul>\n<li><b>Tax\u0103 de \u00eenscriere<\/b>\n<ul>\n<li>150 lei \/ domeniu<\/li>\n<li><b>Plata taxei de \u00eenscriere la admitere<\/b>\n<ul>\n<li> poti pl\u0103ti taxa de admitere pe platforma <a href=\"https:\/\/plati-taxe.uaic.ro\/stud\/index.php\">plati-taxe.uaic.ro<\/a>. Te rug\u0103m s\u0103 cite\u0219ti cu aten\u021bie instruc\u021biunile.<\/li>\n<li> po\u0163i achita taxa de admitere prin ordin de plat\u0103. Mai multe detalii pentru aceasta metoda de plat\u0103 g\u0103se\u0219ti <a href=\"https:\/\/inscriere.uaic.ro\/SitePages\/Banca.aspx\">aici (https:\/\/inscriere.uaic.ro\/SitePages\/Banca.aspx)<\/a>. Dovada pl\u0103\u0163ii (o copie a ordinului de plata) o anexezi dosarului de candidatur\u0103. <span style=\"color: red;\">Este foarte important ca plata s\u0103 fie f\u0103cut\u0103 cu numele candidatului<\/span>, altfel, chitan\u0163a nu va putea fi luat\u0103 \u00een considerare.<\/li>\n<li> pentru unele facult\u0103\u021bi, po\u0163i achita taxa de admitere \u0219i la casierii (vezi <a href=\"https:\/\/admitere.uaic.ro\/sali-inscrieri-si-confirmari\/\">AICI: https:\/\/admitere.uaic.ro\/sali-inscrieri-si-confirmari\/)<\/a>.<\/li>\n<\/ul>\n<\/li>\n<\/ul>\n<\/li>\n<\/ul>\n<ul>\n<li><b>Tax\u0103 de \u015fcolarizare<\/b> pentru anul I, an universitar 2021 \u2013 2022:\n<ul>\n<li>3.000 lei<\/li>\n<\/ul>\n<\/li>\n<\/ul>\n","protected":false},"excerpt":{"rendered":"<p>Condi\u0163iile de admitere Pentru programele cu predare \u00een limba englez\u0103 Media de admitere: 60% Media examenului de licen\u0163\u0103; 40% Nota la interviu, \u00een limba de predare a programului. Criteriile de departajare pentru candidatii cu aceeasi medie: media anilor de studii. Pentru programele cu predare \u00een limba rom\u00e2n\u0103 Media de admitere: 60% Media examenului de licen\u0163\u0103; 40% Nota la\u2026 <span class=\"read-more\"><a href=\"https:\/\/www.phys.uaic.ro\/index.php\/admitere\/admitere-master\/admitere-master-septembrie-2021\/organizare-admitere-master-septembrie-2021\/conditii-admitere-taxe-master-septembrie-2021\/\">Read More &raquo;<\/a><\/span><\/p>\n","protected":false},"author":3,"featured_media":0,"parent":13537,"menu_order":0,"comment_status":"closed","ping_status":"closed","template":"","meta":{"footnotes":""},"class_list":["post-13543","page","type-page","status-publish","hentry"],"_links":{"self":[{"href":"https:\/\/www.phys.uaic.ro\/index.php\/wp-json\/wp\/v2\/pages\/13543","targetHints":{"allow":["GET"]}}],"collection":[{"href":"https:\/\/www.phys.uaic.ro\/index.php\/wp-json\/wp\/v2\/pages"}],"about":[{"href":"https:\/\/www.phys.uaic.ro\/index.php\/wp-json\/wp\/v2\/types\/page"}],"author":[{"embeddable":true,"href":"https:\/\/www.phys.uaic.ro\/index.php\/wp-json\/wp\/v2\/users\/3"}],"replies":[{"embeddable":true,"href":"https:\/\/www.phys.uaic.ro\/index.php\/wp-json\/wp\/v2\/comments?post=13543"}],"version-history":[{"count":0,"href":"https:\/\/www.phys.uaic.ro\/index.php\/wp-json\/wp\/v2\/pages\/13543\/revisions"}],"up":[{"embeddable":true,"href":"https:\/\/www.phys.uaic.ro\/index.php\/wp-json\/wp\/v2\/pages\/13537"}],"wp:attachment":[{"href":"https:\/\/www.phys.uaic.ro\/index.php\/wp-json\/wp\/v2\/media?parent=13543"}],"curies":[{"name":"wp","href":"https:\/\/api.w.org\/{rel}","templated":true}]}}