{"id":13716,"date":"2021-09-02T13:23:21","date_gmt":"2021-09-02T13:23:21","guid":{"rendered":"https:\/\/www.phys.uaic.ro\/?page_id=13716"},"modified":"2024-10-25T11:54:22","modified_gmt":"2024-10-25T08:54:22","slug":"turcan-ina-doctorat","status":"publish","type":"page","link":"https:\/\/www.phys.uaic.ro\/index.php\/scoala-doctorala\/sustineri-teze-doctorat\/turcan-ina-doctorat\/","title":{"rendered":"Sus\u021binerea tezei de doctorat a drd. \u021aurcan Ina pe 27.09.2021"},"content":{"rendered":"<p>La data de 27.09.2021, ora 11:00, dna \u021aURCAN INA va sus\u0163ine, \u00een \u015fedin\u0163\u0103 public\u0103 online, pe platforma Zoom Cloud Meetings teza de doctorat cu titlul<\/p>\n<p><b>CERAMICI COMPOZITE CU PROPRIET\u0102\u0162I MULTIFUNC\u0162IONALE<\/b><\/p>\n<p>\u00een vederea ob\u0163inerii titlului \u015ftiin\u0163ific de doctor \u00een domeniul FIZIC\u0102.<\/p>\n<p>CV \u021aurcan Ina<\/p>\n<p>Comisia de doctorat are urm\u0103toarea componen\u0163\u0103:<\/p>\n<ul>\n<li><b>Pre\u015fedinte<\/b>:\n<ul>\n<li>Prof. univ. Dr. Diana Mihaela Mardare, Universitatea Alexandru Ioan Cuza din Ia\u0219i, Rom\u00e2nia [ <a href=\"https:\/\/www.phys.uaic.ro\/wp-content\/uploads\/2024\/10\/CV-2024-MARDARE-D.-rom.pdf\" target=\"_blank\" rel=\"noopener\">CV<\/a> ]<\/li>\n<\/ul>\n<\/li>\n<\/ul>\n<ul>\n<li><b>Conduc\u0103tor \u015ftiin\u0163ific<\/b>:\n<ul>\n<li>Prof. univ. Dr. Liliana Mito\u0219eriu, Universitatea Alexandru Ioan Cuza din Ia\u0219i, Rom\u00e2nia [ <a href=\"https:\/\/www.phys.uaic.ro\/wp-content\/uploads\/2024\/10\/CV_Liliana_Mitoseriu_RO_2024.pdf\" target=\"_blank\" rel=\"noopener\">CV<\/a> ]<\/li>\n<\/ul>\n<\/li>\n<\/ul>\n<p>.<\/p>\n<ul>\n<li><b>Referen\u0163i<\/b>:\n<ul>\n<li>Prof. univ. Dr. Dan Ricinschi, Tokyo Institute of Technology &amp; University of Tokyo, Japonia [ CV ]<\/li>\n<li>Prof. univ. Dr. habil. Mihai Cerchez, Heinrich Heine University, D\u00fcsseldorf, Germania [ CV ]<\/li>\n<li>Prof. univ. Dr. habil. Marius Andrei Olariu, Universitatea Tehnic\u0103 Gheorghe Asachi, Ia\u0219i, Rom\u00e2nia [ CV ]<\/li>\n<\/ul>\n<\/li>\n<\/ul>\n<p>Persoanele care doresc s\u0103 vizioneze sus\u021binerea trebuie s\u0103 se conecteze la platforma Zoom folosind link-ul:<\/p>\n<p>https:\/\/us06web.zoom.us\/j\/88469633617?pwd=OUVxbzFnSXIrejloZmt3djUvQTF4dz09<\/p>\n<p>\u0219i<\/p>\n<ul>\n<li>Meeting ID: 884 6963 3617<\/li>\n<li>Passcode: Df7312<\/li>\n<\/ul>\n<p>\u00cent\u00e2lnirea este programat\u0103 s\u0103 \u00eenceap\u0103 la 11:00.<\/p>\n<p><b><span style=\"color: #ff0000;\">Aten\u021bie! \u00cent\u00e2lnirea este \u00eenregistrat\u0103 audio-video, autentificarea dumneavoastr\u0103 se consider\u0103 acordul pentru \u00eenregistrare.<\/span><\/b><\/p>\n<p>Teza poate fi consultat\u0103 la Biblioteca Facult\u0103\u0163ii de Fizic\u0103.<\/p>\n<ul>\n<li>Rezumatul tezei de doctorat<\/li>\n<\/ul>\n","protected":false},"excerpt":{"rendered":"<p>La data de 27.09.2021, ora 11:00, dna \u021aURCAN INA va sus\u0163ine, \u00een \u015fedin\u0163\u0103 public\u0103 online, pe platforma Zoom Cloud Meetings teza de doctorat cu titlul CERAMICI COMPOZITE CU PROPRIET\u0102\u0162I MULTIFUNC\u0162IONALE \u00een vederea ob\u0163inerii titlului \u015ftiin\u0163ific de doctor \u00een domeniul FIZIC\u0102. CV \u021aurcan Ina Comisia de doctorat are urm\u0103toarea componen\u0163\u0103: Pre\u015fedinte: Prof. univ. Dr. Diana Mihaela Mardare, Universitatea Alexandru\u2026 <span class=\"read-more\"><a href=\"https:\/\/www.phys.uaic.ro\/index.php\/scoala-doctorala\/sustineri-teze-doctorat\/turcan-ina-doctorat\/\">Read More &raquo;<\/a><\/span><\/p>\n","protected":false},"author":3,"featured_media":0,"parent":158,"menu_order":0,"comment_status":"closed","ping_status":"closed","template":"","meta":{"footnotes":""},"class_list":["post-13716","page","type-page","status-publish","hentry"],"_links":{"self":[{"href":"https:\/\/www.phys.uaic.ro\/index.php\/wp-json\/wp\/v2\/pages\/13716","targetHints":{"allow":["GET"]}}],"collection":[{"href":"https:\/\/www.phys.uaic.ro\/index.php\/wp-json\/wp\/v2\/pages"}],"about":[{"href":"https:\/\/www.phys.uaic.ro\/index.php\/wp-json\/wp\/v2\/types\/page"}],"author":[{"embeddable":true,"href":"https:\/\/www.phys.uaic.ro\/index.php\/wp-json\/wp\/v2\/users\/3"}],"replies":[{"embeddable":true,"href":"https:\/\/www.phys.uaic.ro\/index.php\/wp-json\/wp\/v2\/comments?post=13716"}],"version-history":[{"count":0,"href":"https:\/\/www.phys.uaic.ro\/index.php\/wp-json\/wp\/v2\/pages\/13716\/revisions"}],"up":[{"embeddable":true,"href":"https:\/\/www.phys.uaic.ro\/index.php\/wp-json\/wp\/v2\/pages\/158"}],"wp:attachment":[{"href":"https:\/\/www.phys.uaic.ro\/index.php\/wp-json\/wp\/v2\/media?parent=13716"}],"curies":[{"name":"wp","href":"https:\/\/api.w.org\/{rel}","templated":true}]}}