{"id":14292,"date":"2021-10-13T13:11:27","date_gmt":"2021-10-13T13:11:27","guid":{"rendered":"https:\/\/www.phys.uaic.ro\/?page_id=14292"},"modified":"2021-12-18T14:20:12","modified_gmt":"2021-12-18T14:20:12","slug":"claudiu-costin-abilitare","status":"publish","type":"page","link":"https:\/\/www.phys.uaic.ro\/index.php\/scoala-doctorala\/sustineri-teze-abilitare\/claudiu-costin-abilitare\/","title":{"rendered":"Sus\u021binerea tezei de abilitare a domnului Conf. Dr. Claudiu COSTIN"},"content":{"rendered":"<p>Sune\u021bi invita\u021bi s\u0103 participa\u021bi la sus\u021binerea public\u0103 a tezei de abilitare<\/p>\n<p><b>Diagnoza plasmelor magnetizate prin metode experimentale si numerice<\/b><\/p>\n<p>elaborata de domnul Conf. Dr. Claudiu COSTIN, Universitatea Alexandru Ioan Cuza din Ia\u0219i. Prezentarea tezei va avea loc \u00een data de 15.12.2021, de la ora 2:00 PM, pe platforma Cisco Webex.<\/p>\n<p><a href=\"http:\/\/www.phys.uaic.ro\/wp\/scoala-doctorala\/sustineri-teze-abilitare\/claudiu-costin\/claudiu-costin-cv-ro.pdf\"><b>CV Claudiu COSTIN<\/b><\/a> <img decoding=\"async\" style=\"vertical-align: top; width: 20px; height: 20px;\" src=\"http:\/\/www.phys.uaic.ro\/wp\/imagini\/pdf-icon.png\" alt=\"pdf\" \/><\/p>\n<p><a href=\"http:\/\/www.phys.uaic.ro\/wp\/scoala-doctorala\/sustineri-teze-abilitare\/claudiu-costin\/claudiu-costin-rezumat-teza-abilitare.pdf\"><b>Rezumatul tezei de abilitare<\/b><\/a> <img decoding=\"async\" style=\"vertical-align: top; width: 20px; height: 20px;\" src=\"http:\/\/www.phys.uaic.ro\/wp\/imagini\/pdf-icon.png\" alt=\"pdf\" \/><\/p>\n<p><a href=\"http:\/\/www.phys.uaic.ro\/wp\/scoala-doctorala\/sustineri-teze-abilitare\/claudiu-costin\/claudiu-costin-summary-habilitation-thesis.pdf\"><b>Summary of Habilitation Thesis<\/b><\/a> <img decoding=\"async\" style=\"vertical-align: top; width: 20px; height: 20px;\" src=\"http:\/\/www.phys.uaic.ro\/wp\/imagini\/pdf-icon.png\" alt=\"pdf\" \/><\/p>\n<p><a href=\"http:\/\/www.phys.uaic.ro\/wp\/scoala-doctorala\/sustineri-teze-abilitare\/claudiu-costin\/claudiu-costin-lista-lucrari.pdf\"><b>Lista de lucr\u0103ri<\/b><\/a> <img decoding=\"async\" style=\"vertical-align: top; width: 20px; height: 20px;\" src=\"http:\/\/www.phys.uaic.ro\/wp\/imagini\/pdf-icon.png\" alt=\"pdf\" \/><\/p>\n<p><a href=\"http:\/\/www.phys.uaic.ro\/wp\/scoala-doctorala\/sustineri-teze-abilitare\/claudiu-costin\/claudiu-costin-fisa-standarde-minimale.pdf\"><b>Fi\u0219a de \u00eendeplinire a standardelor minimale CNATDCU<\/b><\/a> <img decoding=\"async\" style=\"vertical-align: top; width: 20px; height: 20px;\" src=\"http:\/\/www.phys.uaic.ro\/wp\/imagini\/pdf-icon.png\" alt=\"pdf\" \/><\/p>\n<p><a href=\"http:\/\/www.phys.uaic.ro\/wp\/scoala-doctorala\/sustineri-teze-abilitare\/claudiu-costin\/claudiu-costin-componenta-comisie-abilitare.pdf\"><b>Componen\u021ba comisiei de abilitare<\/b><\/a> <img decoding=\"async\" style=\"vertical-align: top; width: 20px; height: 20px;\" src=\"http:\/\/www.phys.uaic.ro\/wp\/imagini\/pdf-icon.png\" alt=\"pdf\" \/>:<\/p>\n<ul>\n<li>C.S.I dr. Gheorghe Dinescu, Institutul National de Cercetare-Dezvoltare pentru Fizica Laserilor, Plasmei si Radiatiei, Magurele, Bucuresti<\/li>\n<li>Prof. univ. dr. habil. Gabi Daniel Stancu, CentraleSupelec, Universitatea Paris-Saclay, Franta<\/li>\n<li>Conf. univ. dr. habil. Ionut Topala, Univesitatea Alexandru Ioan Cuza din Iasi<\/li>\n<p><!--\n\n<li>Prof. univ. dr. habil. Cristina Stan, Universitatea Politehnica din Bucuresti - membru supleant.<\/li>\n\n--><br \/>\n<!--\n\n<li>C.S.I dr. habil. Daniel Ursescu, Institutul National de Cercetare-Dezvoltare pentru Fizica si Ingineria Nucleara - Horia Hulubei (IFIN-HH), Magurele, Bucuresti - membru supleant.<\/li>\n\n-->\n<\/ul>\n<p>Persoanele care doresc s\u0103 vizioneze sus\u021binerea trebuie s\u0103 acceseze link-ul Webex:<\/p>\n<p><a href=\"https:\/\/uaic.webex.com\/uaic\/j.php?MTID=m32563e9b9e7799c0ac2ab9c414c004f5\">https:\/\/uaic.webex.com\/uaic\/j.php?MTID=m32563e9b9e7799c0ac2ab9c414c004f5<\/a><\/p>\n<ul style=\"list-style-type: none;\">\n<li><b>Meeting number (access code): 2732 658 1754<\/b><\/li>\n<li><b>Meeting password: JqgmcEFw874<\/b><\/li>\n<\/ul>\n<p><!--\n\n<ul>\n \t\n\n<li><a href=\"https:\/\/catalinagheorghiesei.my.webex.com\/webappng\/sites\/catalinagheorghiesei.my\/meeting\/download\/7292646294e64b2ba8faea2a40c66826?siteurl=catalinagheorghiesei.my&amp;MTID=mef53254330039d1625ef503b3687626a\"><strong>Webex Meeting - conectare direct\u0103 din browser<\/strong><\/a><\/li>\n\n\n \t\n\n<li>\n\n\n<div>pentru conectarea direct\u0103 din aplica\u021bie pute\u021bi utiliza urm\u0103toarele date de \u00eenregistrare\n<strong>Meeting number: 163 745 2358, Password: Kc2jN5UBdW6 (52256582 from phones and video systems)\n<\/strong>\u00eent\u00e2lnirea este programat\u0103 s\u0103 \u00eenceap\u0103 la 10:50.<\/div>\n\n<\/li>\n\n\n<\/ul>\n\n--><\/p>\n<p><b><span style=\"color: #ff0000;\">Aten\u021bie! \u00cent\u00e2lnirea este \u00eenregistrat\u0103 audio-video, autentificarea dumneavoastr\u0103 se consider\u0103 acordul pentru \u00eenregistrare.<\/span><\/b><\/p>\n<p><a href=\"http:\/\/www.phys.uaic.ro\/wp\/scoala-doctorala\/sustineri-teze-abilitare\/claudiu-costin\/claudiu-costin-raport-comisie-abilitare.pdf\"><b>Raportul comisiei de abilitare<\/b><\/a> <img decoding=\"async\" style=\"vertical-align: top;width:20px;height:20px;\" src=\"http:\/\/www.phys.uaic.ro\/wp\/imagini\/pdf-icon.png\" alt=\"pdf\" \/><\/p>\n","protected":false},"excerpt":{"rendered":"<p>Sune\u021bi invita\u021bi s\u0103 participa\u021bi la sus\u021binerea public\u0103 a tezei de abilitare Diagnoza plasmelor magnetizate prin metode experimentale si numerice elaborata de domnul Conf. Dr. Claudiu COSTIN, Universitatea Alexandru Ioan Cuza din Ia\u0219i. Prezentarea tezei va avea loc \u00een data de 15.12.2021, de la ora 2:00 PM, pe platforma Cisco Webex. CV Claudiu COSTIN Rezumatul tezei de abilitare Summary\u2026 <span class=\"read-more\"><a href=\"https:\/\/www.phys.uaic.ro\/index.php\/scoala-doctorala\/sustineri-teze-abilitare\/claudiu-costin-abilitare\/\">Read More &raquo;<\/a><\/span><\/p>\n","protected":false},"author":3,"featured_media":0,"parent":160,"menu_order":0,"comment_status":"closed","ping_status":"closed","template":"","meta":{"footnotes":""},"class_list":["post-14292","page","type-page","status-publish","hentry"],"_links":{"self":[{"href":"https:\/\/www.phys.uaic.ro\/index.php\/wp-json\/wp\/v2\/pages\/14292","targetHints":{"allow":["GET"]}}],"collection":[{"href":"https:\/\/www.phys.uaic.ro\/index.php\/wp-json\/wp\/v2\/pages"}],"about":[{"href":"https:\/\/www.phys.uaic.ro\/index.php\/wp-json\/wp\/v2\/types\/page"}],"author":[{"embeddable":true,"href":"https:\/\/www.phys.uaic.ro\/index.php\/wp-json\/wp\/v2\/users\/3"}],"replies":[{"embeddable":true,"href":"https:\/\/www.phys.uaic.ro\/index.php\/wp-json\/wp\/v2\/comments?post=14292"}],"version-history":[{"count":0,"href":"https:\/\/www.phys.uaic.ro\/index.php\/wp-json\/wp\/v2\/pages\/14292\/revisions"}],"up":[{"embeddable":true,"href":"https:\/\/www.phys.uaic.ro\/index.php\/wp-json\/wp\/v2\/pages\/160"}],"wp:attachment":[{"href":"https:\/\/www.phys.uaic.ro\/index.php\/wp-json\/wp\/v2\/media?parent=14292"}],"curies":[{"name":"wp","href":"https:\/\/api.w.org\/{rel}","templated":true}]}}