{"id":14765,"date":"2022-01-17T07:25:38","date_gmt":"2022-01-17T07:25:38","guid":{"rendered":"https:\/\/www.phys.uaic.ro\/?page_id=14765"},"modified":"2022-01-17T07:25:38","modified_gmt":"2022-01-17T07:25:38","slug":"fise-master-kinetoterapie-recuperare-medicala-an-i-20-21","status":"publish","type":"page","link":"https:\/\/www.phys.uaic.ro\/index.php\/fise-master-kinetoterapie-recuperare-medicala-an-i-20-21\/","title":{"rendered":"Fi\u0219e discipline master la specializarea Metode fizice aplicate \u00een kinetoterapie \u0219i recuperare medical\u0103 anul I"},"content":{"rendered":"<p>Semestrul I<\/p>\n<ul>\n<li>Discipline obligatorii\n<ul>\n<li><a href=\"http:\/\/www.phys.uaic.ro\/wp\/studii\/fise-discipline-master\/an-20-21\/fise-master-kinetoterapie-recuperare-medicala-an-i-20-21\/biomecanica-mfakrm-1-i-20-21.pdf\">Biomecanic\u0103<\/a> <img decoding=\"async\" style=\"vertical-align: top;width:20px;height:20px;\" src=\"http:\/\/www.phys.uaic.ro\/wp\/imagini\/pdf-icon.png\" alt=\"pdf\" \/><\/li>\n<li><a href=\"http:\/\/www.phys.uaic.ro\/wp\/studii\/fise-discipline-master\/an-20-21\/fise-master-kinetoterapie-recuperare-medicala-an-i-20-21\/notiuni-teoretice-pactice-kinetologie-mfakrm-1-i-20-21.pdf\">No\u021biuni teoretice \u0219i practice de kinetologie<\/a> <img decoding=\"async\" style=\"vertical-align: top;width:20px;height:20px;\" src=\"http:\/\/www.phys.uaic.ro\/wp\/imagini\/pdf-icon.png\" alt=\"pdf\" \/><\/li>\n<li><a href=\"http:\/\/www.phys.uaic.ro\/wp\/studii\/fise-discipline-master\/an-20-21\/fise-master-kinetoterapie-recuperare-medicala-an-i-20-21\/elemente-fiziopatologie-mfakrm-1-i-20-21.pdf\">Elemente de fiziopatologie<\/a> <img decoding=\"async\" style=\"vertical-align: top;width:20px;height:20px;\" src=\"http:\/\/www.phys.uaic.ro\/wp\/imagini\/pdf-icon.png\" alt=\"pdf\" \/><\/li>\n<li><a href=\"http:\/\/www.phys.uaic.ro\/wp\/studii\/fise-discipline-master\/an-20-21\/fise-master-kinetoterapie-recuperare-medicala-an-i-20-21\/electroterapie-fototerapie-mfakrm-1-i-20-21.pdf\">Electroterapie \u0219i fototerapie<\/a> <img decoding=\"async\" style=\"vertical-align: top;width:20px;height:20px;\" src=\"http:\/\/www.phys.uaic.ro\/wp\/imagini\/pdf-icon.png\" alt=\"pdf\" \/><\/li>\n<\/ul>\n<\/li>\n<\/ul>\n<p>Semestrul al II-lea<\/p>\n<ul>\n<li>Discipline obligatorii\n<ul>\n<li><a href=\"http:\/\/www.phys.uaic.ro\/wp\/studii\/fise-discipline-master\/an-20-21\/fise-master-kinetoterapie-recuperare-medicala-an-i-20-21\/metode-fizice-aplicate-recuperare-afectiuni-aparat-locomotor-mfakrm-1-ii-20-21.pdf\">Metode fizice aplicate \u00een recuperarea afec\u021biunilor aparatului locomotor<\/a> <img decoding=\"async\" style=\"vertical-align: top;width:20px;height:20px;\" src=\"http:\/\/www.phys.uaic.ro\/wp\/imagini\/pdf-icon.png\" alt=\"pdf\" \/><\/li>\n<li><a href=\"http:\/\/www.phys.uaic.ro\/wp\/studii\/fise-discipline-master\/an-20-21\/fise-master-kinetoterapie-recuperare-medicala-an-i-20-21\/elemente-imagistica-medicala-mfakrm-1-ii-20-21.pdf\">Elemente de imagistic\u0103 medical\u0103<\/a> <img decoding=\"async\" style=\"vertical-align: top;width:20px;height:20px;\" src=\"http:\/\/www.phys.uaic.ro\/wp\/imagini\/pdf-icon.png\" alt=\"pdf\" \/><\/li>\n<li><a href=\"http:\/\/www.phys.uaic.ro\/wp\/studii\/fise-discipline-master\/an-20-21\/fise-master-kinetoterapie-recuperare-medicala-an-i-20-21\/metode-actuale-tratament-terapie-durere-mfakrm-1-ii-20-21.pdf\">Metode actuale de tratament \u00een terapia durerii<\/a> <img decoding=\"async\" style=\"vertical-align: top;width:20px;height:20px;\" src=\"http:\/\/www.phys.uaic.ro\/wp\/imagini\/pdf-icon.png\" alt=\"pdf\" \/><\/li>\n<li><a href=\"http:\/\/www.phys.uaic.ro\/wp\/studii\/fise-discipline-master\/an-20-21\/fise-master-kinetoterapie-recuperare-medicala-an-i-20-21\/bioelectricitate-aplicatii-fundamentale-clinice-mfakrm-1-ii-20-21.pdf\">Bioelectricitate. Aplica\u021bii fundamentale \u0219i clinice<\/a> <img decoding=\"async\" style=\"vertical-align: top;width:20px;height:20px;\" src=\"http:\/\/www.phys.uaic.ro\/wp\/imagini\/pdf-icon.png\" alt=\"pdf\" \/><\/li>\n<\/ul>\n<\/li>\n<\/ul>\n","protected":false},"excerpt":{"rendered":"<p>Semestrul I Discipline obligatorii Biomecanic\u0103 No\u021biuni teoretice \u0219i practice de kinetologie Elemente de fiziopatologie Electroterapie \u0219i fototerapie Semestrul al II-lea Discipline obligatorii Metode fizice aplicate \u00een recuperarea afec\u021biunilor aparatului locomotor Elemente de imagistic\u0103 medical\u0103 Metode actuale de tratament \u00een terapia durerii Bioelectricitate. Aplica\u021bii fundamentale \u0219i clinice<\/p>\n","protected":false},"author":3,"featured_media":0,"parent":0,"menu_order":0,"comment_status":"closed","ping_status":"closed","template":"","meta":{"footnotes":""},"class_list":["post-14765","page","type-page","status-publish","hentry"],"_links":{"self":[{"href":"https:\/\/www.phys.uaic.ro\/index.php\/wp-json\/wp\/v2\/pages\/14765","targetHints":{"allow":["GET"]}}],"collection":[{"href":"https:\/\/www.phys.uaic.ro\/index.php\/wp-json\/wp\/v2\/pages"}],"about":[{"href":"https:\/\/www.phys.uaic.ro\/index.php\/wp-json\/wp\/v2\/types\/page"}],"author":[{"embeddable":true,"href":"https:\/\/www.phys.uaic.ro\/index.php\/wp-json\/wp\/v2\/users\/3"}],"replies":[{"embeddable":true,"href":"https:\/\/www.phys.uaic.ro\/index.php\/wp-json\/wp\/v2\/comments?post=14765"}],"version-history":[{"count":0,"href":"https:\/\/www.phys.uaic.ro\/index.php\/wp-json\/wp\/v2\/pages\/14765\/revisions"}],"wp:attachment":[{"href":"https:\/\/www.phys.uaic.ro\/index.php\/wp-json\/wp\/v2\/media?parent=14765"}],"curies":[{"name":"wp","href":"https:\/\/api.w.org\/{rel}","templated":true}]}}