{"id":150,"date":"2018-02-14T12:52:21","date_gmt":"2018-02-14T12:52:21","guid":{"rendered":"http:\/\/www.phys.uaic.ro\/?page_id=150"},"modified":"2026-01-09T13:14:49","modified_gmt":"2026-01-09T11:14:49","slug":"conducatori-doctorat","status":"publish","type":"page","link":"https:\/\/www.phys.uaic.ro\/index.php\/scoala-doctorala\/conducatori-doctorat\/","title":{"rendered":"Conduc\u0103tori de doctorat"},"content":{"rendered":"<ul>\n<li style=\"list-style-type: none;\">\n<ul>\n<li style=\"list-style-type: none;\">\n<ul style=\"list-style-type: disc;\">\n<li><a href=\"https:\/\/www.phys.uaic.ro\/index.php\/organizare\/personal-didactic\/laura-marinela-ailioaie\/\" target=\"_blank\" rel=\"noopener\">Conf. Dr. habil. Laura-Marinela AILIOAIE<\/a>\n<ul>\n<li><a href=\"https:\/\/www.phys.uaic.ro\/index.php\/conf-dr-habil-laura-marinela-ailioaie-expertiza\/\" target=\"_blank\" rel=\"noopener\">Domenii de expertiz\u0103<\/a><\/li>\n<li><a href=\"https:\/\/www.phys.uaic.ro\/index.php\/conf-dr-habil-laura-marinela-ailioaie-admitere-doctorat\/\" target=\"_blank\" rel=\"noopener\">Tematica admiterii la doctorat<\/a><\/li>\n<\/ul>\n<\/li>\n<li><a href=\"https:\/\/www.phys.uaic.ro\/index.php\/organizare\/personal-didactic\/iordana-astefanoaei\/\" target=\"_blank\" rel=\"noopener\">Conf. Dr. habil. Iordana A\u0218TEF\u0102NOAEI<\/a>\n<ul>\n<li><a href=\"https:\/\/www.phys.uaic.ro\/index.php\/conf-dr-habil-iordana-astefanoaei-expertiza\/\" target=\"_blank\" rel=\"noopener\">Domenii de expertiz\u0103<\/a><\/li>\n<li><a href=\"https:\/\/www.phys.uaic.ro\/index.php\/conf-dr-habil-iordana-astefanoaei-admitere-doctorat\/\" target=\"_blank\" rel=\"noopener\">Tematica admiterii la doctorat<\/a><\/li>\n<\/ul>\n<\/li>\n<li><a href=\"https:\/\/www.phys.uaic.ro\/index.php\/organizare\/personal-didactic\/gabriela-borcia\">Prof. Dr. habil. Gabriela BORCIA<\/a>\n<ul style=\"list-style-type: square;\">\n<li><a href=\"https:\/\/www.phys.uaic.ro\/index.php\/scoala-doctorala\/conducatori-doctorat\/gabriela-borcia-expertiza\">Domenii de expertiz\u0103<\/a><\/li>\n<li><a href=\"https:\/\/www.phys.uaic.ro\/index.php\/scoala-doctorala\/conducatori-doctorat\/gabriela-borcia-admitere\">Tematica admiterii la doctorat<\/a><\/li>\n<\/ul>\n<\/li>\n<li><a href=\"https:\/\/www.phys.uaic.ro\/index.php\/organizare\/personal-didactic\/silvia-alina-chiper\/\" target=\"_blank\" rel=\"noopener\">Conf. Dr. habil. Alina-Silvia CHIPER<\/a>\n<ul>\n<li><a href=\"https:\/\/www.phys.uaic.ro\/index.php\/conf-dr-habil-alina-silvia-chiper-expertiza\/\" target=\"_blank\" rel=\"noopener\">Domenii de expertiz\u0103<\/a><\/li>\n<li><a href=\"https:\/\/www.phys.uaic.ro\/index.php\/conf-dr-habil-alina-silvia-chiper-admitere-doctorat\/\" target=\"_blank\" rel=\"noopener\">Tematica admiterii la doctorat<\/a><\/li>\n<\/ul>\n<\/li>\n<li><a href=\"https:\/\/www.phys.uaic.ro\/index.php\/organizare\/personal-didactic\/claudiu-costin\" target=\"_blank\" rel=\"noopener\">Prof. Dr. habil. Claudiu COSTIN<\/a>\n<ul>\n<li><a href=\"https:\/\/www.phys.uaic.ro\/index.php\/scoala-doctorala\/conducatori-doctorat\/conf-dr-habil-claudiu-costin-expertiza\/\" target=\"_blank\" rel=\"noopener\">Domenii de expertiz\u0103<\/a><\/li>\n<li><a href=\"https:\/\/www.phys.uaic.ro\/index.php\/scoala-doctorala\/conducatori-doctorat\/conf-dr-habil-claudiu-costin-teme-cercetare\/\" target=\"_blank\" rel=\"noopener\">Tematica admiterii la doctorat<\/a><\/li>\n<\/ul>\n<\/li>\n<li><a href=\"https:\/\/www.phys.uaic.ro\/index.php\/prof-univ-dr-habil-emilia-dorina-creanga\/\">Prof. Dr. habil. Emilia-Dorina CREANG\u0102<\/a>\n<ul>\n<li><a href=\"https:\/\/www.phys.uaic.ro\/index.php\/scoala-doctorala\/conducatori-doctorat\/emilia-dorina-creanga-expertiza\">Domenii de expertiz\u0103<\/a><\/li>\n<li><a href=\"https:\/\/www.phys.uaic.ro\/index.php\/scoala-doctorala\/conducatori-doctorat\/emilia-dorina-creanga-admitere\">Tematica admiterii la doctorat<\/a><\/li>\n<\/ul>\n<\/li>\n<li><a href=\"https:\/\/www.phys.uaic.ro\/index.php\/organizare\/personal-didactic\/lavinia-petronela-curecheriu\">Conf. Dr. habil. Lavinia-Petronela CURECHERIU<\/a>\n<ul>\n<li><a href=\"https:\/\/www.phys.uaic.ro\/index.php\/scoala-doctorala\/conducatori-doctorat\/lavinia-petronela-curecheriu-expertiza\">Domenii de expertiz\u0103<\/a><\/li>\n<li><a href=\"https:\/\/www.phys.uaic.ro\/index.php\/scoala-doctorala\/conducatori-doctorat\/lavinia-petronela-curecheriu-admitere\">Tematica admiterii la doctorat<\/a><\/li>\n<\/ul>\n<\/li>\n<li><a href=\"https:\/\/www.phys.uaic.ro\/index.php\/organizare\/personal-didactic\/marina-aura-dariescu\">Prof. Dr. Marina-Aura DARIESCU<\/a>\n<ul>\n<li><a href=\"https:\/\/www.phys.uaic.ro\/index.php\/scoala-doctorala\/conducatori-doctorat\/marina-aura-dariescu-expertiza\">Domenii de expertiz\u0103<\/a><\/li>\n<li><a href=\"https:\/\/www.phys.uaic.ro\/index.php\/scoala-doctorala\/conducatori-doctorat\/marina-aura-dariescu-admitere\">Tematica admiterii la doctorat<\/a><\/li>\n<\/ul>\n<\/li>\n<li><a href=\"https:\/\/www.phys.uaic.ro\/index.php\/organizare\/personal-didactic\/dan-gheorghe-dimitriu\">Prof. Dr. habil. Dan-Gheorghe DIMITRIU<\/a>\n<ul>\n<li><a href=\"https:\/\/www.phys.uaic.ro\/index.php\/scoala-doctorala\/conducatori-doctorat\/dan-gheorghe-dimitriu-expertiza\">Domenii de expertiz\u0103<\/a><\/li>\n<li><a href=\"https:\/\/www.phys.uaic.ro\/index.php\/scoala-doctorala\/conducatori-doctorat\/dan-gheorghe-dimitriu-admitere\">Tematica admiterii la doctorat<\/a><\/li>\n<\/ul>\n<\/li>\n<li><a href=\"https:\/\/www.phys.uaic.ro\/index.php\/organizare\/personal-didactic\/silviu-octavian-gurlui\">Prof. Dr. habil. Silviu-Octavian GURLUI<\/a>\n<ul>\n<li><a href=\"https:\/\/www.phys.uaic.ro\/index.php\/scoala-doctorala\/conducatori-doctorat\/silviu-octavian-gurlui-expertiza\">Domenii de expertiz\u0103<\/a><\/li>\n<li><a href=\"https:\/\/www.phys.uaic.ro\/index.php\/scoala-doctorala\/conducatori-doctorat\/silviu-octavian-gurlui-admitere\">Tematica admiterii la doctorat<\/a><\/li>\n<\/ul>\n<\/li>\n<li><a href=\"https:\/\/www.phys.uaic.ro\/index.php\/prof-phd-dacia-felicia-iacomi\/\">Prof. Dr. Dacia Felicia IACOMI<\/a>\n<ul>\n<li><a href=\"https:\/\/www.phys.uaic.ro\/index.php\/scoala-doctorala\/conducatori-doctorat\/dacia-felicia-iacomi-expertiza\">Domenii de expertiz\u0103<\/a><\/li>\n<\/ul>\n<\/li>\n<li><a href=\"https:\/\/www.phys.uaic.ro\/index.php\/organizare\/personal-didactic\/liviu-leontie\">Prof. Dr. habil. Liviu LEONTIE<\/a>\n<ul>\n<li><a href=\"https:\/\/www.phys.uaic.ro\/index.php\/scoala-doctorala\/conducatori-doctorat\/liviu-leontie-expertiza\">Domenii de expertiz\u0103<\/a><\/li>\n<li><a href=\"https:\/\/www.phys.uaic.ro\/index.php\/scoala-doctorala\/conducatori-doctorat\/liviu-leontie-admitere\">Tematica admiterii la doctorat<\/a><\/li>\n<\/ul>\n<\/li>\n<li><a href=\"https:\/\/www.phys.uaic.ro\/index.php\/organizare\/personal-didactic\/tudor-luchian\/\" target=\"_blank\" rel=\"noopener\">Prof. Dr. Tudor LUCHIAN<\/a>\n<ul>\n<li><a href=\"https:\/\/www.phys.uaic.ro\/index.php\/scoala-doctorala\/conducatori-doctorat\/tudor-luchian-expertiza\">Domenii de expertiz\u0103<\/a><\/li>\n<li><a href=\"https:\/\/www.phys.uaic.ro\/index.php\/scoala-doctorala\/conducatori-doctorat\/tudor-luchian-admitere\">Tematica admiterii la doctorat<\/a><\/li>\n<\/ul>\n<\/li>\n<li><a href=\"https:\/\/www.phys.uaic.ro\/index.php\/organizare\/personal-didactic\/diana-mihaela-mardare\" target=\"_blank\" rel=\"noopener\">Prof. Dr. Diana-Mihaela MARDARE<\/a>\n<ul>\n<li><a href=\"https:\/\/www.phys.uaic.ro\/index.php\/scoala-doctorala\/conducatori-doctorat\/diana-mihaela-mardare-expertiza\">Domenii de expertiz\u0103<\/a><\/li>\n<li><a href=\"https:\/\/www.phys.uaic.ro\/index.php\/scoala-doctorala\/conducatori-doctorat\/diana-mihaela-mardare-admitere\">Tematica admiterii la doctorat<\/a><\/li>\n<\/ul>\n<\/li>\n<li><a href=\"https:\/\/www.phys.uaic.ro\/index.php\/organizare\/personal-didactic\/loredana-cristina-mereuta\/\" target=\"_blank\" rel=\"noopener\">Prof. Dr. habil. Loredana-Cristina MEREU\u021a\u0102<\/a>\n<ul>\n<li><a href=\"https:\/\/www.phys.uaic.ro\/index.php\/conf-univ-dr-habil-loredana-cristina-mereuta-expertiza\/\">Domenii de expertiz\u0103<\/a><\/li>\n<li><a href=\"https:\/\/www.phys.uaic.ro\/index.php\/conf-univ-dr-habil-loredana-cristina-mereuta-admitere-doctorat\/\">Tematica admiterii la doctorat<\/a><\/li>\n<\/ul>\n<\/li>\n<li><a href=\"https:\/\/www.phys.uaic.ro\/index.php\/organizare\/personal-didactic\/liliana-mitoseriu\">Prof. Dr. Liliana MITO\u0218ERIU<\/a>\n<ul>\n<li><a href=\"https:\/\/www.phys.uaic.ro\/index.php\/scoala-doctorala\/conducatori-doctorat\/liliana-mitoseriu-expertiza\">Domenii de expertiz\u0103<\/a><\/li>\n<li><a href=\"https:\/\/www.phys.uaic.ro\/index.php\/scoala-doctorala\/conducatori-doctorat\/liliana-mitoseriu-admitere\">Tematica admiterii la doctorat<\/a><\/li>\n<\/ul>\n<\/li>\n<li><a href=\"https:\/\/www.phys.uaic.ro\/index.php\/organizare\/personal-didactic\/lucel-sirghi\">Prof. Dr. habil. Lucel S\u00ceRGHI<\/a>\n<ul>\n<li><a href=\"https:\/\/www.phys.uaic.ro\/index.php\/scoala-doctorala\/conducatori-doctorat\/lucel-sirghi-expertiza\">Domenii de expertiz\u0103<\/a><\/li>\n<li><a href=\"https:\/\/www.phys.uaic.ro\/index.php\/scoala-doctorala\/conducatori-doctorat\/lucel-sirghi-admitere\">Tematica admiterii la doctorat<\/a><\/li>\n<\/ul>\n<\/li>\n<li><a href=\"https:\/\/www.phys.uaic.ro\/index.php\/organizare\/personal-didactic\/alexandru-stancu\">Prof. Dr. Alexandru STANCU<\/a>\n<ul>\n<li><a href=\"https:\/\/www.phys.uaic.ro\/index.php\/scoala-doctorala\/conducatori-doctorat\/alexandru-stancu-expertiza\">Domenii de expertiz\u0103<\/a><\/li>\n<li><a href=\"https:\/\/www.phys.uaic.ro\/index.php\/scoala-doctorala\/conducatori-doctorat\/alexandru-stancu-admitere\">Tematica admiterii la doctorat<\/a><\/li>\n<\/ul>\n<\/li>\n<li><a href=\"https:\/\/www.phys.uaic.ro\/index.php\/organizare\/personal-didactic\/laurentiu-stoleriu\">Prof. Dr. habil. Lauren\u021biu STOLERIU<\/a>\n<ul>\n<li><a href=\"https:\/\/www.phys.uaic.ro\/index.php\/scoala-doctorala\/conducatori-doctorat\/laurentiu-stoleriu-expertiza\">Domenii de expertiz\u0103<\/a><\/li>\n<li><a href=\"https:\/\/www.phys.uaic.ro\/index.php\/scoala-doctorala\/conducatori-doctorat\/laurentiu-stoleriu-admitere\">Tematica admiterii la doctorat<\/a><\/li>\n<\/ul>\n<\/li>\n<li><a href=\"https:\/\/www.phys.uaic.ro\/index.php\/organizare\/personal-didactic\/radu-andrei-tanasa\/\" target=\"_blank\" rel=\"noopener\">Conf. Dr. habil. Radu-Andrei TANAS\u0102<\/a>\n<ul>\n<li><a href=\"https:\/\/www.phys.uaic.ro\/index.php\/conf-dr-habil-radu-tanasa-expertiza\/\" target=\"_blank\" rel=\"noopener\">Domenii de expertiz\u0103<\/a><\/li>\n<li><a href=\"https:\/\/www.phys.uaic.ro\/index.php\/conf-dr-habil-radu-tanasa-admitere-doctorat\/\" target=\"_blank\" rel=\"noopener\">Tematica admiterii la doctorat<\/a><\/li>\n<\/ul>\n<\/li>\n<li><a href=\"https:\/\/www.phys.uaic.ro\/index.php\/organizare\/personal-didactic\/ionut-cristian-topala\">Prof. Dr. habil. Ionu\u021b-Cristian TOPAL\u0102<\/a>\n<ul>\n<li><a href=\"https:\/\/www.phys.uaic.ro\/index.php\/scoala-doctorala\/conducatori-doctorat\/ionut-cristian-topala-expertiza\">Domenii de expertiz\u0103<\/a><\/li>\n<li><a href=\"https:\/\/www.phys.uaic.ro\/index.php\/scoala-doctorala\/conducatori-doctorat\/ionut-cristian-topala-admitere\">Tematica admiterii la doctorat<\/a><\/li>\n<\/ul>\n<\/li>\n<li><a href=\"https:\/\/www.phys.uaic.ro\/index.php\/cs-i-dr-habil-alina-asandei\/\" target=\"_blank\" rel=\"noopener\">CS I Dr. habil. Alina ASANDEI<\/a>\n<ul>\n<li><a href=\"https:\/\/www.phys.uaic.ro\/index.php\/cs-ii-dr-habil-alina-asandei-domenii-de-expertiza\/\" target=\"_blank\" rel=\"noopener\">Domenii de expertiz\u0103<\/a><\/li>\n<li><a href=\"https:\/\/www.phys.uaic.ro\/index.php\/cs-ii-dr-habil-alina-asandei-tematica-admitere-doctorat\/\" target=\"_blank\" rel=\"noopener\">Tematica admiterii la doctorat<\/a><\/li>\n<\/ul>\n<\/li>\n<li><a href=\"https:\/\/www.phys.uaic.ro\/index.php\/cs-ii-dr-habil-cristina-elena-ciomaga\/\" target=\"_blank\" rel=\"noopener\">CS II Dr. habil. Cristina-Elena CIOMAGA<\/a>\n<ul>\n<li><a href=\"https:\/\/www.phys.uaic.ro\/index.php\/cs-ii-dr-habil-cristina-elena-ciomaga-domenii-de-expertiza\/\" target=\"_blank\" rel=\"noopener\">Domenii de expertiz\u0103<\/a><\/li>\n<li><a href=\"https:\/\/www.phys.uaic.ro\/index.php\/cs-ii-dr-habil-cristina-elena-ciomaga-tematica-admitere-doctorat\/\" target=\"_blank\" rel=\"noopener\">Tematica admiterii la doctorat<\/a><\/li>\n<\/ul>\n<\/li>\n<li><a href=\"https:\/\/www.phys.uaic.ro\/index.php\/cs-ii-dr-habil-sorin-tascu\/\">CS I Dr. habil. Sorin TA\u0218CU<\/a>\n<ul>\n<li><a href=\"https:\/\/www.phys.uaic.ro\/index.php\/cs-ii-dr-habil-sorin-tascu-expertiza\/\">Domenii de expertiz\u0103<\/a><\/li>\n<li><a href=\"https:\/\/www.phys.uaic.ro\/index.php\/cs-ii-dr-habil-sorin-tascu-admitere-doctorat\/\">Tematica admiterii la doctorat<\/a><\/li>\n<\/ul>\n<\/li>\n<li><a href=\"https:\/\/www.phys.uaic.ro\/index.php\/cs-i-dr-habil-vasile-tiron\/\" target=\"_blank\" rel=\"noopener\">CS I Dr. habil Vasile TIRON<\/a>\n<ul style=\"list-style-type: disc;\">\n<li><a href=\"https:\/\/www.phys.uaic.ro\/index.php\/cs-ii-dr-habil-vasile-tiron-domenii-de-expertiza\/\" target=\"_blank\" rel=\"noopener\">Domenii de expertiz\u0103<\/a><\/li>\n<li><a href=\"https:\/\/www.phys.uaic.ro\/index.php\/cs-ii-dr-habil-vasile-tiron-tematica-admitere-doctorat\/\" target=\"_blank\" rel=\"noopener\">Tematica admiterii la doctorat<\/a><\/li>\n<\/ul>\n<\/li>\n<li>Prof. Dr. Maricel AGOP &#8211; Universitatea Tehnic\u0103 &#8222;Gheorghe Asachi&#8221; din Ia\u015fi\n<ul style=\"list-style-type: circle;\">\n<li><a href=\"https:\/\/www.phys.uaic.ro\/wp-content\/uploads\/2023\/03\/CV-2021-AGOP-ro.pdf\">Curriculum vitae<\/a> (CV) [ro]<\/li>\n<li><a href=\"https:\/\/www.phys.uaic.ro\/wp-content\/uploads\/2022\/03\/CV-2021-AGOP-engl.pdf\" target=\"_blank\" rel=\"noopener\">Curriculum vitae<\/a> (CV) [en]<\/li>\n<li><a href=\"https:\/\/www.phys.uaic.ro\/index.php\/scoala-doctorala\/conducatori-doctorat\/maricel-agop-expertiza\">Domenii de expertiz\u0103<\/a><\/li>\n<li><a href=\"https:\/\/www.phys.uaic.ro\/index.php\/scoala-doctorala\/conducatori-doctorat\/maricel-agop-admitere\">Tematica admiterii la doctorat<\/a><\/li>\n<\/ul>\n<\/li>\n<\/ul>\n<\/li>\n<\/ul>\n<\/li>\n<\/ul>\n<h3>Conduc\u0103tori de doctorat care au activat \u00een cadrul \u0218colii doctorale de Fizic\u0103<\/h3>\n<ul style=\"list-style-type: disc;\">\n<li style=\"list-style-type: none;\">\n<ul>\n<li>Prof. Dr. Dumitru LUCA (<a href=\"https:\/\/www.phys.uaic.ro\/wp-content\/uploads\/2022\/03\/CV-D.-LUCA.pdf\" target=\"_blank\" rel=\"noopener\">CV <\/a>)<\/li>\n<li>Prof. Dr. Ovidiu Florin C\u0102L\u021aUN (<a href=\"https:\/\/www.phys.uaic.ro\/wp-content\/uploads\/2022\/03\/CV-Caltun-November-2018.pdf\" target=\"_blank\" rel=\"noopener\">CV<\/a>)<\/li>\n<li>Prof. Dr. Ciprian DARIESCU (<a href=\"https:\/\/www.phys.uaic.ro\/wp-content\/uploads\/2025\/12\/9.-CV_CDariescu_2024.pdf\" target=\"_blank\" rel=\"noopener\">CV<\/a>)<\/li>\n<li>Prof. Dr. Dana Ortansa DOROHOI (<a href=\"https:\/\/www.phys.uaic.ro\/wp-content\/uploads\/2022\/03\/CV-D.DOROHOI.pdf\" target=\"_blank\" rel=\"noopener\">CV<\/a>)<\/li>\n<li>Prof. Dr. Nicoleta DUMITRA\u0218CU <a href=\"https:\/\/www.phys.uaic.ro\/wp-content\/uploads\/2024\/10\/CV-N-Dumitrascu-2024-Rom.pdf\" target=\"_blank\" rel=\"noopener\">(CV)<\/a><\/li>\n<li>Prof. Dr. habil. Cristian EN\u0102CHESCU (<a href=\"https:\/\/www.phys.uaic.ro\/wp-content\/uploads\/2024\/02\/CV_Enachescu_Cristian_feb2024.pdf\" target=\"_blank\" rel=\"noopener\">CV<\/a>)<\/li>\n<li>Prof. Dr. Violeta GEORGESCU (<a href=\"https:\/\/www.phys.uaic.ro\/wp-content\/uploads\/2022\/03\/CV-V.-GEORGESCU.pdf\" target=\"_blank\" rel=\"noopener\">CV<\/a>)<\/li>\n<li>Prof. Dr. Margareta IGNAT<\/li>\n<li>Prof. Dr. Maria NEAGU (<a href=\"https:\/\/www.phys.uaic.ro\/wp-content\/uploads\/2022\/03\/CV-M-NEAGU.pdf\" target=\"_blank\" rel=\"noopener\">CV<\/a>)<\/li>\n<li>Prof. Dr. Gheorghe POPA (<a href=\"https:\/\/www.phys.uaic.ro\/wp-content\/uploads\/2022\/03\/CV-GHEORGHE-POPA_lista-lucrari.pdf\" target=\"_blank\" rel=\"noopener\">CV<\/a>)<\/li>\n<li>Prof. Dr. Gheorghe Ioan RUSU<\/li>\n<li>Prof. Dr. Dumitru SANDU<\/li>\n<li>Prof. Dr. Doc. Mircea SANDULOVICIU<\/li>\n<li>Prof. Dr. Octavian BALTAG (<a href=\"https:\/\/www.phys.uaic.ro\/wp-content\/uploads\/2022\/03\/CV-BALTAG-OCTAVIAN_lista-lucrari.pdf\" target=\"_blank\" rel=\"noopener\">CV<\/a>) &#8211; Universitatea de Medicin\u0103 \u015fi Farmacie &#8222;Grigore T. Popa&#8221; Ia\u015fi<\/li>\n<li>C.S.I Dr. Horia CHIRIAC (<a href=\"https:\/\/www.phys.uaic.ro\/wp-content\/uploads\/2022\/03\/CV-20121-Horia-Chiriac.pdf\" target=\"_blank\" rel=\"noopener\">CV<\/a>) &#8211; Institutul Na\u021bional de Cercetare-Dezvoltare pentru Fizic\u0103 Tehnic\u0103-IFT Ia\u015fi<\/li>\n<\/ul>\n<\/li>\n<\/ul>\n","protected":false},"excerpt":{"rendered":"<p>Conf. Dr. habil. Laura-Marinela AILIOAIE Domenii de expertiz\u0103 Tematica admiterii la doctorat Conf. Dr. habil. Iordana A\u0218TEF\u0102NOAEI Domenii de expertiz\u0103 Tematica admiterii la doctorat Prof. Dr. habil. Gabriela BORCIA Domenii de expertiz\u0103 Tematica admiterii la doctorat Conf. Dr. habil. Alina-Silvia CHIPER Domenii de expertiz\u0103 Tematica admiterii la doctorat Prof. Dr. habil. Claudiu COSTIN Domenii de expertiz\u0103 Tematica admiterii\u2026 <span class=\"read-more\"><a href=\"https:\/\/www.phys.uaic.ro\/index.php\/scoala-doctorala\/conducatori-doctorat\/\">Read More &raquo;<\/a><\/span><\/p>\n","protected":false},"author":3,"featured_media":0,"parent":365,"menu_order":0,"comment_status":"closed","ping_status":"closed","template":"","meta":{"footnotes":""},"class_list":["post-150","page","type-page","status-publish","hentry"],"_links":{"self":[{"href":"https:\/\/www.phys.uaic.ro\/index.php\/wp-json\/wp\/v2\/pages\/150","targetHints":{"allow":["GET"]}}],"collection":[{"href":"https:\/\/www.phys.uaic.ro\/index.php\/wp-json\/wp\/v2\/pages"}],"about":[{"href":"https:\/\/www.phys.uaic.ro\/index.php\/wp-json\/wp\/v2\/types\/page"}],"author":[{"embeddable":true,"href":"https:\/\/www.phys.uaic.ro\/index.php\/wp-json\/wp\/v2\/users\/3"}],"replies":[{"embeddable":true,"href":"https:\/\/www.phys.uaic.ro\/index.php\/wp-json\/wp\/v2\/comments?post=150"}],"version-history":[{"count":0,"href":"https:\/\/www.phys.uaic.ro\/index.php\/wp-json\/wp\/v2\/pages\/150\/revisions"}],"up":[{"embeddable":true,"href":"https:\/\/www.phys.uaic.ro\/index.php\/wp-json\/wp\/v2\/pages\/365"}],"wp:attachment":[{"href":"https:\/\/www.phys.uaic.ro\/index.php\/wp-json\/wp\/v2\/media?parent=150"}],"curies":[{"name":"wp","href":"https:\/\/api.w.org\/{rel}","templated":true}]}}