{"id":15262,"date":"2022-02-25T07:58:46","date_gmt":"2022-02-25T07:58:46","guid":{"rendered":"https:\/\/www.phys.uaic.ro\/?page_id=15262"},"modified":"2022-04-12T12:37:23","modified_gmt":"2022-04-12T09:37:23","slug":"sustinerea-tezei-de-abilitare-a-doameni-c-sii-dr-sorin-tascu","status":"publish","type":"page","link":"https:\/\/www.phys.uaic.ro\/index.php\/sustinerea-tezei-de-abilitare-a-doameni-c-sii-dr-sorin-tascu\/","title":{"rendered":"Sus\u021binerea tezei de abilitare a domnului C.S.II dr. Sorin TA\u0218CU"},"content":{"rendered":"<p>Sunte\u021bi invita\u021bi s\u0103 participa\u021bi la sus\u021binerea public\u0103 a tezei de abilitare<\/p>\n<p><span style=\"color: #ff0000;\"><em><span style=\"font-size: 14pt;\"><b>Dezvoltarea de dispozitive optice neliniare integrate pentru comunica\u021bii cuantice<\/b><\/span><\/em><\/span><\/p>\n<p>elaborat\u0103 de domnul C.S.II dr. Sorin TA\u0218CU, Universitatea &#8222;Alexandru Ioan Cuza&#8221; din Ia\u0219i. Prezentarea tezei va avea loc \u00een data de 11.04.2022, sala PDF, de la ora 12.<\/p>\n<p><a href=\"https:\/\/www.phys.uaic.ro\/wp-content\/uploads\/2022\/02\/4.-Curriculum-Vitae-_Tascu-Sorin.pdf\"><b>CV Sorin TA\u0218CU<\/b><\/a> <img decoding=\"async\" class=\"\" style=\"vertical-align: top; width: 20px; height: 20px;\" src=\"http:\/\/www.phys.uaic.ro\/wp\/imagini\/pdf-icon.png\" alt=\"pdf\" \/><br \/>\n<a href=\"https:\/\/www.phys.uaic.ro\/wp-content\/uploads\/2022\/02\/Rezumat-teza-abilitare-romana_Tascu-Sorin.pdf\"><b>Rezumatul tezei de <\/b><b>abilitare<\/b><\/a> <img decoding=\"async\" style=\"vertical-align: top; width: 20px; height: 20px;\" src=\"http:\/\/www.phys.uaic.ro\/wp\/imagini\/pdf-icon.png\" alt=\"pdf\" \/><br \/>\n<a href=\"https:\/\/www.phys.uaic.ro\/wp-content\/uploads\/2022\/02\/Rezumat-teza-abilitare-engleza_Tascu-Sorin.pdf\"><b>Summary of Habilitation Thesis<\/b><\/a> <img decoding=\"async\" style=\"vertical-align: top; width: 20px; height: 20px;\" src=\"http:\/\/www.phys.uaic.ro\/wp\/imagini\/pdf-icon.png\" alt=\"pdf\" \/><br \/>\n<a href=\"https:\/\/www.phys.uaic.ro\/wp-content\/uploads\/2022\/02\/5.-Lista-de-Lucrari_Tascu-Sorin.pdf\"><b>Lista de lucr\u0103ri<\/b><\/a> <img decoding=\"async\" style=\"vertical-align: top; width: 20px; height: 20px;\" src=\"http:\/\/www.phys.uaic.ro\/wp\/imagini\/pdf-icon.png\" alt=\"pdf\" \/><br \/>\n<a href=\"https:\/\/www.phys.uaic.ro\/wp-content\/uploads\/2022\/02\/2.-Fisa-indeplinire-standarde-minimale-CNADCU_Tascu-Sorin.pdf\"><b>Fi\u0219a de \u00eendeplinire a standardelor minimale CNATDCU<\/b><\/a> <img decoding=\"async\" style=\"vertical-align: top; width: 20px; height: 20px;\" src=\"http:\/\/www.phys.uaic.ro\/wp\/imagini\/pdf-icon.png\" alt=\"pdf\" \/><br \/>\n<b><a href=\"https:\/\/www.phys.uaic.ro\/wp-content\/uploads\/2022\/03\/abilitare_TASCU-SORIN-aprobat-CNATDCU.pdf\" target=\"_blank\" rel=\"noopener\">Componen\u021ba comisiei de abilitare<\/a><\/b> <img decoding=\"async\" style=\"vertical-align: top; width: 20px; height: 20px;\" src=\"http:\/\/www.phys.uaic.ro\/wp\/imagini\/pdf-icon.png\" alt=\"pdf\" \/>:<\/p>\n<p>1. Prof. univ. dr. Daniela DRAGOMAN, Universitatea din Bucure\u0219ti<br \/>\n2. Prof. univ. dr. Daniel VIZMAN, Universitatea de Vest din Timi\u0219oara<br \/>\n3. Prof. univ. dr. Diana Mihaela MARDARE, Universitatea &#8222;Alexandru Ioan Cuza&#8221; din Ia\u0219i<\/p>\n<p><!--\n\n\n<ul>\n \t\n\n<li><a href=\"https:\/\/catalinagheorghiesei.my.webex.com\/webappng\/sites\/catalinagheorghiesei.my\/meeting\/download\/7292646294e64b2ba8faea2a40c66826?siteurl=catalinagheorghiesei.my&amp;MTID=mef53254330039d1625ef503b3687626a\"><strong>Webex Meeting - conectare direct\u0103 din browser<\/strong><\/a><\/li>\n\n\n \t\n\n<li>\n\n\n<div>pentru conectarea direct\u0103 din aplica\u021bie pute\u021bi utiliza urm\u0103toarele date de \u00eenregistrare\n<strong>Meeting number: 163 745 2358, Password: Kc2jN5UBdW6 (52256582 from phones and video systems)\n<\/strong>\u00eent\u00e2lnirea este programat\u0103 s\u0103 \u00eenceap\u0103 la 10:50.<\/div>\n\n<\/li>\n\n\n<\/ul>\n\n\n--><\/p>\n<p><b><span style=\"color: #ff0000;\">\u00a0<\/span><\/b><a href=\"https:\/\/www.phys.uaic.ro\/wp-content\/uploads\/2022\/04\/Raport-Comisie-sustinere-abilitare_Tascu.pdf\" target=\"_blank\" rel=\"noopener\"><b>Raportul comisiei de abilitare<\/b> <\/a><img decoding=\"async\" style=\"vertical-align: top; width: 20px; height: 20px;\" src=\"http:\/\/www.phys.uaic.ro\/wp\/imagini\/pdf-icon.png\" alt=\"pdf\" \/><\/p>\n","protected":false},"excerpt":{"rendered":"<p>Sunte\u021bi invita\u021bi s\u0103 participa\u021bi la sus\u021binerea public\u0103 a tezei de abilitare Dezvoltarea de dispozitive optice neliniare integrate pentru comunica\u021bii cuantice elaborat\u0103 de domnul C.S.II dr. Sorin TA\u0218CU, Universitatea &#8222;Alexandru Ioan Cuza&#8221; din Ia\u0219i. Prezentarea tezei va avea loc \u00een data de 11.04.2022, sala PDF, de la ora 12. CV Sorin TA\u0218CU Rezumatul tezei de abilitare Summary of Habilitation\u2026 <span class=\"read-more\"><a href=\"https:\/\/www.phys.uaic.ro\/index.php\/sustinerea-tezei-de-abilitare-a-doameni-c-sii-dr-sorin-tascu\/\">Read More &raquo;<\/a><\/span><\/p>\n","protected":false},"author":3,"featured_media":0,"parent":0,"menu_order":0,"comment_status":"closed","ping_status":"closed","template":"","meta":{"footnotes":""},"class_list":["post-15262","page","type-page","status-publish","hentry"],"_links":{"self":[{"href":"https:\/\/www.phys.uaic.ro\/index.php\/wp-json\/wp\/v2\/pages\/15262","targetHints":{"allow":["GET"]}}],"collection":[{"href":"https:\/\/www.phys.uaic.ro\/index.php\/wp-json\/wp\/v2\/pages"}],"about":[{"href":"https:\/\/www.phys.uaic.ro\/index.php\/wp-json\/wp\/v2\/types\/page"}],"author":[{"embeddable":true,"href":"https:\/\/www.phys.uaic.ro\/index.php\/wp-json\/wp\/v2\/users\/3"}],"replies":[{"embeddable":true,"href":"https:\/\/www.phys.uaic.ro\/index.php\/wp-json\/wp\/v2\/comments?post=15262"}],"version-history":[{"count":0,"href":"https:\/\/www.phys.uaic.ro\/index.php\/wp-json\/wp\/v2\/pages\/15262\/revisions"}],"wp:attachment":[{"href":"https:\/\/www.phys.uaic.ro\/index.php\/wp-json\/wp\/v2\/media?parent=15262"}],"curies":[{"name":"wp","href":"https:\/\/api.w.org\/{rel}","templated":true}]}}