{"id":1530,"date":"2018-02-21T17:03:13","date_gmt":"2018-02-21T17:03:13","guid":{"rendered":"http:\/\/www.phys.uaic.ro\/?page_id=1530"},"modified":"2025-10-14T14:39:58","modified_gmt":"2025-10-14T11:39:58","slug":"profesor-emeritus","status":"publish","type":"page","link":"https:\/\/www.phys.uaic.ro\/index.php\/organizare\/titluri-onorifice\/profesor-emeritus\/","title":{"rendered":""},"content":{"rendered":"<p style=\"text-align: center; font-size: 16px;\">Lista profesorilor Facult\u0103\u021bii de Fizic\u0103 c\u0103rora li s-a acordat titlul de<br \/>\n<span style=\"font-size: 18px;\"><b>Profesor Emeritus<\/b><\/span><br \/>\nal Universit\u0103\u0163ii Alexandru Ioan Cuza din Ia\u015fi<\/p>\n<ol>\n<li>Prof. univ. dr. <b>Mardare SOROHAN<\/b>, 2005<\/li>\n<li>Prof. univ. dr. <b>Margareta IGNAT<\/b>, 2005<\/li>\n<li>Prof. univ. dr. ing. <b>Dumitru SANDU<\/b>, 2005<\/li>\n<li>Prof. univ. dr. <b>Gheorghe Ioan RUSU<\/b>, 2007<\/li>\n<li>Prof. univ. dr. <b>Mitachi STRAT<\/b>, 2007<\/li>\n<li>Prof. univ. dr. <b>Mihaela RUSU<\/b>, 2007<\/li>\n<li>Prof. univ. dr. <b>Leopold Dieter BIBOROSCH<\/b>, 2007<\/li>\n<li>Prof. univ. dr. <b>Gheorghe POPA<\/b>, 2012<\/li>\n<li>Prof. univ. dr. <b>Mihai TOMA<\/b>, 2012<\/li>\n<li>Prof. univ. dr. <b>Violeta GEORGESCU<\/b>, 2012<\/li>\n<li>Prof. univ. dr. <b>Dana-Ortansa DOROHOI<\/b>, 2012<\/li>\n<li>Prof. univ. dr. doc. <b>Mircea SANDULOVICIU<\/b>, 2014<\/li>\n<li>Prof. univ. dr. <b>Ioan MERCHE\u015e<\/b>, 2014<\/li>\n<li>Prof. univ. dr. <b>Erzilia LOZNEANU<\/b>, 2014<\/li>\n<li>Prof. univ. dr. <b>Maria NEAGU<\/b>, 2015<\/li>\n<li>Prof. univ. dr. <b>Nicoleta \u2013 Viorica DUMITRA\u0218CU<\/b>, 2015<\/li>\n<li>Prof. univ. dr. <b>Dumitru LUCA<\/b>, 2016<\/li>\n<li>Prof. univ. dr. <b>Felicia \u2013 Dacia IACOMI<\/b>, 2017<\/li>\n<li>Prof. univ. dr. habil. <b>Emilia Dorina CREANG\u0102<\/b>, 2021<\/li>\n<li>Prof. univ. dr. <strong>Alexandru STANCU<\/strong>, 2022<\/li>\n<li>Prof. univ. dr. habil. <strong>Liviu LEONTIE<\/strong>, 2022<\/li>\n<li>Prof. univ. dr. habil. <strong>Cristian EN\u0102CHESCU<\/strong>, 2024<\/li>\n<li>Prof. univ. dr. <strong>Ciprian DARIESCU<\/strong>, 2025<\/li>\n<li>Prof. univ. dr. habil. <strong>Lucel S\u00ceRGHI<\/strong>, 2025<\/li>\n<\/ol>\n","protected":false},"excerpt":{"rendered":"<p>Lista profesorilor Facult\u0103\u021bii de Fizic\u0103 c\u0103rora li s-a acordat titlul de Profesor Emeritus al Universit\u0103\u0163ii Alexandru Ioan Cuza din Ia\u015fi Prof. univ. dr. Mardare SOROHAN, 2005 Prof. univ. dr. Margareta IGNAT, 2005 Prof. univ. dr. ing. Dumitru SANDU, 2005 Prof. univ. dr. Gheorghe Ioan RUSU, 2007 Prof. univ. dr. Mitachi STRAT, 2007 Prof. univ. dr. Mihaela RUSU, 2007\u2026 <span class=\"read-more\"><a href=\"https:\/\/www.phys.uaic.ro\/index.php\/organizare\/titluri-onorifice\/profesor-emeritus\/\">Read More &raquo;<\/a><\/span><\/p>\n","protected":false},"author":3,"featured_media":0,"parent":1521,"menu_order":0,"comment_status":"closed","ping_status":"closed","template":"","meta":{"footnotes":""},"class_list":["post-1530","page","type-page","status-publish","hentry"],"_links":{"self":[{"href":"https:\/\/www.phys.uaic.ro\/index.php\/wp-json\/wp\/v2\/pages\/1530","targetHints":{"allow":["GET"]}}],"collection":[{"href":"https:\/\/www.phys.uaic.ro\/index.php\/wp-json\/wp\/v2\/pages"}],"about":[{"href":"https:\/\/www.phys.uaic.ro\/index.php\/wp-json\/wp\/v2\/types\/page"}],"author":[{"embeddable":true,"href":"https:\/\/www.phys.uaic.ro\/index.php\/wp-json\/wp\/v2\/users\/3"}],"replies":[{"embeddable":true,"href":"https:\/\/www.phys.uaic.ro\/index.php\/wp-json\/wp\/v2\/comments?post=1530"}],"version-history":[{"count":0,"href":"https:\/\/www.phys.uaic.ro\/index.php\/wp-json\/wp\/v2\/pages\/1530\/revisions"}],"up":[{"embeddable":true,"href":"https:\/\/www.phys.uaic.ro\/index.php\/wp-json\/wp\/v2\/pages\/1521"}],"wp:attachment":[{"href":"https:\/\/www.phys.uaic.ro\/index.php\/wp-json\/wp\/v2\/media?parent=1530"}],"curies":[{"name":"wp","href":"https:\/\/api.w.org\/{rel}","templated":true}]}}