{"id":15616,"date":"2022-03-18T07:37:17","date_gmt":"2022-03-18T07:37:17","guid":{"rendered":"https:\/\/www.phys.uaic.ro\/?page_id=15616"},"modified":"2022-03-23T09:23:37","modified_gmt":"2022-03-23T07:23:37","slug":"anunt-privind-sustinerea-raportului-de-cercetare-a-drd-les-anda-la-24-03-2022","status":"publish","type":"page","link":"https:\/\/www.phys.uaic.ro\/index.php\/anunt-privind-sustinerea-raportului-de-cercetare-a-drd-les-anda-la-24-03-2022\/","title":{"rendered":"Anun\u021b privind sus\u021binerea raportului de cercetare a drd. LE\u0218 Anda pe 24.03.2022"},"content":{"rendered":"<p>\u00cen data de <strong>24 martie 2022<\/strong>, \u00eencep\u00e2nd cu ora <strong>14<\/strong>, \u00een <strong>Laboratorul de Biofizic<\/strong><strong>\u0103<\/strong>, va avea loc sus\u021binerea raportului de cercetare cu titlul \u201c<strong>Nanoparticulele magnetice, sintez\u0103, caracterizare \u015fi aplicatii \u00een \u015ftiintele vie\u0163ii<\/strong>\u201d, prezentat de studenta doctorand\u0103 <strong>LE\u0218 Anda<\/strong>, sub \u00eendrumarea prof. em. dr. habil. <strong>Dorina Emilia CREANG\u0102<\/strong>.<\/p>\n","protected":false},"excerpt":{"rendered":"<p>\u00cen data de 24 martie 2022, \u00eencep\u00e2nd cu ora 14, \u00een Laboratorul de Biofizic\u0103, va avea loc sus\u021binerea raportului de cercetare cu titlul \u201cNanoparticulele magnetice, sintez\u0103, caracterizare \u015fi aplicatii \u00een \u015ftiintele vie\u0163ii\u201d, prezentat de studenta doctorand\u0103 LE\u0218 Anda, sub \u00eendrumarea prof. em. dr. habil. Dorina Emilia CREANG\u0102.<\/p>\n","protected":false},"author":4,"featured_media":0,"parent":0,"menu_order":0,"comment_status":"closed","ping_status":"closed","template":"","meta":{"footnotes":""},"class_list":["post-15616","page","type-page","status-publish","hentry"],"_links":{"self":[{"href":"https:\/\/www.phys.uaic.ro\/index.php\/wp-json\/wp\/v2\/pages\/15616","targetHints":{"allow":["GET"]}}],"collection":[{"href":"https:\/\/www.phys.uaic.ro\/index.php\/wp-json\/wp\/v2\/pages"}],"about":[{"href":"https:\/\/www.phys.uaic.ro\/index.php\/wp-json\/wp\/v2\/types\/page"}],"author":[{"embeddable":true,"href":"https:\/\/www.phys.uaic.ro\/index.php\/wp-json\/wp\/v2\/users\/4"}],"replies":[{"embeddable":true,"href":"https:\/\/www.phys.uaic.ro\/index.php\/wp-json\/wp\/v2\/comments?post=15616"}],"version-history":[{"count":0,"href":"https:\/\/www.phys.uaic.ro\/index.php\/wp-json\/wp\/v2\/pages\/15616\/revisions"}],"wp:attachment":[{"href":"https:\/\/www.phys.uaic.ro\/index.php\/wp-json\/wp\/v2\/media?parent=15616"}],"curies":[{"name":"wp","href":"https:\/\/api.w.org\/{rel}","templated":true}]}}