{"id":16413,"date":"2022-06-12T20:29:00","date_gmt":"2022-06-12T17:29:00","guid":{"rendered":"https:\/\/www.phys.uaic.ro\/?page_id=16413"},"modified":"2022-06-12T21:50:16","modified_gmt":"2022-06-12T18:50:16","slug":"numarul-de-locuri-studii-master-iulie-2022","status":"publish","type":"page","link":"https:\/\/www.phys.uaic.ro\/index.php\/numarul-de-locuri-studii-master-iulie-2022\/","title":{"rendered":"Num\u0103rul de locuri studii master iulie 2022"},"content":{"rendered":"<p>&nbsp;<\/p>\n<table style=\"border: 1px solid black; color: black; font-size: 10px; width: 96.37006030709243%; height: 205px;\">\n<tbody>\n<tr style=\"height: 15px;\">\n<td style=\"border: 1px solid black; width: 7.338551859099804%; height: 60px;\" rowspan=\"3\"><strong>Domeniul de master<\/strong><\/td>\n<td style=\"border: 1px solid black; width: 24.840684429725528%; height: 60px;\" rowspan=\"3\"><strong>Specializarea\/Programul de studii universitare de master<\/strong><\/td>\n<td style=\"border: 1px solid black; text-align: center; width: 7.894404865278537%; height: 60px;\" rowspan=\"3\"><strong>Limba de predare<\/strong><\/td>\n<td style=\"border: 1px solid black; text-align: center; width: 4.914798402902338%; height: 60px;\" rowspan=\"3\"><strong>Forma de invatamant<\/strong><\/td>\n<td style=\"border: 1px solid black; text-align: center; width: 7.62219996778246%; height: 60px;\" rowspan=\"3\"><strong>Numar credite<\/strong><\/td>\n<td style=\"border: 1px solid black; text-align: center; width: 147.44117017204488%; height: 15px;\" colspan=\"4\"><strong>Numar locuri<\/strong><\/td>\n<\/tr>\n<tr style=\"height: 30px;\">\n<td style=\"border: 1px solid black; text-align: center; width: 22.62039765186511%; height: 30px;\" colspan=\"2\"><strong>Romani, UE, SEE<\/strong><\/td>\n<td style=\"border: 1px solid black; text-align: center; width: 124.82077252017977%; height: 30px;\" colspan=\"2\"><strong>Romani de pretutindeni<\/strong><\/td>\n<\/tr>\n<tr style=\"height: 15px;\">\n<td style=\"border: 1px solid black; text-align: center; width: 11.102988989323475%; height: 15px;\"><strong>Buget<\/strong><\/td>\n<td style=\"border: 1px solid black; text-align: center; width: 11.517408662541637%; height: 15px;\"><strong>Taxa<\/strong><\/td>\n<td style=\"border: 1px solid black; text-align: center; width: 13.335311093332106%; height: 15px;\"><strong>Buget<\/strong><\/td>\n<td style=\"border: 1px solid black; text-align: center; width: 111.48546142684766%; height: 15px;\"><strong>Taxa<\/strong><\/td>\n<\/tr>\n<tr style=\"height: 17px;\">\n<td style=\"border: 1px solid black; font-size: 13px; width: 7.338551859099804%; height: 145px;\" rowspan=\"6\">Fizic\u0103<\/td>\n<td style=\"border: 1px solid black; font-size: 13px; width: 24.840684429725528%; height: 17px;\">Fizic\u0103 pentru tehnologii avansate<\/td>\n<td style=\"border: 1px solid black; text-align: center; width: 7.894404865278537%; height: 17px;\">Englez\u0103<\/td>\n<td style=\"border: 1px solid black; text-align: center; width: 4.914798402902338%; height: 17px;\">IF<\/td>\n<td style=\"border: 1px solid black; text-align: center; width: 7.62219996778246%; height: 17px;\">120<\/td>\n<td style=\"border: 1px solid black; font-size: 14px; text-align: center; width: 11.102988989323475%; height: 35px;\" rowspan=\"2\">12<\/td>\n<td style=\"border: 1px solid black; font-size: 14px; text-align: center; width: 11.517408662541637%; height: 35px;\" rowspan=\"2\">30<\/td>\n<td style=\"border: 1px solid black; font-size: 14px; text-align: center; width: 13.335311093332106%; height: 35px;\" rowspan=\"2\">0<\/td>\n<td style=\"border: 1px solid black; font-size: 14px; text-align: center; width: 111.48546142684766%; height: 35px;\" rowspan=\"2\">10<\/td>\n<\/tr>\n<tr style=\"height: 18px;\">\n<td style=\"border: 1px solid black; font-size: 13px; width: 24.840684429725528%; height: 18px;\">Biofizic\u0103 \u0219i Fizic\u0103 medical\u0103<\/td>\n<td style=\"border: 1px solid black; text-align: center; width: 7.894404865278537%; height: 18px;\">Englez\u0103<\/td>\n<td style=\"border: 1px solid black; text-align: center; width: 4.914798402902338%; height: 18px;\">IF<\/td>\n<td style=\"border: 1px solid black; text-align: center; width: 7.62219996778246%; height: 18px;\">120<\/td>\n<\/tr>\n<tr style=\"height: 18px;\">\n<td style=\"border: 1px solid black; font-size: 13px; width: 24.840684429725528%; height: 18px;\">Fizic\u0103 medical\u0103 aplicat\u0103<\/td>\n<td style=\"border: 1px solid black; text-align: center; width: 7.894404865278537%; height: 18px;\">Romana<\/td>\n<td style=\"border: 1px solid black; text-align: center; width: 4.914798402902338%; height: 18px;\">IF<\/td>\n<td style=\"border: 1px solid black; text-align: center; width: 7.62219996778246%; height: 18px;\">120<\/td>\n<td style=\"border: 1px solid black; font-size: 14px; text-align: center; width: 11.102988989323475%; height: 73px;\" rowspan=\"3\">19<\/td>\n<td style=\"border: 1px solid black; font-size: 14px; text-align: center; width: 11.517408662541637%; height: 73px;\" rowspan=\"3\">65<\/td>\n<td style=\"border: 1px solid black; font-size: 14px; text-align: center; width: 13.335311093332106%; height: 73px;\" rowspan=\"3\">0<\/td>\n<td style=\"border: 1px solid black; font-size: 14px; text-align: center; width: 111.48546142684766%; height: 73px;\" rowspan=\"3\">15<\/td>\n<\/tr>\n<tr style=\"height: 37px;\">\n<td style=\"border: 1px solid black; font-size: 13px; width: 24.840684429725528%; height: 37px;\">Metode fizice aplicate \u00een kinetoterapie \u0219i recuparere medical\u0103<\/td>\n<td style=\"border: 1px solid black; text-align: center; width: 7.894404865278537%; height: 37px;\">Romana<\/td>\n<td style=\"border: 1px solid black; text-align: center; width: 4.914798402902338%; height: 37px;\">IF<\/td>\n<td style=\"border: 1px solid black; text-align: center; width: 7.62219996778246%; height: 37px;\">120<\/td>\n<\/tr>\n<tr style=\"height: 18px;\">\n<td style=\"border: 1px solid black; font-size: 13px; width: 24.840684429725528%; height: 18px;\">Optic\u0103 \u0219i optometrie<\/td>\n<td style=\"border: 1px solid black; text-align: center; width: 7.894404865278537%; height: 18px;\">Romana<\/td>\n<td style=\"border: 1px solid black; text-align: center; width: 4.914798402902338%; height: 18px;\">IF<\/td>\n<td style=\"border: 1px solid black; text-align: center; width: 7.62219996778246%; height: 18px;\">120<\/td>\n<\/tr>\n<tr style=\"height: 37px;\">\n<td style=\"border: 1px solid black; font-size: 13px; width: 24.840684429725528%; height: 37px;\">Fizic\u0103 aplicat\u0103 \u00een tehnologiile informa\u021biei \u0219i comunica\u021bii (B\u0103l\u021bi)<\/td>\n<td style=\"border: 1px solid black; text-align: center; width: 7.894404865278537%; height: 37px;\">Romana<\/td>\n<td style=\"border: 1px solid black; text-align: center; width: 4.914798402902338%; height: 37px;\">IF<\/td>\n<td style=\"border: 1px solid black; text-align: center; width: 7.62219996778246%; height: 37px;\">120<\/td>\n<td style=\"border: 1px solid black; font-size: 14px; text-align: center; width: 11.102988989323475%; height: 37px;\">0<\/td>\n<td style=\"border: 1px solid black; font-size: 14px; text-align: center; width: 11.517408662541637%; height: 37px;\">0<\/td>\n<td style=\"border: 1px solid black; font-size: 14px; text-align: center; width: 13.335311093332106%; height: 37px;\">20<\/td>\n<td style=\"border: 1px solid black; font-size: 14px; text-align: center; width: 111.48546142684766%; height: 37px;\">0<\/td>\n<\/tr>\n<\/tbody>\n<\/table>\n<p>&nbsp;<\/p>\n","protected":false},"excerpt":{"rendered":"<p>&nbsp; Domeniul de master Specializarea\/Programul de studii universitare de master Limba de predare Forma de invatamant Numar credite Numar locuri Romani, UE, SEE Romani de pretutindeni Buget Taxa Buget Taxa Fizic\u0103 Fizic\u0103 pentru tehnologii avansate Englez\u0103 IF 120 12 30 0 10 Biofizic\u0103 \u0219i Fizic\u0103 medical\u0103 Englez\u0103 IF 120 Fizic\u0103 medical\u0103 aplicat\u0103 Romana IF 120 19 65 0\u2026 <span class=\"read-more\"><a href=\"https:\/\/www.phys.uaic.ro\/index.php\/numarul-de-locuri-studii-master-iulie-2022\/\">Read More &raquo;<\/a><\/span><\/p>\n","protected":false},"author":4,"featured_media":0,"parent":0,"menu_order":0,"comment_status":"closed","ping_status":"closed","template":"page-templates\/full-width.php","meta":{"footnotes":""},"class_list":["post-16413","page","type-page","status-publish","hentry"],"_links":{"self":[{"href":"https:\/\/www.phys.uaic.ro\/index.php\/wp-json\/wp\/v2\/pages\/16413","targetHints":{"allow":["GET"]}}],"collection":[{"href":"https:\/\/www.phys.uaic.ro\/index.php\/wp-json\/wp\/v2\/pages"}],"about":[{"href":"https:\/\/www.phys.uaic.ro\/index.php\/wp-json\/wp\/v2\/types\/page"}],"author":[{"embeddable":true,"href":"https:\/\/www.phys.uaic.ro\/index.php\/wp-json\/wp\/v2\/users\/4"}],"replies":[{"embeddable":true,"href":"https:\/\/www.phys.uaic.ro\/index.php\/wp-json\/wp\/v2\/comments?post=16413"}],"version-history":[{"count":0,"href":"https:\/\/www.phys.uaic.ro\/index.php\/wp-json\/wp\/v2\/pages\/16413\/revisions"}],"wp:attachment":[{"href":"https:\/\/www.phys.uaic.ro\/index.php\/wp-json\/wp\/v2\/media?parent=16413"}],"curies":[{"name":"wp","href":"https:\/\/api.w.org\/{rel}","templated":true}]}}