{"id":16828,"date":"2022-06-15T12:37:36","date_gmt":"2022-06-15T09:37:36","guid":{"rendered":"https:\/\/www.phys.uaic.ro\/?page_id=16828"},"modified":"2022-06-15T12:37:36","modified_gmt":"2022-06-15T09:37:36","slug":"anunt-privind-sustinerea-raportului-de-cercetare-a-drd-cocean-georgiana-pe-24-06-2022","status":"publish","type":"page","link":"https:\/\/www.phys.uaic.ro\/index.php\/anunt-privind-sustinerea-raportului-de-cercetare-a-drd-cocean-georgiana-pe-24-06-2022\/","title":{"rendered":"Anun\u021b privind sus\u021binerea raportului de cercetare a drd. COCEAN Georgiana pe 24.06.2022"},"content":{"rendered":"<p>La data de <strong>24 iunie 2022<\/strong>, \u00eencep\u00e2nd cu ora <strong>16<sup>00<\/sup><\/strong>, \u00een <strong>laboratorul LOASL<\/strong>\u00a0 va avea loc sus\u021binerea raportului de cercetare cu titlul \u201c <em><strong>High power pulsed laser interaction with special materials (medical applications). Instruments and diagnosis techniques\/ Interac\u021biunea pulsurilor laser de mare putere cu materiale speciale (de interes medical). Instrumente \u0219i <\/strong><\/em><em><strong>tehnici de diagnoz\u0103<\/strong><\/em>\u201d, prezentat de studenta-doctorand\u0103 <strong>COCEAN Georgiana<\/strong>, sub \u00eendrumarea <strong>prof. univ. dr. habil. Silviu-Octavian GURLUI.<\/strong><\/p>\n","protected":false},"excerpt":{"rendered":"<p>La data de 24 iunie 2022, \u00eencep\u00e2nd cu ora 1600, \u00een laboratorul LOASL\u00a0 va avea loc sus\u021binerea raportului de cercetare cu titlul \u201c High power pulsed laser interaction with special materials (medical applications). Instruments and diagnosis techniques\/ Interac\u021biunea pulsurilor laser de mare putere cu materiale speciale (de interes medical). Instrumente \u0219i tehnici de diagnoz\u0103\u201d, prezentat de studenta-doctorand\u0103 COCEAN\u2026 <span class=\"read-more\"><a href=\"https:\/\/www.phys.uaic.ro\/index.php\/anunt-privind-sustinerea-raportului-de-cercetare-a-drd-cocean-georgiana-pe-24-06-2022\/\">Read More &raquo;<\/a><\/span><\/p>\n","protected":false},"author":4,"featured_media":0,"parent":0,"menu_order":0,"comment_status":"closed","ping_status":"closed","template":"","meta":{"footnotes":""},"class_list":["post-16828","page","type-page","status-publish","hentry"],"_links":{"self":[{"href":"https:\/\/www.phys.uaic.ro\/index.php\/wp-json\/wp\/v2\/pages\/16828","targetHints":{"allow":["GET"]}}],"collection":[{"href":"https:\/\/www.phys.uaic.ro\/index.php\/wp-json\/wp\/v2\/pages"}],"about":[{"href":"https:\/\/www.phys.uaic.ro\/index.php\/wp-json\/wp\/v2\/types\/page"}],"author":[{"embeddable":true,"href":"https:\/\/www.phys.uaic.ro\/index.php\/wp-json\/wp\/v2\/users\/4"}],"replies":[{"embeddable":true,"href":"https:\/\/www.phys.uaic.ro\/index.php\/wp-json\/wp\/v2\/comments?post=16828"}],"version-history":[{"count":0,"href":"https:\/\/www.phys.uaic.ro\/index.php\/wp-json\/wp\/v2\/pages\/16828\/revisions"}],"wp:attachment":[{"href":"https:\/\/www.phys.uaic.ro\/index.php\/wp-json\/wp\/v2\/media?parent=16828"}],"curies":[{"name":"wp","href":"https:\/\/api.w.org\/{rel}","templated":true}]}}