{"id":17026,"date":"2022-07-06T13:37:33","date_gmt":"2022-07-06T10:37:33","guid":{"rendered":"https:\/\/www.phys.uaic.ro\/?page_id=17026"},"modified":"2022-07-26T13:52:04","modified_gmt":"2022-07-26T10:52:04","slug":"anunt-privind-sustinerea-raportului-de-cercetare-a-drd-sabie-valentina-pe-06-07-2022","status":"publish","type":"page","link":"https:\/\/www.phys.uaic.ro\/index.php\/anunt-privind-sustinerea-raportului-de-cercetare-a-drd-sabie-valentina-pe-06-07-2022\/","title":{"rendered":"Anun\u021b privind sus\u021binerea raportului de cercetare a drd. SABIE Valentina pe 21.07.2022"},"content":{"rendered":"<p>La data de <strong>21 iulie 2022<\/strong>, \u00eencep\u00e2nd cu ora <strong>11<\/strong><strong>:00<\/strong>, \u00een <strong>Laboratorul de Fizica Solidului<\/strong>, va avea loc sus\u021binerea\u00a0 raportului de cercetare cu titlu <strong>\u201e<em>Studiul propriet\u0103\u021bilor func\u021bionale ale unor nanoparticule \u0219i nanocompozite pentru aplica\u021bii medicale<\/em>\u201d<\/strong>, prezentat de studenta-doctorand <strong>SABIE Valentina<\/strong>, sub \u00eendrumarea <strong>prof. univ. dr. Felicia-Dacia IACOMI.<\/strong><\/p>\n","protected":false},"excerpt":{"rendered":"<p>La data de 21 iulie 2022, \u00eencep\u00e2nd cu ora 11:00, \u00een Laboratorul de Fizica Solidului, va avea loc sus\u021binerea\u00a0 raportului de cercetare cu titlu \u201eStudiul propriet\u0103\u021bilor func\u021bionale ale unor nanoparticule \u0219i nanocompozite pentru aplica\u021bii medicale\u201d, prezentat de studenta-doctorand SABIE Valentina, sub \u00eendrumarea prof. univ. dr. Felicia-Dacia IACOMI.<\/p>\n","protected":false},"author":4,"featured_media":0,"parent":0,"menu_order":0,"comment_status":"closed","ping_status":"closed","template":"","meta":{"footnotes":""},"class_list":["post-17026","page","type-page","status-publish","hentry"],"_links":{"self":[{"href":"https:\/\/www.phys.uaic.ro\/index.php\/wp-json\/wp\/v2\/pages\/17026","targetHints":{"allow":["GET"]}}],"collection":[{"href":"https:\/\/www.phys.uaic.ro\/index.php\/wp-json\/wp\/v2\/pages"}],"about":[{"href":"https:\/\/www.phys.uaic.ro\/index.php\/wp-json\/wp\/v2\/types\/page"}],"author":[{"embeddable":true,"href":"https:\/\/www.phys.uaic.ro\/index.php\/wp-json\/wp\/v2\/users\/4"}],"replies":[{"embeddable":true,"href":"https:\/\/www.phys.uaic.ro\/index.php\/wp-json\/wp\/v2\/comments?post=17026"}],"version-history":[{"count":0,"href":"https:\/\/www.phys.uaic.ro\/index.php\/wp-json\/wp\/v2\/pages\/17026\/revisions"}],"wp:attachment":[{"href":"https:\/\/www.phys.uaic.ro\/index.php\/wp-json\/wp\/v2\/media?parent=17026"}],"curies":[{"name":"wp","href":"https:\/\/api.w.org\/{rel}","templated":true}]}}