{"id":17270,"date":"2022-08-24T10:59:33","date_gmt":"2022-08-24T07:59:33","guid":{"rendered":"https:\/\/www.phys.uaic.ro\/?page_id=17270"},"modified":"2022-09-14T12:25:36","modified_gmt":"2022-09-14T09:25:36","slug":"sustinerea-tezei-de-doctorat-a-drd-teodoroff-onesim-sabina-cas-chiriac-ii-pe-09-09-2022","status":"publish","type":"page","link":"https:\/\/www.phys.uaic.ro\/index.php\/sustinerea-tezei-de-doctorat-a-drd-teodoroff-onesim-sabina-cas-chiriac-ii-pe-09-09-2022\/","title":{"rendered":"Sus\u021binerea tezei de doctorat a drd. TEODOROFF-ONESIM Sabina c\u0103s. CHIRIAC II pe 09.09.2022"},"content":{"rendered":"<p><a href=\"https:\/\/www.phys.uaic.ro\/wp-content\/uploads\/2022\/09\/anunt_TEODOROFF-ONESIM.pdf\" target=\"_blank\" rel=\"noopener\"><em>Anun\u021bul sus\u021binerii publice<\/em><\/a><\/p>\n<div class=\"page\" title=\"Page 1\">\n<div class=\"layoutArea\">\n<div class=\"column\">\n<p>La data de 09.09.2022, ora 12:00, i\u0302n sala Laborator Plasma\u0306 1, dna. TEODOROFF-ONESIM N. SABINA ca\u0306s. CHIRIAC II, va sust\u0326ine i\u0302n s\u0326edint\u0326a\u0306 publica\u0306 teza de doctorat cu titlul<\/p>\n<p style=\"text-align: center;\"><strong>PROPRIETA\u0306T\u0327ILE TRIBOLOGICE LA SCALA\u0306 NANOSCOPICA\u0306 A SUPRAFET\u0327ELOR MATERIALELOR PROCESATE CU PLASMA DESCA\u0306RCA\u0306RILOR ELECTRICE I\u0302N GAZE RAREFIATE, <\/strong><\/p>\n<p>i\u0302n vederea obt\u0326inerii titlului s\u0326tiint\u0326ific de doctor i\u0302n domeniul fundamental S\u0326TIINT\u0326E EXACTE, domeniul FIZICA\u0306.<\/p>\n<\/div>\n<\/div>\n<\/div>\n<p>TEODOROFF-ONESIM N. SABINA ca\u0306s. CHIRIAC II [ <a href=\"https:\/\/www.phys.uaic.ro\/wp-content\/uploads\/2022\/08\/CV_Teodoroff.pdf\" target=\"_blank\" rel=\"noopener\">CV<\/a> ]<\/p>\n<p>Comisia de doctorat are urm\u0103toarea componen\u0163\u0103:<\/p>\n<ul>\n<li><b>Pre\u015fedinte<\/b>:\n<ul>\n<li>Prof. univ. dr. Diana Mihaela Mardare, Universitatea \u201cAlexandru Ioan Cuza\u201d din Ia\u0219i [ <a href=\"https:\/\/www.phys.uaic.ro\/wp-content\/uploads\/2022\/05\/MARDARE_Diana_CV_RO.pdf\">CV<\/a> ]<\/li>\n<\/ul>\n<\/li>\n<\/ul>\n<ul>\n<li><b>Conduc\u0103tor \u015ftiin\u0163ific<\/b>:\n<ul>\n<li>\n<div class=\"page\" title=\"Page 1\">\n<div class=\"layoutArea\">\n<div class=\"column\">\n<p>Prof. univ. dr. habil Lucel SI\u0302RGHI, Universitatea \u201eAlexandru Ioan Cuza\u201d, Ias\u0326i. [ <a href=\"https:\/\/www.phys.uaic.ro\/wp-content\/uploads\/2022\/05\/Sirghi-Lucel_CV_EN.pdf\" target=\"_blank\" rel=\"noopener\">CV<\/a> ]<\/p>\n<\/div>\n<\/div>\n<\/div>\n<\/li>\n<\/ul>\n<\/li>\n<\/ul>\n<ul>\n<li><b>Referen\u0163i<\/b>:\n<ul>\n<li>\n<div class=\"page\" title=\"Page 1\">\n<div class=\"layoutArea\">\n<div class=\"column\">\n<p>C.S.I Dr. Gheorghe DINESCU, Institutul Nat\u0326ional de Fizica Laserilor, Plasma\u0306 s\u0326i Radiat\u0326ii, Ma\u0306gurele, Bucures\u0326ti [ <a href=\"https:\/\/doctorat.unibuc.ro\/wp-content\/uploads\/2019\/10\/CV-c.\u0219.-I-dr.Gheorghe-DINESCU.pdf\" target=\"_blank\" rel=\"noopener\">CV<\/a> ]<\/p>\n<\/div>\n<\/div>\n<\/div>\n<\/li>\n<li>\n<div class=\"page\" title=\"Page 1\">\n<div class=\"layoutArea\">\n<div class=\"column\">\n<p>Prof. univ. dr. Mihaela BAICAN, Universitatea de Medicina\u0306 s\u0326i Farmacie \u201eGrigore T. Popa\u201d, Ias\u0326i [ <a href=\"https:\/\/www.umfiasi.ro\/ro\/universitate\/alegeri-academice\/ianuarie-2020\/Documents\/consiliu-facultate\/farmacie\/DEP.%20%C8%98TIIN%C8%9AE%20FARMACEUTICE%20I\/Baican%20MIhaela-Cristina\/cv.pdf\" target=\"_blank\" rel=\"noopener\">CV<\/a> ]<\/p>\n<\/div>\n<\/div>\n<\/div>\n<\/li>\n<li>Prof. univ. dr. habil. Gabriela BORCIA, Universitatea \u201cAlexandru Ioan Cuza\u201d din Ia\u0219i [ <a href=\"https:\/\/www.phys.uaic.ro\/wp-content\/uploads\/2022\/05\/Borcia_Gabriela_CV_RO-1.pdf\" target=\"_blank\" rel=\"noopener\">CV<\/a> ]<\/li>\n<\/ul>\n<\/li>\n<\/ul>\n<p>&nbsp;<\/p>\n<p>Teza poate fi consultat\u0103 la Biblioteca Facult\u0103\u0163ii de Fizic\u0103.<\/p>\n<ul>\n<li><a href=\"https:\/\/www.phys.uaic.ro\/wp-content\/uploads\/2022\/08\/Teodoroff_rezumat_teza.pdf\" target=\"_blank\" rel=\"noopener\"><em>Rezumatul tezei de doctorat<\/em> <\/a><img loading=\"lazy\" decoding=\"async\" class=\"\" src=\"https:\/\/www.phys.uaic.ro\/wp\/imagini\/pdf-icon.png\" alt=\"pdf\" width=\"19\" height=\"19\" \/><\/li>\n<\/ul>\n","protected":false},"excerpt":{"rendered":"<p>Anun\u021bul sus\u021binerii publice La data de 09.09.2022, ora 12:00, i\u0302n sala Laborator Plasma\u0306 1, dna. TEODOROFF-ONESIM N. SABINA ca\u0306s. CHIRIAC II, va sust\u0326ine i\u0302n s\u0326edint\u0326a\u0306 publica\u0306 teza de doctorat cu titlul PROPRIETA\u0306T\u0327ILE TRIBOLOGICE LA SCALA\u0306 NANOSCOPICA\u0306 A SUPRAFET\u0327ELOR MATERIALELOR PROCESATE CU PLASMA DESCA\u0306RCA\u0306RILOR ELECTRICE I\u0302N GAZE RAREFIATE, i\u0302n vederea obt\u0326inerii titlului s\u0326tiint\u0326ific de doctor i\u0302n domeniul fundamental S\u0326TIINT\u0326E\u2026 <span class=\"read-more\"><a href=\"https:\/\/www.phys.uaic.ro\/index.php\/sustinerea-tezei-de-doctorat-a-drd-teodoroff-onesim-sabina-cas-chiriac-ii-pe-09-09-2022\/\">Read More &raquo;<\/a><\/span><\/p>\n","protected":false},"author":3,"featured_media":0,"parent":0,"menu_order":0,"comment_status":"closed","ping_status":"closed","template":"","meta":{"footnotes":""},"class_list":["post-17270","page","type-page","status-publish","hentry"],"_links":{"self":[{"href":"https:\/\/www.phys.uaic.ro\/index.php\/wp-json\/wp\/v2\/pages\/17270","targetHints":{"allow":["GET"]}}],"collection":[{"href":"https:\/\/www.phys.uaic.ro\/index.php\/wp-json\/wp\/v2\/pages"}],"about":[{"href":"https:\/\/www.phys.uaic.ro\/index.php\/wp-json\/wp\/v2\/types\/page"}],"author":[{"embeddable":true,"href":"https:\/\/www.phys.uaic.ro\/index.php\/wp-json\/wp\/v2\/users\/3"}],"replies":[{"embeddable":true,"href":"https:\/\/www.phys.uaic.ro\/index.php\/wp-json\/wp\/v2\/comments?post=17270"}],"version-history":[{"count":0,"href":"https:\/\/www.phys.uaic.ro\/index.php\/wp-json\/wp\/v2\/pages\/17270\/revisions"}],"wp:attachment":[{"href":"https:\/\/www.phys.uaic.ro\/index.php\/wp-json\/wp\/v2\/media?parent=17270"}],"curies":[{"name":"wp","href":"https:\/\/api.w.org\/{rel}","templated":true}]}}