{"id":17414,"date":"2022-09-02T13:11:05","date_gmt":"2022-09-02T10:11:05","guid":{"rendered":"https:\/\/www.phys.uaic.ro\/?page_id=17414"},"modified":"2022-09-02T15:59:58","modified_gmt":"2022-09-02T12:59:58","slug":"sustinerea-tezei-de-doctorat-a-drd-amanoloaei-c-gheorghe-pe-23-09-2022","status":"publish","type":"page","link":"https:\/\/www.phys.uaic.ro\/index.php\/sustinerea-tezei-de-doctorat-a-drd-amanoloaei-c-gheorghe-pe-23-09-2022\/","title":{"rendered":"Sus\u021binerea tezei de doctorat a drd. AMANOLOAEI C. GHEORGHE pe 23.09.2022"},"content":{"rendered":"<p><a href=\"https:\/\/www.phys.uaic.ro\/wp-content\/uploads\/2022\/09\/anunt_AMANOLOAEI.pdf\"><span style=\"color: #ff0000;\"><em>Anun\u021bul sus\u021binerii p<\/em><\/span><em><span style=\"color: #ff0000;\">ublice<\/span><\/em><\/a><\/p>\n<p>La data de 23.09.2022, ora 9:00, \u00een sala L1, dl. AMANOLOAEI C. GHEORGHE va sus\u0163ine, \u00een \u015fedin\u0163\u0103 public\u0103, teza de doctorat cu titlul<\/p>\n<p><em><strong>MODELAREA COMUT\u0102RII MAGNETICE PE O SCAL\u0102 LARG\u0102 DE TIMP FOLOSIND DIFERI\u0162I FACTORI EXTERNI<\/strong><\/em><\/p>\n<p>\u00een vederea ob\u0163inerii titlului \u015ftiin\u0163ific de doctor \u00een domeniul FIZIC\u0102.<\/p>\n<p>AMANOLOAEI C. GHEORGHE [ <a href=\"https:\/\/www.phys.uaic.ro\/wp-content\/uploads\/2022\/09\/Amanoloaei_Gheorghe_CV_2022.pdf\">CV<\/a> ]<\/p>\n<p>&nbsp;<\/p>\n<p>Comisia de doctorat are urm\u0103toarea componen\u0163\u0103:<\/p>\n<ul>\n<li><b>Pre\u015fedinte<\/b>:\n<ul>\n<li>Prof. univ. dr. Diana Mihaela MARDARE, Universitatea &#8222;Alexandru Ioan Cuza&#8221; din Ia\u0219i [ <a href=\"https:\/\/www.phys.uaic.ro\/wp-content\/uploads\/2022\/05\/MARDARE_Diana_CV_RO.pdf\">CV<\/a> ]<\/li>\n<\/ul>\n<\/li>\n<\/ul>\n<ul>\n<li><b>Conduc\u0103tor \u015ftiin\u0163ific<\/b>:\n<ul>\n<li>Prof. univ. dr. habil. Lauren\u021biu STOLERIU, Universitatea &#8222;Alexandru Ioan Cuza&#8221; din Ia\u0219i [ <a href=\"https:\/\/www.phys.uaic.ro\/wp-content\/uploads\/2022\/05\/Stoleriu_L_CV_si_lista_lucrari.pdf\">CV<\/a> ]<\/li>\n<\/ul>\n<\/li>\n<\/ul>\n<ul>\n<li><b>Referen\u0163i<\/b>:\n<ul>\n<li>Prof. univ. dr. Coriolan TIU\u0218AN,\u00a0 Universitatea &#8222;Babe\u0219-Bolyai&#8221; Cluj-Napoca [ <a href=\"https:\/\/www.phys.uaic.ro\/wp-content\/uploads\/2022\/09\/Referent_1_Coriolan_Tiusan_CV.pdf\">CV<\/a> ]<\/li>\n<li>C.S. I dr. Tibor-Adrian OVARI, Institutul Na\u021bional de Cercetare-Dezvoltare Fizic\u0103 Tehnic\u0103 Ia\u0219i [ <a href=\"https:\/\/www.phys.uaic.ro\/wp-content\/uploads\/2022\/09\/Referent_2_CV_Tibor_Adrian_Ovari.pdf\">CV<\/a> ]<\/li>\n<li>Conf. univ. dr. Dorin Cimpoe\u0219u, Universitatea &#8222;Alexandru Ioan Cuza&#8221; din Ia\u0219i [ <a href=\"https:\/\/www.phys.uaic.ro\/wp-content\/uploads\/2022\/09\/Referent_3_Cimpoesu_Dorin_CV_EN.pdf\">CV<\/a> ]<\/li>\n<\/ul>\n<\/li>\n<\/ul>\n<p>&nbsp;<\/p>\n<p>Teza poate fi consultat\u0103 la Biblioteca Facult\u0103\u0163ii de Fizic\u0103.<\/p>\n<ul>\n<li><span style=\"color: #ff0000;\"><a style=\"color: #ff0000;\" href=\"https:\/\/www.phys.uaic.ro\/wp-content\/uploads\/2022\/09\/Amanoloaei-Gheorghe-Rezumat-Lucrare-de-Doctorat.pdf\"><em>Rezumatul tezei de doctorat<\/em><\/a><\/span><\/li>\n<\/ul>\n","protected":false},"excerpt":{"rendered":"<p>Anun\u021bul sus\u021binerii publice La data de 23.09.2022, ora 9:00, \u00een sala L1, dl. AMANOLOAEI C. GHEORGHE va sus\u0163ine, \u00een \u015fedin\u0163\u0103 public\u0103, teza de doctorat cu titlul MODELAREA COMUT\u0102RII MAGNETICE PE O SCAL\u0102 LARG\u0102 DE TIMP FOLOSIND DIFERI\u0162I FACTORI EXTERNI \u00een vederea ob\u0163inerii titlului \u015ftiin\u0163ific de doctor \u00een domeniul FIZIC\u0102. AMANOLOAEI C. GHEORGHE [ CV ] &nbsp; Comisia de\u2026 <span class=\"read-more\"><a href=\"https:\/\/www.phys.uaic.ro\/index.php\/sustinerea-tezei-de-doctorat-a-drd-amanoloaei-c-gheorghe-pe-23-09-2022\/\">Read More &raquo;<\/a><\/span><\/p>\n","protected":false},"author":4,"featured_media":0,"parent":0,"menu_order":0,"comment_status":"closed","ping_status":"closed","template":"","meta":{"footnotes":""},"class_list":["post-17414","page","type-page","status-publish","hentry"],"_links":{"self":[{"href":"https:\/\/www.phys.uaic.ro\/index.php\/wp-json\/wp\/v2\/pages\/17414","targetHints":{"allow":["GET"]}}],"collection":[{"href":"https:\/\/www.phys.uaic.ro\/index.php\/wp-json\/wp\/v2\/pages"}],"about":[{"href":"https:\/\/www.phys.uaic.ro\/index.php\/wp-json\/wp\/v2\/types\/page"}],"author":[{"embeddable":true,"href":"https:\/\/www.phys.uaic.ro\/index.php\/wp-json\/wp\/v2\/users\/4"}],"replies":[{"embeddable":true,"href":"https:\/\/www.phys.uaic.ro\/index.php\/wp-json\/wp\/v2\/comments?post=17414"}],"version-history":[{"count":0,"href":"https:\/\/www.phys.uaic.ro\/index.php\/wp-json\/wp\/v2\/pages\/17414\/revisions"}],"wp:attachment":[{"href":"https:\/\/www.phys.uaic.ro\/index.php\/wp-json\/wp\/v2\/media?parent=17414"}],"curies":[{"name":"wp","href":"https:\/\/api.w.org\/{rel}","templated":true}]}}