{"id":182,"date":"2018-02-14T13:26:22","date_gmt":"2018-02-14T13:26:22","guid":{"rendered":"http:\/\/www.phys.uaic.ro\/?page_id=182"},"modified":"2025-12-17T11:29:40","modified_gmt":"2025-12-17T09:29:40","slug":"concurs","status":"publish","type":"page","link":"https:\/\/www.phys.uaic.ro\/index.php\/organizare\/concurs\/","title":{"rendered":"Concursuri"},"content":{"rendered":"<h3><a href=\"https:\/\/www.phys.uaic.ro\/wp-content\/uploads\/2025\/03\/Macheta_gradatii_2025-martie.xlsx\">Macheta pentru concursul de gradatii de merit\/ spor de performanta academica<\/a><\/h3>\n<p><a href=\"https:\/\/www.phys.uaic.ro\/wp-content\/uploads\/2025\/02\/Monitorul-Oficial-Partea-I-nr.-121Bis.pdf\" target=\"_blank\" rel=\"noopener\"><span class=\"subject\" title=\"[c.phys] Ordinul Ministrului Educatiei si Cercetarii nr. 3019\/2025\" data-bind=\"text: viewSubject, title: viewSubject, event: { 'dblclick': toggleFullScreen }\"><strong><em>Ordinul Ministrului Educatiei si Cercetarii nr. 3019\/2025<\/em><\/strong><em> pentru aprobarea <\/em><strong><em>standardelor minimale na\u021bionale <\/em><\/strong><em>necesare \u0219i obligatorii pentru<\/em> <em>conferirea<\/em><em><strong> titlului de conferen\u021biar \u0219i a celui de profesor din \u00eenv\u0103\u021b\u0103m\u00e2ntul superior, precum \u0219i a atestatului de abilitare<\/strong><\/em><\/span><\/a><\/p>\n<p>&nbsp;<\/p>\n<div id=\"concurs-lector-53\" class=\"colorbox\" style=\"background-color: #e6e6e6;\">\n<div><strong><a href=\"https:\/\/www.phys.uaic.ro\/wp-content\/uploads\/2025\/12\/Calendar_de_concurs_GMSPA_didactic.pdf\" target=\"_blank\" rel=\"noopener\"><em>Calendarul de concurs pentru ob\u021binerea grada\u021biei de merit \u0219i a sporului de performan\u021b\u0103 academic\u0103 2026 de c\u0103tre personalul didactic<\/em><\/a><\/strong><\/div>\n<div><\/div>\n<div>\n<p><b>Comisia de evaluare a dosarelor<\/b><br \/>\n<b>&#8211; <\/b>prof. univ. dr. Tudor Luchian<br \/>\n&#8211; prof. univ. dr. Silviu Gurlui<br \/>\n&#8211; prof. univ. dr. Diana Mardare<b><\/b><\/p>\n<p><b>Comisia de solu\u021bionare a contesta\u021biilor<\/b><br \/>\n<b>&#8211; <\/b>conf. univ. dr. Alina Chiper<br \/>\n&#8211; conf. univ. dr. Valentin Pohoata<br \/>\n&#8211; conf. univ. dr. Lavinia Curecheriu<\/p>\n<\/div>\n<\/div>\n<p>&nbsp;<\/p>\n<div id=\"concurs-lector-53\" class=\"colorbox\" style=\"background-color: #e6e6e6;\">\n<div id=\"concurs-lector-53\" class=\"colorbox\">\n<h3><strong>Concursuri cadre didactice asociate 2025<\/strong><\/h3>\n<p><a href=\"https:\/\/www.phys.uaic.ro\/wp-content\/uploads\/2024\/09\/3.-Metodologia-de-angajare-a-specialistilor.pdf\" target=\"_blank\" rel=\"noopener\">Metodologie de concurs<\/a><\/p>\n<p><strong><a href=\"https:\/\/www.phys.uaic.ro\/wp-content\/uploads\/2025\/09\/Lista-discipline-concurs_posturi-vacante-si-cadre-didactice-asociate_2025-2026.pdf\" target=\"_blank\" rel=\"noopener\">Lista disciplinelor din posturile vacante pentru concurs<\/a><\/strong><\/p>\n<p><a href=\"https:\/\/www.phys.uaic.ro\/wp-content\/uploads\/2025\/09\/Cerere_template_plata-cu-ora_cadru-didactic-asociat-2025.pdf\" target=\"_blank\" rel=\"noopener\">Model cerere<\/a><\/p>\n<p><a href=\"https:\/\/www.phys.uaic.ro\/wp-content\/uploads\/2025\/09\/LISTA-DOCUMENTE-ASOCIATI-DECLARATII.pdf\" target=\"_blank\" rel=\"noopener\">Lista declaratii<\/a><\/p>\n<p>Candidatii vor trimite documentele cerute in metodologie pe adresa <a href=\"mailto:fizica@uaic.ro\"><strong>fizica@uaic.ro<\/strong><\/a> in intervalul 09-10.09.2025.<\/p>\n<p>Comisia de concurs: prof. univ. dr. habil. Ionut Topala, prof. univ. dr. habil. Dan Gheorghe Dimitriu, conf. univ. dr. habil. Iordana Astefanoaei, lect. univ. dr. Catalin Agheorghiesei.<\/p>\n<\/div>\n<p>&nbsp;<\/p>\n<\/div>\n<p>&nbsp;<\/p>\n<div id=\"concurs-lector-53\" class=\"colorbox\" style=\"background-color: #e6e6e6;\">\n<h3><strong>Concurs pentru ocuparea postului de Asistent universitar pozi\u021bia 68, semestrul II 2024-2025<\/strong><\/h3>\n<p><a href=\"https:\/\/www.phys.uaic.ro\/wp-content\/uploads\/2025\/04\/4.-Tematica-si-bibliografia-concurs-Asistent-67-sem-2.pdf\">Tematica de concurs pentru ocuparea postului Asistent pozi\u0163ia 67 din Statele de func\u0163iuni<\/a><\/p>\n<p>Informatii suplimentare:<\/p>\n<p><a href=\"https:\/\/www.uaic.ro\/angajariuaic\/concursuri-posturi-didactice-si-de-cercetare-semestrul-al-ii-lea-al-anului-universitar-2024-2025\/\">https:\/\/www.uaic.ro\/angajariuaic\/concursuri-posturi-didactice-si-de-cercetare-semestrul-al-ii-lea-al-anului-universitar-2024-2025\/<\/a><\/p>\n<\/div>\n<p>&nbsp;<\/p>\n<p>&nbsp;<\/p>\n<div id=\"concurs-lector-53\" class=\"colorbox\" style=\"background-color: #e6e6e6;\">\n<h3><strong>Concurs pentru ocuparea postului de profesor universitar pozi\u021bia 13 &#8211; 29 ianuarie 2025<\/strong><\/h3>\n<p>Subiectul prelegerii\u00a0 este:<\/p>\n<p><em>Descrierea plasmei \u00een modelul uni- particul\u0103. Mi\u0219carea de drift. Mi\u0219carea particulelor \u00een c\u00e2mpuri magnetice statice \u0219i uniforme. Momentul magnetic. Driftul electric. <\/em><\/p>\n<p>Informatii suplimentare:<\/p>\n<p><a href=\"https:\/\/www.uaic.ro\/angajariuaic\/concursuri-posturi-didactice-semestrul-i-2024-2025-sesiunea-decembrie-2024-februarie-2025\/\"><strong>https:\/\/www.uaic.ro\/angajariuaic\/concursuri-posturi-didactice-semestrul-i-2024-2025-sesiunea-decembrie-2024-februarie-2025\/<\/strong><\/a><\/p>\n<p><em><strong><a href=\"https:\/\/www.phys.uaic.ro\/wp-content\/uploads\/2025\/01\/Rezultate_CONCURS_Prof-poz-13-din-statele-de-functii.pdf\" target=\"_blank\" rel=\"noopener\">Rezultat concurs<\/a> <\/strong><\/em><\/p>\n<\/div>\n<p>&nbsp;<\/p>\n<div id=\"concurs-lector-53\" class=\"colorbox\" style=\"background-color: #e6e6e6;\">\n<h3><strong>Concurs pentru ocuparea postului de profesor universitar pozi\u021bia 14 &#8211; 30 ianuarie 2025<\/strong><\/h3>\n<p>Subiectul prelegerii\u00a0 este:<\/p>\n<p><em>Curen\u021bi electrici ionici \u00een celule si tesuturi; Elemente de circuit electric echivalente \u00een mediile biologice; Capacitatea electric\u0103 a membranelor celulare; Permeabilitatea membranelor celulare pentru curenti ionici<br \/>\n<\/em><\/p>\n<p>Informatii suplimentare:<\/p>\n<p><a href=\"https:\/\/www.uaic.ro\/angajariuaic\/concursuri-posturi-didactice-semestrul-i-2024-2025-sesiunea-decembrie-2024-februarie-2025\/\"><strong>https:\/\/www.uaic.ro\/angajariuaic\/concursuri-posturi-didactice-semestrul-i-2024-2025-sesiunea-decembrie-2024-februarie-2025\/<\/strong><\/a><\/p>\n<p><strong><a href=\"https:\/\/www.phys.uaic.ro\/wp-content\/uploads\/2025\/01\/Rezultate_CONCURS_Prof-poz-14-din-statele-de-functii.pdf\" target=\"_blank\" rel=\"noopener\"><em>Rezultat concurs<\/em><\/a><\/strong><\/p>\n<\/div>\n<p>&nbsp;<\/p>\n<p>&nbsp;<\/p>\n<div id=\"concurs-lector-53\" class=\"colorbox\" style=\"background-color: #e6e6e6;\">\n<h3><strong>Concursuri cadre didactice asociate 2024<\/strong><\/h3>\n<p><a href=\"https:\/\/www.phys.uaic.ro\/wp-content\/uploads\/2024\/09\/3.-Metodologia-de-angajare-a-specialistilor.pdf\">Metodologie de concurs<\/a><\/p>\n<p><a href=\"https:\/\/www.phys.uaic.ro\/wp-content\/uploads\/2024\/09\/Lista-discipline-concurs_posturi-vacante-si-cadre-didactice-asociate_2024-2025.pdf\"><strong>Lista disciplinelor din posturile vacante pentru concurs<\/strong><\/a><\/p>\n<p><a href=\"https:\/\/www.phys.uaic.ro\/wp-content\/uploads\/2024\/09\/model_cerere_2024.pdf\">Model cerere<\/a><\/p>\n<p>Candidatii vor trimite documentele cerute in metodologie pe adresa <a href=\"mailto:fizica@uaic.ro\"><strong>fizica@uaic.ro<\/strong><\/a> in intervalul 13-16.09.2024.<\/p>\n<p>Comisia de concurs: prof. univ. dr. habil. Ionut Topala, conf. univ. dr. habil. Iordana Astefanoaei, lect. univ. dr. Catalin Agheorghiesei.<\/p>\n<\/div>\n<h3><\/h3>\n<div id=\"concurs-lector-53\" class=\"colorbox\" style=\"background-color: #e6e6e6;\">\n<h3><strong>Concurs pentru ocuparea postului de Asistent universitar pozi\u021bia 58, semestrul II 2023-2024<\/strong><\/h3>\n<p><a href=\"https:\/\/www.phys.uaic.ro\/wp-content\/uploads\/2024\/05\/2024-Tematica-si-bibliografia-concurs-Asistent-58_sem-2.pdf\">Tematica de concurs pentru ocuparea postului Asistent pozi\u0163ia 58 din Statele de func\u0163iuni\u00a0<\/a><\/p>\n<p>Proba scris\u0103 va avea loc luni 1 iulie 2024 ora 09:00, \u00een laboratorul de Fizica Atomului \u0219i Moleculei.<\/p>\n<p>Subiectul selectat pentru proba practica (concurs asistent pozitia 58 din statele de functii) programata mar\u021bi 2 iulie 2024 ora 09:00, in Laboratorul de Electronica, este:<\/p>\n<p><em>Caracteristici volt-amperice ale tranzistoarelor bipolare<\/em>.<\/p>\n<p>Informatii suplimentare:<\/p>\n<p><a href=\"https:\/\/www.uaic.ro\/angajari_uaic\/concursuri-posturi-didactice-si-de-cercetare-semestrul-ii-2023-2024-sesiunea-aprilie-iulie-2024\/\"><strong>https:\/\/www.uaic.ro\/angajari_uaic\/concursuri-posturi-didactice-si-de-cercetare-semestrul-ii-2023-2024-sesiunea-aprilie-iulie-2024\/<\/strong><\/a><\/p>\n<p><strong><a href=\"https:\/\/www.phys.uaic.ro\/wp-content\/uploads\/2024\/07\/Rezultate_CONCURS_asistent-poz-58.pdf\">Rezultate concursurs 01-02 iulie 2024<\/a><\/strong><\/p>\n<\/div>\n<h3><\/h3>\n<div id=\"concurs-lector-53\" class=\"colorbox\" style=\"background-color: #e6e6e6;\">\n<h3><strong>Concurs pentru ocuparea postului de Lector universitar pozi\u021bia 49, semestrul II 2023-2024<\/strong><\/h3>\n<p>Tematica de concurs pentru ocuparea postului Asistent pozi\u0163ia 58 din Statele de func\u0163iuni ;<\/p>\n<p>1. Oscila\u021bii for\u021bate. Rezonan\u021ba amplitudinii, rezonanta vitezei. 2. Absorb\u021bia undelor. 3. Efectul Doppler. 4. Al doilea principiu al termodinamicii. Ciclul Carnot. Randamentul ciclului Carnot. Teorema lui Carnot. Inegalitatea lui Clausius. Entropia.5. Interac\u021biuni moleculare. Gaze reale. Ecua\u021bia Wan der Waals. Punctul critic.6. Modele nucleare &#8211; modelul pic\u0103tur\u0103 al nucleului atomic.<\/p>\n<p>Informatii suplimentare:<\/p>\n<p><a href=\"https:\/\/www.uaic.ro\/angajari_uaic\/concursuri-posturi-didactice-si-de-cercetare-semestrul-ii-2023-2024-sesiunea-aprilie-iulie-2024\/\"><strong>https:\/\/www.uaic.ro\/angajari_uaic\/concursuri-posturi-didactice-si-de-cercetare-semestrul-ii-2023-2024-sesiunea-aprilie-iulie-2024\/<\/strong><\/a><\/p>\n<p>Update 29 iunie, ora 11: Subiectul extras pentru prelegerea academica este<\/p>\n<p><strong>Efectul Doppler<\/strong><\/p>\n<p><strong><a href=\"https:\/\/www.phys.uaic.ro\/wp-content\/uploads\/2024\/07\/Rezultate_CONCURS_Lect-poz-49.pdf\">Rezultate concurs 01 iulie 2024<\/a><\/strong><\/p>\n<\/div>\n<p>&nbsp;<\/p>\n<div id=\"concurs-lector-53\" class=\"colorbox\" style=\"background-color: #e6e6e6;\">\n<h3><strong>Concurs pentru ocuparea postului de profesor universitar pozi\u021bia 12 &#8211; 31 ianuarie 2024<\/strong><\/h3>\n<p>Subiectul prelegerii\u00a0 este:<\/p>\n<p><em>Unde de materie. Confirm\u0103ri experimentale.<\/em><\/p>\n<h3><a href=\"https:\/\/www.phys.uaic.ro\/wp-content\/uploads\/2024\/02\/Rezultate_CONCURS_Prof-poz-12-si-Conf-poz-30-din-statele-de-functii.pdf\">Rezultate concursuri semestrul I &#8211; an universitar 2023-2024<\/a><\/h3>\n<\/div>\n<p>&nbsp;<\/p>\n<div id=\"concurs-lector-53\" class=\"colorbox\" style=\"background-color: #e6e6e6;\">\n<h3><strong>Concurs pentru ocuparea postului de conferentiar universitar pozi\u021bia 30 &#8211; 30 ianuarie 2024<\/strong><\/h3>\n<p>Subiectul prelegerii\u00a0 este:<\/p>\n<p><em>Principiile de baza ale fototerapiei si electroterapiei<\/em><\/p>\n<h3><a href=\"https:\/\/www.phys.uaic.ro\/wp-content\/uploads\/2024\/02\/Rezultate_CONCURS_Prof-poz-12-si-Conf-poz-30-din-statele-de-functii.pdf\">Rezultate concursuri semestrul I &#8211; an universitar 2023-2024<\/a><\/h3>\n<\/div>\n<p>&nbsp;<\/p>\n<div id=\"concurs-lector-53\" class=\"colorbox\" style=\"background-color: #e6e6e6;\">\n<h3><span style=\"color: #000000;\"><strong>Concurs pentru ocuparea postului de Asistent universitar pozi\u021bia 58, semestrul I 2023-2024<\/strong><\/span><\/h3>\n<p><a href=\"https:\/\/www.phys.uaic.ro\/wp-content\/uploads\/2023\/12\/2023-Tematica-si-bibliografia-concurs-Asistent-58.pdf\">Tematica de concurs pentru ocuparea postului Asistent pozi\u0163ia 58 din Statele de func\u0163iuni\u00a0<\/a><\/p>\n<p>Informatii suplimentare:<\/p>\n<p><a href=\"https:\/\/www.uaic.ro\/angajari_uaic\/concursuri-posturi-didactice-si-de-cercetare-semestrul-i-2023-2024-sesiunea-noiembrie-2023-februarie-2024\/\"><strong>https:\/\/www.uaic.ro\/angajari_uaic\/concursuri-posturi-didactice-si-de-cercetare-semestrul-i-2023-2024-sesiunea-noiembrie-2023-februarie-2024\/<\/strong><\/a><\/p>\n<\/div>\n<p>&nbsp;<\/p>\n<div id=\"concurs-lector-53\" class=\"colorbox\" style=\"background-color: #e6e6e6;\">\n<h3><span style=\"color: #000000;\"><strong>Concursuri cadre didactice asociate 2023<\/strong><\/span><\/h3>\n<p><a href=\"https:\/\/www.phys.uaic.ro\/wp-content\/uploads\/2023\/08\/3-METODOLOGIE-CONCURS-PENTRU-OCUPAREA-POSTURILOR-DID.-SI-CERC.PER_.DET_art-31-pag-16.pdf\">Metodologie de concurs<\/a><\/p>\n<p><a href=\"https:\/\/www.phys.uaic.ro\/wp-content\/uploads\/2023\/09\/Lista-discipline-concurs_posturi-vacante_2023-2024_v1.pdf\"><strong>Lista disciplinelor din posturile vacante pentru concurs<\/strong><\/a><\/p>\n<p><a href=\"https:\/\/www.phys.uaic.ro\/wp-content\/uploads\/2023\/08\/cerere_model.doc\">Model cerere<\/a><\/p>\n<p>Candidatii vor trimite documentele cerute in metodologie pe adresa <a href=\"mailto:fizica@uaic.ro\"><strong>fizica@uaic.ro<\/strong><\/a> pana pe data de 06.09.2023.<\/p>\n<p>Comisia de concurs: prof. univ. dr. habil. Cristian Enachescu, conf. univ. dr. habil. Ionut Topala, conf. univ. dr. habil. Iordana Astefanoaei.<\/p>\n<\/div>\n<p>&nbsp;<\/p>\n<div id=\"concurs-lector-53\" class=\"colorbox\" style=\"background-color: #e6e6e6;\">\n<h3><strong>Concurs pentru ocuparea postului de Pro<\/strong><strong>fesor universitar pozi\u021bia 11 &#8211; 25 ianuarie 2023<\/strong><\/h3>\n<p>Subiectul prelegerii\u00a0 este:<\/p>\n<p><em>Propagarea undelor ultrasonore \u00een lichide. Legea lui Rao<\/em><\/p>\n<p>La concurs s-a prezentat un singur candidat &#8211; conf. univ. dr. Dan Dimitriu- care a fost admis cu media 10.<\/p>\n<\/div>\n<p>&nbsp;<\/p>\n<div id=\"concurs-lector-53\" class=\"colorbox\" style=\"background-color: #e6e6e6;\">\n<h3><strong>Concurs pentru ocuparea postului de Conferen\u021biar universitar pozi\u021bia 30 &#8211; 26 ianuarie 2023<\/strong><\/h3>\n<p>Subiectul prelegerii\u00a0 este:<\/p>\n<p><em>Generarea numerelor aleatoare dupa o distributie data. Esantionarea prin eliminare \u0219i prin utilizarea distribu\u021biilor inversabile. Distribu\u021bii Gauss, exponen\u021biale. Alte distribu\u021bii.<\/em><\/p>\n<p>La concurs s-a prezentat un singur candidat &#8211; lect. univ. dr. Radu Tanasa- care a fost admis cu media 10.<\/p>\n<\/div>\n<p>&nbsp;<\/p>\n<div id=\"concurs-lector-53\" class=\"colorbox\" style=\"background-color: #e6e6e6;\">\n<h3><strong>Concursuri cadre didactice asociate 2022<br \/>\n<\/strong><a href=\"https:\/\/www.phys.uaic.ro\/wp-content\/uploads\/2022\/08\/3-METODOLOGIE-CONCURS-PENTRU-OCUPAREA-POSTURILOR-DID.-SI-CERC.PER_.DET_art-31-pag-16.pdf\">Metodologie de concurs<\/a><\/h3>\n<h3><a href=\"https:\/\/www.phys.uaic.ro\/wp-content\/uploads\/2022\/09\/Lista-discipline-din-posturile-vacante-pt-concurs-cadre-didactice-asociate_v1.pdf\"><strong>Lista disciplinelor din posturile vacante pentru concurs &#8211; afisat 16 august 2022<\/strong><\/a><\/h3>\n<p>Candidatii vor trimite documentele cerute in metodologie pe adresa fizica@uaic.ro pana pe data de 10.09.2022.<\/p>\n<\/div>\n<p>&nbsp;<\/p>\n<div id=\"concurs-lector-53\" class=\"colorbox\" style=\"background-color: #e6e6e6;\">\n<h3><strong>Concurs pentru ocuparea postului de Conferen\u021biar universitar pozi\u021bia 30 &#8211; 28 iunie 2022<\/strong><\/h3>\n<p>Subiectul prelegerii care a fost tras la sorti este:<\/p>\n<p><i>Descarcarea magnetron. Depuneri de straturi subtiri prin pulverizare catodica<\/i><\/p>\n<h3><strong>Concurs pentru ocuparea postului de Conferen\u021biar universitar pozi\u021bia 29 &#8211; 28 iunie 2022<\/strong><\/h3>\n<p>Subiectul prelegerii care a fost tras la sorti este:<\/p>\n<p><i>Materiale nanocompozite: defini\u021bii, clasific\u0103ri, exemple<\/i><\/p>\n<p><strong><a href=\"https:\/\/www.phys.uaic.ro\/wp-content\/uploads\/2022\/06\/Rezultate_CONCURS_Prof-conf_pozitia-29-30-din-statele-de-functii.pdf\">Rezultate concursuri 28 iunie 2022<\/a><\/strong><\/p>\n<\/div>\n<p>&nbsp;<\/p>\n<div id=\"concurs-lector-53\" class=\"colorbox\" style=\"background-color: #e6e6e6;\">\n<h3><strong>Concurs pentru ocuparea postului de Profesor universitar, pozi\u021bia 12 &#8211; februarie 2022<\/strong><\/h3>\n<p>La concurs s-a prezentat un singur candidat &#8211; conf. univ. dr. Silviu Gurlui &#8211; care a fost admis cu media 10.<\/p>\n<p><strong>Concurs pentru ocuparea postului de Conferen\u021biar universitar, pozi\u021bia 28 -februarie 2022<\/strong><\/p>\n<p>La concurs s-a prezentat un singur candidat &#8211; lect. univ. dr. Valentin Pohoata- care a fost admis cu media 10.<\/p>\n<\/div>\n<p>&nbsp;<\/p>\n<div id=\"concurs-lector-53\" class=\"colorbox\" style=\"background-color: #e6e6e6;\">\n<h3><strong>Concurs pentru ocuparea postului de Asistent universitar pozi\u021bia 61, semestrul II 2020-2021<\/strong><\/h3>\n<p><a href=\"http:\/\/www.phys.uaic.ro\/wp\/organizare\/concurs\/tematicat-concurs-asistent-61-sem-ii-2020-2021.pdf\">Tematica de concurs pentru ocuparea postului Asistent pozi\u0163ia 61 din Statele de func\u0163iuni<\/a> <img decoding=\"async\" style=\"vertical-align: top; width: 20px; height: 20px;\" src=\"http:\/\/www.phys.uaic.ro\/wp\/imagini\/pdf-icon.png\" alt=\"pdf\" \/><\/p>\n<p>Subiectul selectat pentru proba practica (concurs asistent pozitia 61 din statele de functii) programata joi 8 iulie 2021 ora 14 este:<\/p>\n<p>Masurarea temperaturii: Termometrul cu rezistenta si termistorul.<\/p>\n<p>Proba practica va avea loc in laboratorul de Fizica Moleculara si Caldura.<\/p>\n<p><a href=\"http:\/\/www.phys.uaic.ro\/wp\/organizare\/concurs\/rezultate-concurs-asistent-61-departament-fizica.pdf\">Rezultatele concursului pentru ocuparea postului de asistent universitar, pozi\u021bia 61 din Statul de Functii al Departamentului de Fizica &#8211; 8 iulie 2021<\/a> <img decoding=\"async\" style=\"vertical-align: top; width: 20px; height: 20px;\" src=\"http:\/\/www.phys.uaic.ro\/wp\/imagini\/pdf-icon.png\" alt=\"pdf\" \/><\/p>\n<\/div>\n<p>&nbsp;<\/p>\n<div id=\"concurs-lector-53\" class=\"colorbox\" style=\"background-color: #e6e6e6;\">\n<h3><strong>Concurs pentru ocuparea postului de Conferen\u021biar universitar, pozi\u021bia 28<\/strong><\/h3>\n<p><a href=\"http:\/\/www.phys.uaic.ro\/wp\/organizare\/concurs\/rezultate-conferentiar-28.pdf\">Rezultatele concursului de ocuparea postului de conferen\u021biar universitar, pozi\u021bia 28 din Statul de Func\u021bii al Departamentului de Fizic\u0103 &#8211; iulie 2020<\/a> <img decoding=\"async\" style=\"vertical-align: top; width: 20px; height: 20px;\" src=\"http:\/\/www.phys.uaic.ro\/wp\/imagini\/pdf-icon.png\" alt=\"pdf\" \/><\/p>\n<\/div>\n<p>&nbsp;<\/p>\n<div id=\"concurs-conferentiar-28\" class=\"colorbox\" style=\"background-color: #e6e6e6;\">\n<h3><strong>Concurs pentru ocuparea postului de Conferen\u021biar universitar pozi\u021bia 28 &#8211; 26 ianuarie 2018<\/strong><\/h3>\n<p>Subiectul prelegerii care a fost tras la sorti este:<\/p>\n<p><i>Biofizica sistemelor chemosenzoriale: Mecanismele moleculare care stau la baza percep\u0163iei olfactoriale \u015fi gustative.<\/i><\/p>\n<p>La concurs s-a prezentat o singura candidata &#8211; lect.dr. Loredana Mereuta &#8211; care a fost admisa cu media 10.<\/p>\n<\/div>\n<p>&nbsp;<\/p>\n<div id=\"concurs-lector-52\" class=\"colorbox\" style=\"background-color: #e6e6e6;\">\n<h3><strong>Concurs pentru ocuparea postului de Lector universitar pozi\u021bia 52 &#8211; 26 ianuarie 2018<\/strong><\/h3>\n<p>Subiectul prelegerii care a fost tras la sorti este:<\/p>\n<p><i>Relaxarea dielectric\u0103: Teoria fenomenologic\u0103 a pierderilor<\/i><\/p>\n<p>La concurs s-a prezentat o singura candidata &#8211; asist .dr. Lavinia Petronela Curecheriu &#8211; care a fost admisa cu media 10.<\/p>\n<\/div>\n<p>&nbsp;<\/p>\n<div id=\"concurs-lector-53\" class=\"colorbox\" style=\"background-color: #e6e6e6;\">\n<h3><strong>Concurs pentru ocuparea postului de Lector universitar pozi\u021bia 53 &#8211; 25 ianuarie 2018<\/strong><\/h3>\n<p>Subiectul prelegerii care a fost tras la sorti este:<\/p>\n<p><i> Al doilea principiu al termodinamicii. Ciclul Carnot. Randamentul ciclului Carnot. Teorema lui Carnot; <\/i><\/p>\n<p>La concurs s-a prezentat o singura candidata &#8211; asist. dr. Laura Ioana Velicu &#8211; care a fost admisa cu media 10.<\/p>\n<\/div>\n","protected":false},"excerpt":{"rendered":"<p>Macheta pentru concursul de gradatii de merit\/ spor de performanta academica Ordinul Ministrului Educatiei si Cercetarii nr. 3019\/2025 pentru aprobarea standardelor minimale na\u021bionale necesare \u0219i obligatorii pentru conferirea titlului de conferen\u021biar \u0219i a celui de profesor din \u00eenv\u0103\u021b\u0103m\u00e2ntul superior, precum \u0219i a atestatului de abilitare &nbsp; Calendarul de concurs pentru ob\u021binerea grada\u021biei de merit \u0219i a sporului de\u2026 <span class=\"read-more\"><a href=\"https:\/\/www.phys.uaic.ro\/index.php\/organizare\/concurs\/\">Read More &raquo;<\/a><\/span><\/p>\n","protected":false},"author":3,"featured_media":0,"parent":90,"menu_order":0,"comment_status":"closed","ping_status":"closed","template":"","meta":{"footnotes":""},"class_list":["post-182","page","type-page","status-publish","hentry"],"_links":{"self":[{"href":"https:\/\/www.phys.uaic.ro\/index.php\/wp-json\/wp\/v2\/pages\/182","targetHints":{"allow":["GET"]}}],"collection":[{"href":"https:\/\/www.phys.uaic.ro\/index.php\/wp-json\/wp\/v2\/pages"}],"about":[{"href":"https:\/\/www.phys.uaic.ro\/index.php\/wp-json\/wp\/v2\/types\/page"}],"author":[{"embeddable":true,"href":"https:\/\/www.phys.uaic.ro\/index.php\/wp-json\/wp\/v2\/users\/3"}],"replies":[{"embeddable":true,"href":"https:\/\/www.phys.uaic.ro\/index.php\/wp-json\/wp\/v2\/comments?post=182"}],"version-history":[{"count":0,"href":"https:\/\/www.phys.uaic.ro\/index.php\/wp-json\/wp\/v2\/pages\/182\/revisions"}],"up":[{"embeddable":true,"href":"https:\/\/www.phys.uaic.ro\/index.php\/wp-json\/wp\/v2\/pages\/90"}],"wp:attachment":[{"href":"https:\/\/www.phys.uaic.ro\/index.php\/wp-json\/wp\/v2\/media?parent=182"}],"curies":[{"name":"wp","href":"https:\/\/api.w.org\/{rel}","templated":true}]}}