{"id":18904,"date":"2023-03-03T07:57:09","date_gmt":"2023-03-03T05:57:09","guid":{"rendered":"https:\/\/www.phys.uaic.ro\/?page_id=18904"},"modified":"2023-03-03T07:59:22","modified_gmt":"2023-03-03T05:59:22","slug":"anunt-privind-pre-sustinerea-in-fata-comisiei-de-indrumare-a-tezei-de-doctorat-a-drd-bucataru-ioana-cezara-pe-23-03-2023","status":"publish","type":"page","link":"https:\/\/www.phys.uaic.ro\/index.php\/anunt-privind-pre-sustinerea-in-fata-comisiei-de-indrumare-a-tezei-de-doctorat-a-drd-bucataru-ioana-cezara-pe-23-03-2023\/","title":{"rendered":"Anun\u021b privind pre-sus\u021binerea, \u00een fa\u021ba comisiei de \u00eendrumare, a tezei de doctorat a drd. BUC\u0102TARU Ioana-Cezara pe 23.03.2023"},"content":{"rendered":"<p>La data de <strong>23.03.2023<\/strong>, \u00eencep\u00e2nd cu ora <strong>9:00<\/strong>, \u00een <strong>Laboratorul de Biofizic\u0103 \u0219i Fizic\u0103 Medical\u0103<\/strong>\u00a0 va avea loc presus\u021binerea, \u00een fa\u021ba comisiei de \u00eendrumare, a tezei de doctorat cu titlul: <strong><em>\u201eDetec\u021bia \u0219i analiza structural\u0103 cu nanopori, la nivel de singur\u0103 molecul\u0103, a unor biomolecule relevante func\u021bional\u201d<\/em><\/strong>, prezentat\u0103 de doctoranda <strong>BUC\u0102TARU Ioana-Cezara<\/strong> sub \u00eendrumarea <strong>prof. univ. dr. Tudor LUCHIAN.<\/strong><\/p>\n","protected":false},"excerpt":{"rendered":"<p>La data de 23.03.2023, \u00eencep\u00e2nd cu ora 9:00, \u00een Laboratorul de Biofizic\u0103 \u0219i Fizic\u0103 Medical\u0103\u00a0 va avea loc presus\u021binerea, \u00een fa\u021ba comisiei de \u00eendrumare, a tezei de doctorat cu titlul: \u201eDetec\u021bia \u0219i analiza structural\u0103 cu nanopori, la nivel de singur\u0103 molecul\u0103, a unor biomolecule relevante func\u021bional\u201d, prezentat\u0103 de doctoranda BUC\u0102TARU Ioana-Cezara sub \u00eendrumarea prof. univ. dr. Tudor LUCHIAN.<\/p>\n","protected":false},"author":4,"featured_media":0,"parent":0,"menu_order":0,"comment_status":"closed","ping_status":"closed","template":"","meta":{"footnotes":""},"class_list":["post-18904","page","type-page","status-publish","hentry"],"_links":{"self":[{"href":"https:\/\/www.phys.uaic.ro\/index.php\/wp-json\/wp\/v2\/pages\/18904","targetHints":{"allow":["GET"]}}],"collection":[{"href":"https:\/\/www.phys.uaic.ro\/index.php\/wp-json\/wp\/v2\/pages"}],"about":[{"href":"https:\/\/www.phys.uaic.ro\/index.php\/wp-json\/wp\/v2\/types\/page"}],"author":[{"embeddable":true,"href":"https:\/\/www.phys.uaic.ro\/index.php\/wp-json\/wp\/v2\/users\/4"}],"replies":[{"embeddable":true,"href":"https:\/\/www.phys.uaic.ro\/index.php\/wp-json\/wp\/v2\/comments?post=18904"}],"version-history":[{"count":0,"href":"https:\/\/www.phys.uaic.ro\/index.php\/wp-json\/wp\/v2\/pages\/18904\/revisions"}],"wp:attachment":[{"href":"https:\/\/www.phys.uaic.ro\/index.php\/wp-json\/wp\/v2\/media?parent=18904"}],"curies":[{"name":"wp","href":"https:\/\/api.w.org\/{rel}","templated":true}]}}