{"id":19076,"date":"2023-03-22T08:56:44","date_gmt":"2023-03-22T06:56:44","guid":{"rendered":"https:\/\/www.phys.uaic.ro\/?page_id=19076"},"modified":"2023-03-22T08:57:55","modified_gmt":"2023-03-22T06:57:55","slug":"anunt-privind-sustinerea-raportului-de-cercetare-a-drd-surdu-cas-stavila-cristina","status":"publish","type":"page","link":"https:\/\/www.phys.uaic.ro\/index.php\/anunt-privind-sustinerea-raportului-de-cercetare-a-drd-surdu-cas-stavila-cristina\/","title":{"rendered":"Anun\u021b privind sus\u021binerea raportului de cercetare a drd. SURDU (c\u0103s. Stavil\u0103) Cristina pe 29.03.2023"},"content":{"rendered":"<p>La data de <strong>29.03.2023<\/strong>, \u00eencep\u00e2nd cu ora <strong>14:00<\/strong>, \u00een Laboratorul de Biofizic\u0103 (parter) va avea loc sus\u021binerea public\u0103 a raportului de cercetare cu titlul \u201e<em><strong>Evaluarea efectelor induse de nanoparticulele magnetice asupra culturilor celulare \u00een prezen\u021ba c\u00e2mpurilor magnetice dinamice \u0219i respectiv statice \u2013 rezultate experimentale<\/strong><\/em>\u201d, prezentat de studenta doctorand\u0103 <strong>SURDU (c\u0103s. Stavil\u0103) Cristina<\/strong> sub \u00eendrumarea <strong>prof. dr. habil. Emilia-Dorina CREANG\u0102.<\/strong><\/p>\n","protected":false},"excerpt":{"rendered":"<p>La data de 29.03.2023, \u00eencep\u00e2nd cu ora 14:00, \u00een Laboratorul de Biofizic\u0103 (parter) va avea loc sus\u021binerea public\u0103 a raportului de cercetare cu titlul \u201eEvaluarea efectelor induse de nanoparticulele magnetice asupra culturilor celulare \u00een prezen\u021ba c\u00e2mpurilor magnetice dinamice \u0219i respectiv statice \u2013 rezultate experimentale\u201d, prezentat de studenta doctorand\u0103 SURDU (c\u0103s. Stavil\u0103) Cristina sub \u00eendrumarea prof. dr. habil. Emilia-Dorina\u2026 <span class=\"read-more\"><a href=\"https:\/\/www.phys.uaic.ro\/index.php\/anunt-privind-sustinerea-raportului-de-cercetare-a-drd-surdu-cas-stavila-cristina\/\">Read More &raquo;<\/a><\/span><\/p>\n","protected":false},"author":4,"featured_media":0,"parent":0,"menu_order":0,"comment_status":"closed","ping_status":"closed","template":"","meta":{"footnotes":""},"class_list":["post-19076","page","type-page","status-publish","hentry"],"_links":{"self":[{"href":"https:\/\/www.phys.uaic.ro\/index.php\/wp-json\/wp\/v2\/pages\/19076","targetHints":{"allow":["GET"]}}],"collection":[{"href":"https:\/\/www.phys.uaic.ro\/index.php\/wp-json\/wp\/v2\/pages"}],"about":[{"href":"https:\/\/www.phys.uaic.ro\/index.php\/wp-json\/wp\/v2\/types\/page"}],"author":[{"embeddable":true,"href":"https:\/\/www.phys.uaic.ro\/index.php\/wp-json\/wp\/v2\/users\/4"}],"replies":[{"embeddable":true,"href":"https:\/\/www.phys.uaic.ro\/index.php\/wp-json\/wp\/v2\/comments?post=19076"}],"version-history":[{"count":0,"href":"https:\/\/www.phys.uaic.ro\/index.php\/wp-json\/wp\/v2\/pages\/19076\/revisions"}],"wp:attachment":[{"href":"https:\/\/www.phys.uaic.ro\/index.php\/wp-json\/wp\/v2\/media?parent=19076"}],"curies":[{"name":"wp","href":"https:\/\/api.w.org\/{rel}","templated":true}]}}