{"id":19482,"date":"2023-06-12T08:22:27","date_gmt":"2023-06-12T05:22:27","guid":{"rendered":"https:\/\/www.phys.uaic.ro\/?page_id=19482"},"modified":"2023-06-12T08:25:37","modified_gmt":"2023-06-12T05:25:37","slug":"anunt-privind-sustinerea-raportului-de-cercetare-a-drd-molcalut-monica-pe-data-de-16-06-2023","status":"publish","type":"page","link":"https:\/\/www.phys.uaic.ro\/index.php\/anunt-privind-sustinerea-raportului-de-cercetare-a-drd-molcalut-monica-pe-data-de-16-06-2023\/","title":{"rendered":"Anun\u021b privind sustinerea raportului de cercetare a drd. MOLC\u0102LU\u021a Monica  pe data de 16.06.2023"},"content":{"rendered":"<p>La data de <strong>16.06.2023<\/strong>, \u00eencep\u00e2nd cu <strong>ora 16<sup>00<\/sup>, \u00een Laboratorul de Autoorganizare<\/strong> va avea loc sus\u021binerea raportului de cercetare cu titlul <strong>\u201e<\/strong><strong><em>ELEMENTE DE DINAMIC\u0102 NELINIAR\u0102. DIAGRAME DE BIFURCA\u021aII \u0218I COEFICIEN\u021aI LYAPUNOV<\/em>\u201d<\/strong>, prezentat\u0103\u00a0 de studenta-doctorand\u0103 <strong>MOLC\u0102LU\u021a Monica<\/strong>, sub \u00eendrumarea <strong>prof. univ. dr. Maricel AGOP.<\/strong><\/p>\n","protected":false},"excerpt":{"rendered":"<p>La data de 16.06.2023, \u00eencep\u00e2nd cu ora 1600, \u00een Laboratorul de Autoorganizare va avea loc sus\u021binerea raportului de cercetare cu titlul \u201eELEMENTE DE DINAMIC\u0102 NELINIAR\u0102. DIAGRAME DE BIFURCA\u021aII \u0218I COEFICIEN\u021aI LYAPUNOV\u201d, prezentat\u0103\u00a0 de studenta-doctorand\u0103 MOLC\u0102LU\u021a Monica, sub \u00eendrumarea prof. univ. dr. Maricel AGOP.<\/p>\n","protected":false},"author":4,"featured_media":0,"parent":0,"menu_order":0,"comment_status":"closed","ping_status":"closed","template":"","meta":{"footnotes":""},"class_list":["post-19482","page","type-page","status-publish","hentry"],"_links":{"self":[{"href":"https:\/\/www.phys.uaic.ro\/index.php\/wp-json\/wp\/v2\/pages\/19482","targetHints":{"allow":["GET"]}}],"collection":[{"href":"https:\/\/www.phys.uaic.ro\/index.php\/wp-json\/wp\/v2\/pages"}],"about":[{"href":"https:\/\/www.phys.uaic.ro\/index.php\/wp-json\/wp\/v2\/types\/page"}],"author":[{"embeddable":true,"href":"https:\/\/www.phys.uaic.ro\/index.php\/wp-json\/wp\/v2\/users\/4"}],"replies":[{"embeddable":true,"href":"https:\/\/www.phys.uaic.ro\/index.php\/wp-json\/wp\/v2\/comments?post=19482"}],"version-history":[{"count":0,"href":"https:\/\/www.phys.uaic.ro\/index.php\/wp-json\/wp\/v2\/pages\/19482\/revisions"}],"wp:attachment":[{"href":"https:\/\/www.phys.uaic.ro\/index.php\/wp-json\/wp\/v2\/media?parent=19482"}],"curies":[{"name":"wp","href":"https:\/\/api.w.org\/{rel}","templated":true}]}}