{"id":19617,"date":"2023-06-22T11:05:45","date_gmt":"2023-06-22T08:05:45","guid":{"rendered":"https:\/\/www.phys.uaic.ro\/?page_id=19617"},"modified":"2023-07-20T15:15:47","modified_gmt":"2023-07-20T12:15:47","slug":"organizarea-admiterii-la-master-iulie-2023","status":"publish","type":"page","link":"https:\/\/www.phys.uaic.ro\/index.php\/organizarea-admiterii-la-master-iulie-2023\/","title":{"rendered":"Organizarea admiterii la MASTER &#8211; iulie 2023"},"content":{"rendered":"<h3><strong><span style=\"color: #ff0000;\"><a style=\"color: #ff0000;\" href=\"https:\/\/www.phys.uaic.ro\/wp-content\/uploads\/2023\/07\/master-buget.pdf\" target=\"_blank\" rel=\"noopener\">Rezultate admitere master BUGET &#8211; iulie 2023<\/a><\/span><\/strong><\/h3>\n<h3><a href=\"https:\/\/www.phys.uaic.ro\/wp-content\/uploads\/2023\/07\/master-taxa.pdf\" target=\"_blank\" rel=\"noopener\"><span style=\"color: #ff0000;\"><strong>Rezultate admitere master TAX\u0102 &#8211; iulie 2023<\/strong><\/span><\/a><\/h3>\n<h3><a href=\"https:\/\/www.phys.uaic.ro\/wp-content\/uploads\/2023\/07\/RM-Master-Iasi.pdf\" target=\"_blank\" rel=\"noopener\"><span style=\"color: #ff0000;\">Rezultate admitere master iulie 2023 &#8211; locuri Rom\u00e2ni de Pretutindeni Tax\u0103<\/span><\/a><\/h3>\n<p>In <strong>etapa de confirmare<\/strong> (la secretariatul Facultatii, 19-24 iulie, orele 9-15 si 25 iulie 2023, orele 9-12, exceptand sambata si duminica):<\/p>\n<p>&#8211; <strong>Candida\u021bii admi\u0219i la buget, care au adus actele \u00een original<\/strong>, pot \u00eenc\u0103rca \u00een platform\u0103, in contul personal, dovada pl\u0103\u021bii taxei de \u00eenmatriculare \u0219i<em><strong><a href=\"https:\/\/www.phys.uaic.ro\/wp-content\/uploads\/2023\/07\/1.-Contract-IF-2023.pdf\" target=\"_blank\" rel=\"noopener\"> Contractul de studii<\/a><\/strong><\/em> completat si semnat (un singur fisier).<\/p>\n<p>&#8211; <strong>Candida\u021bii admi\u0219i la buget, care nu au depuse actele \u00een original,<\/strong> trebuie sa aduca \u00een original la Facultate actele necesare, cu dovada taxei de \u00eenmatriculare \u0219i vor semna Contractul de studii;<\/p>\n<p>&#8211; <strong>Candida\u021bii admi\u0219i doar la tax\u0103 (cei care urmeaza a II-a facultate sau au fost exmatriculati de la alt master)\u00a0<\/strong> vor achita <b>30% din taxa sem.I: 500 RON. <\/b><\/p>\n<p>&#8211; <strong>Candida\u021bii admi\u0219i\u00a0 la tax\u0103 (dar care isi doresc un loc la buget)\u00a0<\/strong> vor achita <b>doar taxa de inmatriculare (50 RON).<\/b> Avand in vedere ca estimam ca unii dintre candidatii admisi la taxa pot trece ulterior la buget (in urma eventualelor suplimentari de locuri), taxa de scolarizare se va achita mai tarziu, pana pe 10 septembrie, daca\u00a0 va fi cazul.<\/p>\n<p>&nbsp;<\/p>\n<h3><strong>Perioada admiterii<\/strong><\/h3>\n<ul>\n<li><b>\u00censcriere \u0219i depunerea dosarelor<\/b>: 10-15 iulie 2023 (online si in laboratorul de informatica- demisol)\n<ul>\n<li>luni, <strong>10 iulie<\/strong> &#8211; vineri, <strong>14 iulie 2023<\/strong>, orele <strong>9:00 &#8211; 17:00<\/strong><\/li>\n<li>s\u00e2mb\u0103t\u0103, <strong>15 iulie 2023<\/strong>; orele <strong>9:00 &#8211; 12:00<\/strong><\/li>\n<\/ul>\n<\/li>\n<li><b>Selec\u021bia candida\u021bilor \u0219i afi\u0219area rezultatelor<\/b>: 17-22 iulie 2023<\/li>\n<\/ul>\n<p>&nbsp;<\/p>\n<p><strong>Conturile de acces<\/strong> pe platforma <strong>eadmitere.uaic.ro<\/strong> vor putea fi create p\u00e2n\u0103 cel t\u00e2rziu s\u00eemb\u0103t\u0103, <strong>15 iulie<\/strong> 2023, ora <strong>12:00<\/strong>, completarea \u0219i finalizarea dosarelor put\u00e2ndu-se face p\u00e2n\u0103 la ora <strong>13:oo<\/strong>.<\/p>\n<p>&nbsp;<\/p>\n<p>Deschide\u0163i pagina<em> <a href=\"https:\/\/eadmitere.uaic.ro\/auth\/login?return=%2Fcandidat\" target=\"_blank\" rel=\"noopener\">http:\/\/inscriere.uaic.ro\/SitePages\/Home.aspx<\/a> <\/em>de pe site-ul universit\u0103\u021bii \u015fi urma\u0163i instruc\u0163iunile de admitere \u00eensemn\u00e2nd achitarea taxei de admitere, scanarea (fotocopierea) actelor necesare si trimiterea lor \u00een contul creat. Informa\u0163ii suplimentare pute\u0163i primi la <em>fizica@uaic.ro<\/em>.<\/p>\n<p><a href=\"https:\/\/www.phys.uaic.ro\/index.php\/numarul-de-locuri-la-master-iulie-2023\/\" target=\"_blank\" rel=\"noopener\">Num\u0103rul de locuri<\/a><\/p>\n<p><a href=\"https:\/\/www.phys.uaic.ro\/index.php\/conditii-de-admitere-si-taxe-la-master-iulie-2023\/\" target=\"_blank\" rel=\"noopener\">Condi\u021bii de admitere \u0219i taxe<\/a><\/p>\n<p><a href=\"https:\/\/www.phys.uaic.ro\/index.php\/actele-necesare-la-master-iulie-2023\/\" target=\"_blank\" rel=\"noopener\">Actele necesare<\/a><\/p>\n<p>&nbsp;<\/p>\n<p><b>Informa\u021bii<\/b> despre admitere:<\/p>\n<ul>\n<li style=\"list-style-type: none;\">\n<ul>\n<li>Tel: 0232 201050<\/li>\n<li>E-mail: fizica@uaic.ro<\/li>\n<li>Site-ul Facult\u0103\u021bii de Fizic\u0103: <a href=\"http:\/\/www.phys.uaic.ro\" target=\"_blank\" rel=\"noopener\">http:\/\/www.phys.uaic.ro<\/a><\/li>\n<li>Site-ul universit\u0103\u021bii dedicat admiterii: <a href=\"http:\/\/admitere.uaic.ro\/\" target=\"_blank\" rel=\"noopener\">http:\/\/admitere.uaic.ro\/<\/a><\/li>\n<\/ul>\n<\/li>\n<\/ul>\n<p>Candida\u021bii declara\u021bi reu\u0219i\u021bi \u00een condi\u021biile de mai sus vor avea prioritate, \u021bin\u00e2ndu-se cont de media de admitere, \u00een ob\u021binerea bursei de studiu \u0219i a unui loc \u00een c\u0103minele universit\u0103\u021bii.<\/p>\n<p>&nbsp;<\/p>\n<p><a href=\"https:\/\/www.phys.uaic.ro\/wp-content\/uploads\/2023\/06\/Regulament-Admitere-Master-2023_site.pdf\" target=\"_blank\" rel=\"noopener\"><em>Metodologie privind organizarea \u015fi desf\u0103\u015furarea admiterii \u00een ciclul de studii universitare de master pentru anul universitar 2023-2024<\/em><\/a><\/p>\n<p><a href=\"https:\/\/www.phys.uaic.ro\/wp-content\/uploads\/2022\/05\/L_02.-Anexa_INFORMARE-PRIVIND-PRELUCRAREA-INFORMATIILOR-2022.pdf\" target=\"_blank\" rel=\"noopener\"><em>Informare privind prelucrarea informa\u021biilor cu caracter personal<\/em><\/a><\/p>\n","protected":false},"excerpt":{"rendered":"<p>Rezultate admitere master BUGET &#8211; iulie 2023 Rezultate admitere master TAX\u0102 &#8211; iulie 2023 Rezultate admitere master iulie 2023 &#8211; locuri Rom\u00e2ni de Pretutindeni Tax\u0103 In etapa de confirmare (la secretariatul Facultatii, 19-24 iulie, orele 9-15 si 25 iulie 2023, orele 9-12, exceptand sambata si duminica): &#8211; Candida\u021bii admi\u0219i la buget, care au adus actele \u00een original, pot\u2026 <span class=\"read-more\"><a href=\"https:\/\/www.phys.uaic.ro\/index.php\/organizarea-admiterii-la-master-iulie-2023\/\">Read More &raquo;<\/a><\/span><\/p>\n","protected":false},"author":4,"featured_media":0,"parent":0,"menu_order":0,"comment_status":"closed","ping_status":"closed","template":"","meta":{"footnotes":""},"class_list":["post-19617","page","type-page","status-publish","hentry"],"_links":{"self":[{"href":"https:\/\/www.phys.uaic.ro\/index.php\/wp-json\/wp\/v2\/pages\/19617","targetHints":{"allow":["GET"]}}],"collection":[{"href":"https:\/\/www.phys.uaic.ro\/index.php\/wp-json\/wp\/v2\/pages"}],"about":[{"href":"https:\/\/www.phys.uaic.ro\/index.php\/wp-json\/wp\/v2\/types\/page"}],"author":[{"embeddable":true,"href":"https:\/\/www.phys.uaic.ro\/index.php\/wp-json\/wp\/v2\/users\/4"}],"replies":[{"embeddable":true,"href":"https:\/\/www.phys.uaic.ro\/index.php\/wp-json\/wp\/v2\/comments?post=19617"}],"version-history":[{"count":0,"href":"https:\/\/www.phys.uaic.ro\/index.php\/wp-json\/wp\/v2\/pages\/19617\/revisions"}],"wp:attachment":[{"href":"https:\/\/www.phys.uaic.ro\/index.php\/wp-json\/wp\/v2\/media?parent=19617"}],"curies":[{"name":"wp","href":"https:\/\/api.w.org\/{rel}","templated":true}]}}