{"id":19749,"date":"2023-06-30T11:06:47","date_gmt":"2023-06-30T08:06:47","guid":{"rendered":"https:\/\/www.phys.uaic.ro\/?page_id=19749"},"modified":"2023-06-30T11:07:15","modified_gmt":"2023-06-30T08:07:15","slug":"conf-dr-habil-iordana-astefanoaei-admitere-doctorat","status":"publish","type":"page","link":"https:\/\/www.phys.uaic.ro\/index.php\/conf-dr-habil-iordana-astefanoaei-admitere-doctorat\/","title":{"rendered":"Conf. Dr. habil. Iordana A\u0218TEF\u0102NOAEI &#8211; admitere doctorat"},"content":{"rendered":"<p style=\"font-weight: 400;\"><strong>Tematica admiterii la doctorat:<\/strong><\/p>\n<ol>\n<li>C\u00e2mpul electromagnetic. Ecua\u021biile lui Maxwell.<\/li>\n<li>Ecua\u021biile lui Lagrange de spe\u021ba a II-a pentru sisteme olonome.<\/li>\n<li>Transform\u0103rile Lorentz-Einstein. Spa\u021biul Minkowski.<\/li>\n<li>Mi\u0219carea unei particule electrizate \u00een c\u00e2mp electromagnetic.<\/li>\n<li>Ecua\u021bia lui Schr\u0151dinger. Aplica\u021bii.<\/li>\n<\/ol>\n<p style=\"font-weight: 400;\"><strong>Bibliografie:<\/strong><\/p>\n<ol>\n<li>Dariescu, Marina-Aura Dariescu, I. Gottlieb, Capitole de baz\u0103 \u00een Mecanica Cuantic\u0103. Microparticule \u0219i C\u00e2mpuri, Ed. Venus, Ia\u0219i, 2007.<\/li>\n<li>Merche\u0219, D. Radu, Electrodinamic\u0103, Ed. Universit\u0103\u021bii Alexandru Ioan Cuza, Ia\u0219i, 2002.<\/li>\n<li>Chaichian, I. Merche\u0219, A. Tureanu, Mechanics An Intensive Course, Springer, 2012.<\/li>\n<\/ol>\n","protected":false},"excerpt":{"rendered":"<p>Tematica admiterii la doctorat: C\u00e2mpul electromagnetic. Ecua\u021biile lui Maxwell. Ecua\u021biile lui Lagrange de spe\u021ba a II-a pentru sisteme olonome. Transform\u0103rile Lorentz-Einstein. Spa\u021biul Minkowski. Mi\u0219carea unei particule electrizate \u00een c\u00e2mp electromagnetic. Ecua\u021bia lui Schr\u0151dinger. Aplica\u021bii. Bibliografie: Dariescu, Marina-Aura Dariescu, I. Gottlieb, Capitole de baz\u0103 \u00een Mecanica Cuantic\u0103. Microparticule \u0219i C\u00e2mpuri, Ed. Venus, Ia\u0219i, 2007. Merche\u0219, D. Radu, Electrodinamic\u0103, Ed.\u2026 <span class=\"read-more\"><a href=\"https:\/\/www.phys.uaic.ro\/index.php\/conf-dr-habil-iordana-astefanoaei-admitere-doctorat\/\">Read More &raquo;<\/a><\/span><\/p>\n","protected":false},"author":3,"featured_media":0,"parent":0,"menu_order":0,"comment_status":"closed","ping_status":"closed","template":"","meta":{"footnotes":""},"class_list":["post-19749","page","type-page","status-publish","hentry"],"_links":{"self":[{"href":"https:\/\/www.phys.uaic.ro\/index.php\/wp-json\/wp\/v2\/pages\/19749","targetHints":{"allow":["GET"]}}],"collection":[{"href":"https:\/\/www.phys.uaic.ro\/index.php\/wp-json\/wp\/v2\/pages"}],"about":[{"href":"https:\/\/www.phys.uaic.ro\/index.php\/wp-json\/wp\/v2\/types\/page"}],"author":[{"embeddable":true,"href":"https:\/\/www.phys.uaic.ro\/index.php\/wp-json\/wp\/v2\/users\/3"}],"replies":[{"embeddable":true,"href":"https:\/\/www.phys.uaic.ro\/index.php\/wp-json\/wp\/v2\/comments?post=19749"}],"version-history":[{"count":0,"href":"https:\/\/www.phys.uaic.ro\/index.php\/wp-json\/wp\/v2\/pages\/19749\/revisions"}],"wp:attachment":[{"href":"https:\/\/www.phys.uaic.ro\/index.php\/wp-json\/wp\/v2\/media?parent=19749"}],"curies":[{"name":"wp","href":"https:\/\/api.w.org\/{rel}","templated":true}]}}