{"id":200,"date":"2018-02-14T13:37:37","date_gmt":"2018-02-14T13:37:37","guid":{"rendered":"http:\/\/www.phys.uaic.ro\/?page_id=200"},"modified":"2026-01-21T11:01:17","modified_gmt":"2026-01-21T09:01:17","slug":"examene-finalizare-studii","status":"publish","type":"page","link":"https:\/\/www.phys.uaic.ro\/index.php\/studenti\/examene-finalizare-studii\/","title":{"rendered":"Examene de finalizarea studiilor"},"content":{"rendered":"<p><!--Modele de cereri pentru alegerea temei de licen\u021b\u0103\n\n\n<ul>\n \t\n\n<li><a href=\"http:\/\/www.phys.uaic.ro\/wp\/studenti\/examene-finalizare\/cerere-alegere-tema-licenta.pdf\">Cerere pentru alegerea temei de licen\u021b\u0103<\/a> <img decoding=\"async\" style=\"vertical-align: top;width:20px;height:20px;\" src=\"http:\/\/www.phys.uaic.ro\/wp\/imagini\/pdf-icon.png\" alt=\"pdf\" \/><\/li>\n\n\n \t\n\n<li><a href=\"http:\/\/www.phys.uaic.ro\/wp\/studenti\/examene-finalizare\/cerere-alegere-tema-licenta-balti.pdf\">Cerere pentru alegerea temei de licen\u021b\u0103, specializarea Fizic\u0103 Tehnologic\u0103 - Extensiunea B\u0103l\u021bi<\/a> <img decoding=\"async\" style=\"vertical-align: top;width:20px;height:20px;\" src=\"http:\/\/www.phys.uaic.ro\/wp\/imagini\/pdf-icon.png\" alt=\"pdf\" \/><\/li>\n\n\n \t\n\n<li><a href=\"http:\/\/www.phys.uaic.ro\/wp\/studenti\/examene-finalizare\/cerere-alegere-tema-disertatie.pdf\">Cerere pentru alegerea temei de diserta\u021bie<\/a> <img decoding=\"async\" style=\"vertical-align: top;width:20px;height:20px;\" src=\"http:\/\/www.phys.uaic.ro\/wp\/imagini\/pdf-icon.png\" alt=\"pdf\" \/><\/li>\n\n\n \t\n\n<li><a href=\"http:\/\/www.phys.uaic.ro\/wp\/studenti\/examene-finalizare\/cerere-alegere-tema-disertatie-balti.pdf\">Cerere pentru alegerea temei de diserta\u021bie, specializarea Fizic\u0103 Aplicat\u0103 \u00een Tehnologiile Informa\u021biei \u0219i Comunica\u021bii - Extensiunea B\u0103l\u021bi<\/a> <img decoding=\"async\" style=\"vertical-align: top;width:20px;height:20px;\" src=\"http:\/\/www.phys.uaic.ro\/wp\/imagini\/pdf-icon.png\" alt=\"pdf\" \/><\/li>\n\n\n<\/ul>\n\n\n--><\/p>\n<h2><a href=\"https:\/\/www.phys.uaic.ro\/index.php\/ghid-privind-elaborarea-tezei-de-licenta-disertatie\/\" target=\"_blank\" rel=\"noopener\">Ghid privind elaborarea tezei de Licen\u021b\u0103\/Diserta\u021bie<\/a><\/h2>\n<h2><span style=\"font-size: 14pt; font-family: arial, helvetica, sans-serif; color: #3366ff;\"><a style=\"color: #3366ff;\" href=\"https:\/\/www.phys.uaic.ro\/wp-content\/uploads\/2022\/09\/model-cerere-alegere-tema-licenta.pdf\">Model cerere pentru alegerea titlului temei de licen\u021b\u0103<\/a> <\/span><\/h2>\n<h2><span style=\"color: #ff0000;\"><span style=\"color: #3366ff;\"><a style=\"color: #3366ff;\" href=\"https:\/\/www.phys.uaic.ro\/wp-content\/uploads\/2022\/09\/model-cerere-alegere-tema-disertatie.pdf\"><span style=\"font-size: 14pt;\"><span style=\"font-family: arial, helvetica, sans-serif;\">Model cerere pentru alegerea titlului temei de diserta\u021bie<\/span><\/span><\/a><\/span><\/span><em><span style=\"color: #ff0000;\"><br \/>\n<\/span><\/em><\/h2>\n<p>&nbsp;<\/p>\n<p><a href=\"https:\/\/www.phys.uaic.ro\/index.php\/examenul-de-licenta-diploma-sesiunea-februarie-2026\/\" target=\"_blank\" rel=\"noopener\"><em><span style=\"color: #ff0000; font-size: 18pt;\"><strong>Examenul de licen\u021b\u0103\/diplom\u0103 \u2013 <\/strong><strong>Sesiunea 23-27 februarie 2026<\/strong><\/span><\/em><\/a><\/p>\n<p>&nbsp;<\/p>\n<p><a href=\"https:\/\/www.phys.uaic.ro\/index.php\/examenul-de-disertatie-sesiunea-februarie-2026\/\" target=\"_blank\" rel=\"noopener\"><span style=\"font-size: 18pt; color: #ff0000;\"><em><strong>Examenul de diserta\u021bie \u2013 <\/strong><strong>Sesiunea 23-27 februarie 2026<\/strong><\/em><\/span><\/a><\/p>\n<p>&nbsp;<\/p>\n<p><span style=\"color: #0000ff; font-size: 14pt;\"><a style=\"color: #0000ff;\" href=\"https:\/\/www.phys.uaic.ro\/index.php\/examenul-de-licenta-diploma-sesiunea-septembrie-2025\/\" target=\"_blank\" rel=\"noopener\"><strong>Examenul de licen\u021b\u0103\/diplom\u0103 \u2013 Sesiunea septembrie 2025<\/strong><\/a><\/span><\/p>\n<p><span style=\"color: #0000ff; font-size: 14pt;\"><a style=\"color: #0000ff;\" href=\"https:\/\/www.phys.uaic.ro\/index.php\/examenul-de-disertatie-sesiunea-septembrie-2025\/\" target=\"_blank\" rel=\"noopener\"><strong>Examenul de diserta\u021bie &#8211; Sesiunea septembrie 2025<\/strong><\/a><\/span><\/p>\n<p>&nbsp;<\/p>\n<p><span style=\"color: #0000ff; font-size: 14pt;\"><strong><a style=\"color: #0000ff;\" href=\"https:\/\/www.phys.uaic.ro\/index.php\/examenul-de-licenta-diploma-sesiunea-iulie-2025\/\" target=\"_blank\" rel=\"noopener\">Examenul de licen\u021b\u0103\/diplom\u0103 \u2013 Sesiunea iulie 2025<\/a><\/strong><\/span><\/p>\n<p><span style=\"font-size: 14pt;\"><a href=\"https:\/\/www.phys.uaic.ro\/index.php\/examenul-de-disertatie-sesiunea-iulie-2025\/\" target=\"_blank\" rel=\"noopener\"><span style=\"color: #ff0000;\"><strong><span style=\"color: #0000ff;\">Examenul de diserta\u0163ie \u2013 Sesiunea iulie 2025<\/span><\/strong><\/span><\/a><\/span><\/p>\n<p>&nbsp;<\/p>\n<p><span style=\"font-size: 14pt; color: #0000ff;\"><a style=\"color: #0000ff;\" href=\"https:\/\/www.phys.uaic.ro\/index.php\/examenul-de-licenta-sesiunea-februarie-2025\/\" target=\"_blank\" rel=\"noopener\"><strong>Examenul de licen\u021b\u0103\/diplom\u0103 \u2013 <\/strong><strong>Sesiunea 20-28 februarie 2025<\/strong><\/a><\/span><\/p>\n<p><span style=\"font-size: 14pt; color: #0000ff;\"><a style=\"color: #0000ff;\" href=\"https:\/\/www.phys.uaic.ro\/index.php\/examenul-de-disertatie-sesiunea-februarie-2025\/\" target=\"_blank\" rel=\"noopener\"><strong>Examenul de diserta\u0163ie \u2013 <\/strong><strong>Sesiunea 20-28 februarie 2025<\/strong><\/a><\/span><\/p>\n<p><span style=\"font-size: 14pt; color: #0000ff;\"><strong><a style=\"color: #0000ff;\" href=\"https:\/\/www.phys.uaic.ro\/index.php\/examenul-de-disertatie-sesiunea-septembrie-2024\/\" target=\"_blank\" rel=\"noopener\">Examenul de diserta\u021bie &#8211; Sesiunea septembrie 2024<\/a><\/strong><\/span><\/p>\n<p><span style=\"font-size: 14pt; color: #0000ff;\"><strong><a style=\"color: #0000ff;\" href=\"https:\/\/www.phys.uaic.ro\/index.php\/examenul-de-licenta-diploma-sesiunea-septembrie-2024\/\" target=\"_blank\" rel=\"noopener\">Examenul de licen\u021b\u0103\/diplom\u0103 \u2013 Sesiunea septembrie 2024<\/a><\/strong><\/span><\/p>\n<h3><span style=\"color: #3366ff; font-size: 14pt;\"><a style=\"color: #3366ff;\" href=\"https:\/\/www.phys.uaic.ro\/index.php\/examenul-de-licenta-diploma-sesiunea-iulie-2024\/\" target=\"_blank\" rel=\"noopener\">Examenul de licen\u021b\u0103\/diplom\u0103 \u2013 Sesiunea IULIE 2024<\/a><\/span><\/h3>\n<h3><a href=\"https:\/\/www.phys.uaic.ro\/index.php\/examenul-de-disertatie-sesiunea-iulie-2024\/\" target=\"_blank\" rel=\"noopener\"><span style=\"font-size: 18pt; color: #ff0000;\"><span style=\"color: #3366ff; font-size: 14pt;\">Examenul de diserta\u021bie \u2013 Sesiunea IULIE 2024<\/span><\/span><\/a><\/h3>\n<h3><span style=\"font-size: 14pt;\"><a href=\"https:\/\/www.phys.uaic.ro\/index.php\/20752-2\/\" target=\"_blank\" rel=\"noopener\"><span style=\"color: #ff0000;\"><span style=\"color: #0000ff;\">Examenul de licen\u021b\u0103\/diplom\u0103 &#8211; Sesiunea Februarie 2024<\/span><\/span><\/a><\/span><\/h3>\n<h3><span style=\"color: #0000ff;\"><a style=\"color: #0000ff;\" href=\"https:\/\/www.phys.uaic.ro\/index.php\/examenul-de-licenta-diploma-sesiunea-septembrie-2023\/\"><span style=\"font-size: 18pt;\"><span style=\"font-size: 14pt;\"><span style=\"color: #3366ff;\">Examenul de licen\u021b\u0103 &#8211; sesiunea SEPTEMBRIE 2023<\/span><\/span><\/span><\/a><\/span><\/h3>\n<h3><span style=\"color: #3366ff;\"><a style=\"color: #3366ff;\" href=\"https:\/\/www.phys.uaic.ro\/index.php\/examenul-de-licenta-diploma-sesiunea-iunie-iulie-2023\/\" target=\"_blank\" rel=\"noopener\">Ex<\/a><a style=\"color: #3366ff;\" href=\"https:\/\/www.phys.uaic.ro\/index.php\/examenul-de-licenta-diploma-sesiunea-iunie-iulie-2023\/\" target=\"_blank\" rel=\"noopener\">amenul<\/a><span style=\"font-size: 14pt;\"><a style=\"color: #3366ff;\" href=\"https:\/\/www.phys.uaic.ro\/index.php\/examenul-de-licenta-diploma-sesiunea-iunie-iulie-2023\/\" target=\"_blank\" rel=\"noopener\"> de licen\u021b\u0103\/diplom\u0103 \u2013<\/a><\/span><a style=\"color: #3366ff;\" href=\"https:\/\/www.phys.uaic.ro\/index.php\/examenul-de-licenta-diploma-sesiunea-iunie-iulie-2023\/\" target=\"_blank\" rel=\"noopener\"> Sesiunea<\/a><span style=\"font-size: 14pt;\"><a style=\"color: #3366ff;\" href=\"https:\/\/www.phys.uaic.ro\/index.php\/examenul-de-licenta-diploma-sesiunea-iunie-iulie-2023\/\" target=\"_blank\" rel=\"noopener\"> IULIE 2023<\/a><\/span><\/span><\/h3>\n<h3><span style=\"font-size: 18pt; color: #3366ff;\"><a style=\"color: #3366ff;\" href=\"https:\/\/www.phys.uaic.ro\/index.php\/examenul-de-disertatie-sesiunea-iunie-iulie-2023\/\" target=\"_blank\" rel=\"noopener\"><span style=\"font-size: 24pt;\"><span style=\"font-size: 18pt;\"><span style=\"font-size: 14pt;\">Examenul de diserta\u021bie &#8211; Sesiunea IULIE 2023<\/span><\/span><\/span><\/a><\/span><\/h3>\n<h3><span style=\"font-size: 14pt; font-family: georgia, palatino, serif; color: #3366ff;\"><a style=\"color: #3366ff;\" href=\"https:\/\/www.phys.uaic.ro\/index.php\/examenul-de-licenta-sesiunea-februarie-2023\/\" target=\"_blank\" rel=\"noopener\">Examenul de licen\u021b\u0103\/diplom\u0103 &#8211; Sesiunea Februarie 2023<\/a><\/span><\/h3>\n<h3><span style=\"font-size: 14pt; font-family: georgia, palatino, serif; color: #3366ff;\"><a style=\"color: #3366ff;\" href=\"https:\/\/www.phys.uaic.ro\/index.php\/examenul-de-disertatie-sesiunea-februarie-2023\/\" target=\"_blank\" rel=\"noopener\">Examenul de diserta\u021bie &#8211; Sesiunea Februarie 2023<\/a><\/span><\/h3>\n<h3><span style=\"font-size: 14pt; font-family: georgia, palatino, serif; color: #3366ff;\"><a style=\"color: #3366ff;\" href=\"https:\/\/www.phys.uaic.ro\/index.php\/examenul-de-licenta-diploma-sesiunea-septembrie-2022\/\" target=\"_blank\" rel=\"noopener\">Examenul de licen\u021b\u0103 &#8211; sesiunea SEPTEMBRIE 2022<\/a><\/span><\/h3>\n<h3><span style=\"font-size: 14pt; font-family: georgia, palatino, serif; color: #3366ff;\"><a style=\"color: #3366ff;\" href=\"https:\/\/www.phys.uaic.ro\/index.php\/examenul-de-licenta-sesiunea-iunie-2022\/\" target=\"_blank\" rel=\"noopener\">Examenul de licen\u021b\u0103 &#8211; sesiunea IUNIE-IULIE 2022 (proceduri, metodologie)<\/a><\/span><\/h3>\n<h3><span style=\"font-size: 14pt; font-family: georgia, palatino, serif; color: #3366ff;\"><a style=\"color: #3366ff;\" href=\"https:\/\/www.phys.uaic.ro\/index.php\/examenul-de-disertatie-sesiunea-iunie-iulie-2022\/\" target=\"_blank\" rel=\"noopener\">Examenul de diserta\u021bie &#8211; sesiunea IUNIE-IULIE 2022 (proceduri, metodologie)<\/a><\/span><\/h3>\n<h3><span style=\"font-size: 14pt; font-family: georgia, palatino, serif; color: #3366ff;\"><a style=\"color: #3366ff;\" href=\"https:\/\/www.phys.uaic.ro\/index.php\/licenta-februarie-2022\/\">Examenul de licen\u021b\u0103 &#8211; Sesiunea Februarie 2022<\/a><\/span><\/h3>\n<h3><span style=\"font-size: 14pt; font-family: georgia, palatino, serif;\"><a href=\"https:\/\/www.phys.uaic.ro\/index.php\/examenul-de-disertatie-sesiunea-februarie-2022\/\"><span style=\"color: #3366ff;\">Examenul de diserta\u021bie &#8211; Sesiunea Februarie 2022<\/span><\/a><\/span><\/h3>\n","protected":false},"excerpt":{"rendered":"<p>Ghid privind elaborarea tezei de Licen\u021b\u0103\/Diserta\u021bie Model cerere pentru alegerea titlului temei de licen\u021b\u0103 Model cerere pentru alegerea titlului temei de diserta\u021bie &nbsp; Examenul de licen\u021b\u0103\/diplom\u0103 \u2013 Sesiunea 23-27 februarie 2026 &nbsp; Examenul de diserta\u021bie \u2013 Sesiunea 23-27 februarie 2026 &nbsp; Examenul de licen\u021b\u0103\/diplom\u0103 \u2013 Sesiunea septembrie 2025 Examenul de diserta\u021bie &#8211; Sesiunea septembrie 2025 &nbsp; Examenul de\u2026 <span class=\"read-more\"><a href=\"https:\/\/www.phys.uaic.ro\/index.php\/studenti\/examene-finalizare-studii\/\">Read More &raquo;<\/a><\/span><\/p>\n","protected":false},"author":3,"featured_media":0,"parent":31,"menu_order":0,"comment_status":"closed","ping_status":"closed","template":"","meta":{"footnotes":""},"class_list":["post-200","page","type-page","status-publish","hentry"],"_links":{"self":[{"href":"https:\/\/www.phys.uaic.ro\/index.php\/wp-json\/wp\/v2\/pages\/200","targetHints":{"allow":["GET"]}}],"collection":[{"href":"https:\/\/www.phys.uaic.ro\/index.php\/wp-json\/wp\/v2\/pages"}],"about":[{"href":"https:\/\/www.phys.uaic.ro\/index.php\/wp-json\/wp\/v2\/types\/page"}],"author":[{"embeddable":true,"href":"https:\/\/www.phys.uaic.ro\/index.php\/wp-json\/wp\/v2\/users\/3"}],"replies":[{"embeddable":true,"href":"https:\/\/www.phys.uaic.ro\/index.php\/wp-json\/wp\/v2\/comments?post=200"}],"version-history":[{"count":0,"href":"https:\/\/www.phys.uaic.ro\/index.php\/wp-json\/wp\/v2\/pages\/200\/revisions"}],"up":[{"embeddable":true,"href":"https:\/\/www.phys.uaic.ro\/index.php\/wp-json\/wp\/v2\/pages\/31"}],"wp:attachment":[{"href":"https:\/\/www.phys.uaic.ro\/index.php\/wp-json\/wp\/v2\/media?parent=200"}],"curies":[{"name":"wp","href":"https:\/\/api.w.org\/{rel}","templated":true}]}}