{"id":20560,"date":"2023-10-23T11:28:01","date_gmt":"2023-10-23T08:28:01","guid":{"rendered":"https:\/\/www.phys.uaic.ro\/?page_id=20560"},"modified":"2024-12-06T12:31:30","modified_gmt":"2024-12-06T10:31:30","slug":"fise-discipline-master-pentru-anul-universitar-2023-2024","status":"publish","type":"page","link":"https:\/\/www.phys.uaic.ro\/index.php\/fise-discipline-master-pentru-anul-universitar-2023-2024\/","title":{"rendered":"Fise discipline master pentru anul universitar 2023-2024"},"content":{"rendered":"<h3>Fi\u0219e discipline la specializarea <strong>Bio<\/strong>f<b>izic\u0103 \u0219i fizic\u0103 medical\u0103 <\/b><b>(\u00een limba englez\u0103)<\/b><\/h3>\n<ul>\n<li><a href=\"https:\/\/www.phys.uaic.ro\/wp-content\/uploads\/2023\/10\/BFFM_anul-1_sem-1.pdf\" target=\"_blank\" rel=\"noopener\">Anul I de studiu<\/a><\/li>\n<\/ul>\n<h3>Fi\u0219e discipline la specializarea F<b>izic\u0103 medical\u0103 aplicat\u0103<br \/>\n<\/b><\/h3>\n<ul>\n<li><a href=\"https:\/\/www.phys.uaic.ro\/wp-content\/uploads\/2023\/10\/FMA_anul-2_sem-1.pdf\" target=\"_blank\" rel=\"noopener\">Anul al II-lea de studiu<\/a><\/li>\n<\/ul>\n<h3>Fi\u0219e discipline la specializarea <b>Fizica pentru tehnologii avansate (\u00een limba englez\u0103)<br \/>\n<\/b><\/h3>\n<ul>\n<li><a href=\"https:\/\/www.phys.uaic.ro\/wp-content\/uploads\/2023\/10\/FTA_anul-1_sem-1.pdf\" target=\"_blank\" rel=\"noopener\">Anul I de studiu<\/a><\/li>\n<li><a href=\"https:\/\/www.phys.uaic.ro\/wp-content\/uploads\/2023\/10\/FTA_anul-2_sem-1.pdf\" target=\"_blank\" rel=\"noopener\">Anul al II-lea de studiu<\/a><\/li>\n<\/ul>\n<h3>Fi\u0219e discipline la specializarea <b>Metode fizice aplicate \u00een kinetoterapie \u0219i recuperare medical\u0103<\/b><\/h3>\n<ul>\n<li><a href=\"https:\/\/www.phys.uaic.ro\/index.php\/fise-discipline-la-specializarea-metode-fizice-aplicate-in-kinetoterapie-si-recuperare-medicala-anul-i-2023-2024\/\" target=\"_blank\" rel=\"noopener\">Anul I de studiu<\/a><\/li>\n<li><a href=\"https:\/\/www.phys.uaic.ro\/wp-content\/uploads\/2023\/10\/Kineto_anul-2_sem1.pdf\" target=\"_blank\" rel=\"noopener\">Anul al II-lea de studiu<\/a><\/li>\n<\/ul>\n<h3>Planuri de \u00eenv\u0103\u021b\u0103m\u00e2nt la specializarea <b>Optic\u0103 \u015fi optometrie<\/b><\/h3>\n<ul>\n<li><a href=\"https:\/\/www.phys.uaic.ro\/wp-content\/uploads\/2023\/10\/Optica_anul-1_sem-1.pdf\" target=\"_blank\" rel=\"noopener\">Anul I de studiu<\/a><\/li>\n<li><a href=\"https:\/\/www.phys.uaic.ro\/wp-content\/uploads\/2023\/10\/Optica_anul-2_sem-1.pdf\" target=\"_blank\" rel=\"noopener\">Anul al II-lea de studiu<\/a><\/li>\n<\/ul>\n<h3>Fi\u0219e discipline la specializarea <b>Fizic\u0103 aplicat\u0103 \u00een tehnologiile informa\u021biei \u0219i comunica\u021bii (B\u0103l\u021bi)<br \/>\n<\/b><\/h3>\n<ul>\n<li><a href=\"https:\/\/www.phys.uaic.ro\/wp-content\/uploads\/2023\/10\/FATIC_anul-1_sem-1.pdf\" target=\"_blank\" rel=\"noopener\">Anul I de studiu<\/a><\/li>\n<li><a href=\"https:\/\/www.phys.uaic.ro\/wp-content\/uploads\/2023\/10\/FATIC_anul-2_sem-1.pdf\" target=\"_blank\" rel=\"noopener\">Anul al II-lea de studiu<\/a><\/li>\n<\/ul>\n","protected":false},"excerpt":{"rendered":"<p>Fi\u0219e discipline la specializarea Biofizic\u0103 \u0219i fizic\u0103 medical\u0103 (\u00een limba englez\u0103) Anul I de studiu Fi\u0219e discipline la specializarea Fizic\u0103 medical\u0103 aplicat\u0103 Anul al II-lea de studiu Fi\u0219e discipline la specializarea Fizica pentru tehnologii avansate (\u00een limba englez\u0103) Anul I de studiu Anul al II-lea de studiu Fi\u0219e discipline la specializarea Metode fizice aplicate \u00een kinetoterapie \u0219i recuperare\u2026 <span class=\"read-more\"><a href=\"https:\/\/www.phys.uaic.ro\/index.php\/fise-discipline-master-pentru-anul-universitar-2023-2024\/\">Read More &raquo;<\/a><\/span><\/p>\n","protected":false},"author":4,"featured_media":0,"parent":0,"menu_order":0,"comment_status":"closed","ping_status":"closed","template":"","meta":{"footnotes":""},"class_list":["post-20560","page","type-page","status-publish","hentry"],"_links":{"self":[{"href":"https:\/\/www.phys.uaic.ro\/index.php\/wp-json\/wp\/v2\/pages\/20560","targetHints":{"allow":["GET"]}}],"collection":[{"href":"https:\/\/www.phys.uaic.ro\/index.php\/wp-json\/wp\/v2\/pages"}],"about":[{"href":"https:\/\/www.phys.uaic.ro\/index.php\/wp-json\/wp\/v2\/types\/page"}],"author":[{"embeddable":true,"href":"https:\/\/www.phys.uaic.ro\/index.php\/wp-json\/wp\/v2\/users\/4"}],"replies":[{"embeddable":true,"href":"https:\/\/www.phys.uaic.ro\/index.php\/wp-json\/wp\/v2\/comments?post=20560"}],"version-history":[{"count":0,"href":"https:\/\/www.phys.uaic.ro\/index.php\/wp-json\/wp\/v2\/pages\/20560\/revisions"}],"wp:attachment":[{"href":"https:\/\/www.phys.uaic.ro\/index.php\/wp-json\/wp\/v2\/media?parent=20560"}],"curies":[{"name":"wp","href":"https:\/\/api.w.org\/{rel}","templated":true}]}}