{"id":20847,"date":"2024-01-16T15:11:45","date_gmt":"2024-01-16T13:11:45","guid":{"rendered":"https:\/\/www.phys.uaic.ro\/?page_id=20847"},"modified":"2024-06-17T15:50:12","modified_gmt":"2024-06-17T12:50:12","slug":"alegeri-2024","status":"publish","type":"page","link":"https:\/\/www.phys.uaic.ro\/index.php\/alegeri-2024\/","title":{"rendered":"ALEGERI 2024"},"content":{"rendered":"<h2 class=\"entry-title\"><a href=\"https:\/\/www.phys.uaic.ro\/index.php\/alegeri-director-departament-2024-2029\/\">Alegeri Director de Departament \u0219i Consiliul Departamentului de Fizic\u0103 2024-2029<\/a><\/h2>\n<h2 class=\"entry-title\"><a href=\"https:\/\/www.phys.uaic.ro\/index.php\/concurs-pentru-ocuparea-functiei-de-decan-2024-2029\/\" target=\"_blank\" rel=\"noopener\">Concurs pentru ocuparea func\u021biei de decan 2024-2029<\/a><\/h2>\n<p><a href=\"https:\/\/www.phys.uaic.ro\/index.php\/liste-electorale-facultatea-de-fizica-2024-2\/\" target=\"_blank\" rel=\"noopener\">LISTA ELECTORALA\u00a0 2024<\/a><\/p>\n<p><img loading=\"lazy\" decoding=\"async\" class=\"wp-image-20970 aligncenter\" src=\"https:\/\/www.phys.uaic.ro\/wp-content\/uploads\/2024\/02\/afis-212x300.jpg\" alt=\"\" width=\"242\" height=\"342\" srcset=\"https:\/\/www.phys.uaic.ro\/wp-content\/uploads\/2024\/02\/afis-212x300.jpg 212w, https:\/\/www.phys.uaic.ro\/wp-content\/uploads\/2024\/02\/afis-723x1024.jpg 723w, https:\/\/www.phys.uaic.ro\/wp-content\/uploads\/2024\/02\/afis-768x1087.jpg 768w, https:\/\/www.phys.uaic.ro\/wp-content\/uploads\/2024\/02\/afis-1085x1536.jpg 1085w, https:\/\/www.phys.uaic.ro\/wp-content\/uploads\/2024\/02\/afis-1446x2048.jpg 1446w, https:\/\/www.phys.uaic.ro\/wp-content\/uploads\/2024\/02\/afis-665x942.jpg 665w, https:\/\/www.phys.uaic.ro\/wp-content\/uploads\/2024\/02\/afis-scaled.jpg 1808w\" sizes=\"auto, (max-width: 242px) 100vw, 242px\" \/><\/p>\n<p><a href=\"https:\/\/www.phys.uaic.ro\/wp-content\/uploads\/2024\/02\/Fizica_UAIC_alegeri_Consiliu-2024.pdf\"><strong>FACULTATEA DE FIZIC\u0102, <\/strong>rezultatele alegerilor pentru membri ai <strong>CONSILIULUI FACULT\u0102\u021aII \u2013 31 ianuarie 2024<\/strong><\/a><\/p>\n<p><a href=\"https:\/\/www.phys.uaic.ro\/wp-content\/uploads\/2024\/02\/Fizica_UAIC_alegeri_candidati-Senat-2024.pdf\"><strong>FACULTATEA DE FIZIC\u0102, rezultatele privind alegerea membrilor facult\u0103\u0163ii propu\u015fi pentru a face parte din SENATUL UAIC \u2013 31 ianuarie 2024<\/strong> <\/a><\/p>\n<p><span style=\"font-size: 14pt; color: #ff0000;\"><a style=\"color: #ff0000;\" href=\"https:\/\/www.phys.uaic.ro\/wp-content\/uploads\/2024\/01\/Metodologie_alegeri_Mandat_2024_2029.pdf\"><strong>Metodologie alegeri Mandat 2024-2029<\/strong><\/a><\/span><\/p>\n<p>Locul\u00a0 Adun\u0103rii Generale<b>: luni 29 ianuarie 2024, ora 14:00 &#8211; Amfiteatrul Dragomir Hurmuzescu.<\/b><\/p>\n<p>Num\u0103rul membrilor viitorului Consiliu: 10 cadre didactice\/ 4 studen\u021bi.<\/p>\n<blockquote class=\"wp-embedded-content\" data-secret=\"2sdzPGDidb\"><p><a href=\"https:\/\/www.phys.uaic.ro\/index.php\/candidaturi-pentru-senatul-universitatii-alexandru-ioan-cuza-din-iasi-2024\/\">Candidaturi pentru Senatul Universit\u0103\u0163ii \u201cAlexandru Ioan Cuza\u201d din Ia\u015fi &#8211; 2024<\/a><\/p><\/blockquote>\n<p><iframe loading=\"lazy\" class=\"wp-embedded-content\" sandbox=\"allow-scripts\" security=\"restricted\" style=\"position: absolute; clip: rect(1px, 1px, 1px, 1px);\" title=\"&#8222;Candidaturi pentru Senatul Universit\u0103\u0163ii \u201cAlexandru Ioan Cuza\u201d din Ia\u015fi &#8211; 2024&#8221; &#8212; Facultatea de Fizic\u0103\" src=\"https:\/\/www.phys.uaic.ro\/index.php\/candidaturi-pentru-senatul-universitatii-alexandru-ioan-cuza-din-iasi-2024\/embed\/#?secret=KHAC21QWgc#?secret=2sdzPGDidb\" data-secret=\"2sdzPGDidb\" width=\"600\" height=\"338\" frameborder=\"0\" marginwidth=\"0\" marginheight=\"0\" scrolling=\"no\"><\/iframe><\/p>\n<blockquote class=\"wp-embedded-content\" data-secret=\"oVWZYUENAA\"><p><a href=\"https:\/\/www.phys.uaic.ro\/index.php\/candidaturi-pentru-consiliul-facultatii-de-fizica-2024\/\">Candidaturi pentru Consiliul Facult\u0103\u0163ii de Fizic\u0103 &#8211; 2024<\/a><\/p><\/blockquote>\n<p><iframe loading=\"lazy\" class=\"wp-embedded-content\" sandbox=\"allow-scripts\" security=\"restricted\" style=\"position: absolute; clip: rect(1px, 1px, 1px, 1px);\" title=\"&#8222;Candidaturi pentru Consiliul Facult\u0103\u0163ii de Fizic\u0103 &#8211; 2024&#8221; &#8212; Facultatea de Fizic\u0103\" src=\"https:\/\/www.phys.uaic.ro\/index.php\/candidaturi-pentru-consiliul-facultatii-de-fizica-2024\/embed\/#?secret=bsoHTnhdXF#?secret=oVWZYUENAA\" data-secret=\"oVWZYUENAA\" width=\"600\" height=\"338\" frameborder=\"0\" marginwidth=\"0\" marginheight=\"0\" scrolling=\"no\"><\/iframe><\/p>\n<blockquote class=\"wp-embedded-content\" data-secret=\"bk5oCDtQh4\"><p><a href=\"https:\/\/www.phys.uaic.ro\/index.php\/liste-electorale-facultatea-de-fizica-2024\/\">Liste electorale cadre didactice &#8211; Facultatea de FIZIC\u0102 &#8211; 2024<\/a><\/p><\/blockquote>\n<p><iframe loading=\"lazy\" class=\"wp-embedded-content\" sandbox=\"allow-scripts\" security=\"restricted\" style=\"position: absolute; clip: rect(1px, 1px, 1px, 1px);\" title=\"&#8222;Liste electorale cadre didactice &#8211; Facultatea de FIZIC\u0102 &#8211; 2024&#8221; &#8212; Facultatea de Fizic\u0103\" src=\"https:\/\/www.phys.uaic.ro\/index.php\/liste-electorale-facultatea-de-fizica-2024\/embed\/#?secret=dbRByjADnD#?secret=bk5oCDtQh4\" data-secret=\"bk5oCDtQh4\" width=\"600\" height=\"338\" frameborder=\"0\" marginwidth=\"0\" marginheight=\"0\" scrolling=\"no\"><\/iframe><\/p>\n","protected":false},"excerpt":{"rendered":"<p>Alegeri Director de Departament \u0219i Consiliul Departamentului de Fizic\u0103 2024-2029 Concurs pentru ocuparea func\u021biei de decan 2024-2029 LISTA ELECTORALA\u00a0 2024 FACULTATEA DE FIZIC\u0102, rezultatele alegerilor pentru membri ai CONSILIULUI FACULT\u0102\u021aII \u2013 31 ianuarie 2024 FACULTATEA DE FIZIC\u0102, rezultatele privind alegerea membrilor facult\u0103\u0163ii propu\u015fi pentru a face parte din SENATUL UAIC \u2013 31 ianuarie 2024 Metodologie alegeri Mandat 2024-2029\u2026 <span class=\"read-more\"><a href=\"https:\/\/www.phys.uaic.ro\/index.php\/alegeri-2024\/\">Read More &raquo;<\/a><\/span><\/p>\n","protected":false},"author":4,"featured_media":0,"parent":0,"menu_order":0,"comment_status":"closed","ping_status":"closed","template":"","meta":{"footnotes":""},"class_list":["post-20847","page","type-page","status-publish","hentry"],"_links":{"self":[{"href":"https:\/\/www.phys.uaic.ro\/index.php\/wp-json\/wp\/v2\/pages\/20847","targetHints":{"allow":["GET"]}}],"collection":[{"href":"https:\/\/www.phys.uaic.ro\/index.php\/wp-json\/wp\/v2\/pages"}],"about":[{"href":"https:\/\/www.phys.uaic.ro\/index.php\/wp-json\/wp\/v2\/types\/page"}],"author":[{"embeddable":true,"href":"https:\/\/www.phys.uaic.ro\/index.php\/wp-json\/wp\/v2\/users\/4"}],"replies":[{"embeddable":true,"href":"https:\/\/www.phys.uaic.ro\/index.php\/wp-json\/wp\/v2\/comments?post=20847"}],"version-history":[{"count":0,"href":"https:\/\/www.phys.uaic.ro\/index.php\/wp-json\/wp\/v2\/pages\/20847\/revisions"}],"wp:attachment":[{"href":"https:\/\/www.phys.uaic.ro\/index.php\/wp-json\/wp\/v2\/media?parent=20847"}],"curies":[{"name":"wp","href":"https:\/\/api.w.org\/{rel}","templated":true}]}}