{"id":21286,"date":"2024-03-13T09:53:18","date_gmt":"2024-03-13T07:53:18","guid":{"rendered":"https:\/\/www.phys.uaic.ro\/?page_id=21286"},"modified":"2024-03-14T18:44:29","modified_gmt":"2024-03-14T16:44:29","slug":"anunt-privind-sustinerea-raportului-de-cercetare-a-drd-frenti-mariana-pe-22-03-2024","status":"publish","type":"page","link":"https:\/\/www.phys.uaic.ro\/index.php\/anunt-privind-sustinerea-raportului-de-cercetare-a-drd-frenti-mariana-pe-22-03-2024\/","title":{"rendered":"Anun\u021b privind sus\u021binerea raportului de cercetare a drd. AMARINEI C. MARIANA c\u0103s. FREN\u0162I pe 22.03.2024"},"content":{"rendered":"<p>La data de <strong>22 martie 2024<\/strong>, \u00eencep\u00e2nd cu <strong>ora 13,<\/strong> \u00een \u00a0<strong>Laboratorul de Fizic\u0103 molecular\u0103,<\/strong> va avea loc sus\u021binerea public\u0103 a raportului de cercetare cu titlul <strong>\u201e<em>Metode de caracterizare a unor materiale semiconductoare cu aplica\u021bii \u00een fotocataliz\u0103. Rezultate experimentale<\/em>\u201d<\/strong> prezentat de studenta doctorand <strong>AMARINEI C. MARIANA c\u0103s. FREN\u0162I, <\/strong>sub \u00eendrumarea doamnei prof. univ. dr. <strong>Diana-Mihaela MARDARE<\/strong>.<\/p>\n","protected":false},"excerpt":{"rendered":"<p>La data de 22 martie 2024, \u00eencep\u00e2nd cu ora 13, \u00een \u00a0Laboratorul de Fizic\u0103 molecular\u0103, va avea loc sus\u021binerea public\u0103 a raportului de cercetare cu titlul \u201eMetode de caracterizare a unor materiale semiconductoare cu aplica\u021bii \u00een fotocataliz\u0103. Rezultate experimentale\u201d prezentat de studenta doctorand AMARINEI C. MARIANA c\u0103s. FREN\u0162I, sub \u00eendrumarea doamnei prof. univ. dr. Diana-Mihaela MARDARE.<\/p>\n","protected":false},"author":4,"featured_media":0,"parent":0,"menu_order":0,"comment_status":"closed","ping_status":"closed","template":"","meta":{"footnotes":""},"class_list":["post-21286","page","type-page","status-publish","hentry"],"_links":{"self":[{"href":"https:\/\/www.phys.uaic.ro\/index.php\/wp-json\/wp\/v2\/pages\/21286","targetHints":{"allow":["GET"]}}],"collection":[{"href":"https:\/\/www.phys.uaic.ro\/index.php\/wp-json\/wp\/v2\/pages"}],"about":[{"href":"https:\/\/www.phys.uaic.ro\/index.php\/wp-json\/wp\/v2\/types\/page"}],"author":[{"embeddable":true,"href":"https:\/\/www.phys.uaic.ro\/index.php\/wp-json\/wp\/v2\/users\/4"}],"replies":[{"embeddable":true,"href":"https:\/\/www.phys.uaic.ro\/index.php\/wp-json\/wp\/v2\/comments?post=21286"}],"version-history":[{"count":0,"href":"https:\/\/www.phys.uaic.ro\/index.php\/wp-json\/wp\/v2\/pages\/21286\/revisions"}],"wp:attachment":[{"href":"https:\/\/www.phys.uaic.ro\/index.php\/wp-json\/wp\/v2\/media?parent=21286"}],"curies":[{"name":"wp","href":"https:\/\/api.w.org\/{rel}","templated":true}]}}