{"id":21782,"date":"2024-05-13T22:21:25","date_gmt":"2024-05-13T19:21:25","guid":{"rendered":"https:\/\/www.phys.uaic.ro\/?page_id=21782"},"modified":"2024-05-13T22:21:25","modified_gmt":"2024-05-13T19:21:25","slug":"programul-euro-200-acordarea-unui-ajutor-financiar-in-vederea-stimularii-achizitionarii-de-calculatoare","status":"publish","type":"page","link":"https:\/\/www.phys.uaic.ro\/index.php\/programul-euro-200-acordarea-unui-ajutor-financiar-in-vederea-stimularii-achizitionarii-de-calculatoare\/","title":{"rendered":"Programul EURO 200 &#8211; acordarea unui ajutor financiar \u00een vederea stimul\u0103rii achizi\u021bion\u0103rii de calculatoare"},"content":{"rendered":"<p><a href=\"https:\/\/www.phys.uaic.ro\/wp-content\/uploads\/2024\/05\/Documente-Program-EURO-200.pdf\">Documente Program EURO 200<\/a><\/p>\n<p>\u201eEURO 200\u201d este un program prin care studen\u021bii din cadrul institu\u021biilor de \u00eenv\u0103\u021b\u0103m\u00e2nt superior acreditate din Rom\u00e2nia cu o v\u00e2rst\u0103 de p\u00e2n\u0103 la 26 de ani \u0219i provin din familii cu un venit lunar brut de maximum 500 lei pe membru de familie pot beneficia de un ajutor financiar \u00een vederea stimul\u0103rii achizi\u021bion\u0103rii de calculatoare, conform H.G. nr. 395\/04.05.2023. Ajutorul financiar reprezint\u0103 echivalentul \u00een lei a 200 de Euro pentru un calculator \u0219i se acord\u0103 o singur\u0103 dat\u0103 \u00een cadrul unei familii.<\/p>\n<p><strong>Acte necesare Program \u201cEuro 200\u201d<\/strong><\/p>\n<p>Pentru ob\u021binerea ajutorului aferent achizi\u021bion\u0103rii unui calculator \u00een baza Legii nr. 269\/2004, cu modific\u0103rile \u0219i complet\u0103rile ulterioare,\u00a0<strong>studen\u021bii care doresc s\u0103 se \u00eenscrie pot transmite la facultatea unde sunt \u00eenmatricula\u021bi, p\u00e2n\u0103 la data de 20 mai 2024, ora 15.00<\/strong><strong>\u00a0dosarul cu urm\u0103toarele documente:<\/strong><\/p>\n<ol>\n<li><a href=\"https:\/\/www.phys.uaic.ro\/wp-content\/uploads\/2024\/05\/cerere-euro-200.doc\"><u>Cererea tip conform modelului prev\u0103zut \u00een anexa nr. 2 a Legii 269\/2004<\/u><\/a>;<\/li>\n<li>Copie a certificatului de na\u0219tere sau a actului de identitate al studentului;<\/li>\n<li>Copii ale certificatelor de na\u0219tere sau ale actelor de identitate, dup\u0103 caz, ale celorlal\u021bi membri ai familiei;<\/li>\n<li>Adeverin\u021b\u0103 de la institu\u021biile de \u00eenv\u0103\u021b\u0103m\u00e2nt\/unit\u0103\u021bile din care s\u0103 rezulte calitatea de elev sau student a celorlal\u021bi fra\u021bi\/surori, cu specificarea faptului dac\u0103 au beneficiat sau nu de aceast\u0103 facilitate, deoarece\u00a0<strong>ajutorul se acord\u0103 o singur\u0103 dat\u0103 \u00een cadrul unei familii<\/strong>;<\/li>\n<li>Acte doveditoare, \u00een original, privind veniturile brute cu caracter permanent realizate de c\u0103tre membrii familiei \u00een luna precedent\u0103 depunerii cererii \u2013 \u00een original;<\/li>\n<li>Declara\u021bia pe propria r\u0103spundere a studentului\/ei \u00een sensul c\u0103 venitul brut lunar pe membru de familie se \u00eencadreaz\u0103 \u00een plafonul prev\u0103zut (500 lei) \u0219i c\u0103 dispun de diferen\u021ba de bani pentru achizi\u021bionarea unui calculator cu o configura\u021bie minim\u0103 recomandat\u0103, cf. Hot\u0103r\u00e2rii nr.395\/04.05.2023;<\/li>\n<li>Adeverin\u021ba eliberat\u0103 de c\u0103tre facultate din care s\u0103 rezulte c\u0103 studentul a promovat cu minimum 45 de credite \u00een anul universitar anterior depunerii cererii (cu excep\u021bia studen\u021bilor din anul I), respectiv adeverin\u021b\u0103 din care s\u0103 rezulte calitatea de student (pentru studen\u021bii din anul I).<\/li>\n<\/ol>\n<p>Configura\u021bia minim\u0103 recomandat\u0103 a calculatoarelor pentru achizi\u021bionarea c\u0103rora se acord\u0103 ajutor financiar este urm\u0103toarea:<\/p>\n<ol start=\"3\">\n<li>a) pentru desktop-procesor cu frecventa nominal\u0103 minimum 3.0 GHz; HDD minimum 500 GB sau SSD minimum 240 GB; RAM tip DDR3 sau DDR4 minimum 8 GB; monitor LCD sau LED cu diagonal\u0103 minimum 18.5\u201c \u0219i rezolu\u021bie minimum 1.920 x 1.080; tastatur\u0103, mouse optic; camer\u0103 web;<\/li>\n<li>b) pentru laptop, notebook, ultrabook \u015fi dispozitive echivalente \u2013 procesor cu minimum 2 nuclee; RAM tip DDR3 sau DDR4 minimum 8 GB; HDD minimum 500 GB sau SSD minimum 240 GB; diagonal\u0103 minimum 14\u201c; rezolu\u021bie minimum 1.366 x 768; camer\u0103 web.<\/li>\n<\/ol>\n<p>Calculatoarele a c\u0103ror achizi\u021bionare se realizeaz\u0103 prin ajutor financiar potrivit Legii nr. 269\/2004, cu modific\u0103rile \u0219i complet\u0103rile ulterioare, vor cuprinde \u00een mod obligatoriu un sistem de operare licen\u021biat.<\/p>\n<p><strong>Secretariatul facult\u0103\u021bii<\/strong>\u00a0posteaz\u0103 pe site anun\u021bul prin care studen\u021bii sunt informa\u021bi c\u0103 pot depune o solicitare privind acordarea unui ajutor financiar \u00een vederea achizi\u021bion\u0103rii unui calculator, conform Legii nr. 269\/2004, \u00eenso\u021bit\u0103 de documentele stabilite prin Normele metodologice pentru aplicarea Legii nr. 269\/2004.<\/p>\n<p>Persoana responsabil\u0103 din cadrul facult\u0103\u021bii verific\u0103 existen\u021ba tuturor documentelor necesare prev\u0103zute de norme metodologice. Cererile trebuie \u00eenregistrate \u00een registrul facult\u0103\u021bii (nr. \u0219i dat\u0103). Adeverin\u021bele de student sunt eliberate de facultate \u0219i depuse la<br \/>\ndosar. \u00cen situa\u021bia \u00een care documentele nu sunt complete, se comunic\u0103 solicitantului faptul c\u0103 dosarul nu este complet pentru a avea posibilitatea de completare.<\/p>\n<p>Pe data de 21.05.2024 dosarele vor fi \u00eenaintate Biroului Probleme Sociale (doamnei adm. fin Roxana Dragalina) care le va pune la dispozi\u021bia Comisiei de evaluare a eligibilit\u0103\u021bii solicit\u0103rilor.<\/p>\n<p><strong>Clarific\u0103ri de termeni\u00a0<\/strong>(conform art. 2 al\u00a0<u>Hot\u0103r\u00e2rii de Guvern nr. 1.294\/2004\u00a0<\/u>pentru aprobarea\u00a0<u>Normelor metodologice pentru aplicarea Legii nr. 269\/2004 privind acordarea unui ajutor financiar \u00een vederea stimul\u0103rii achizi\u021bion\u0103rii de calculatoare):<\/u><\/p>\n<ul>\n<li>Termenul \u201efamilie\u201d se refer\u0103 la so\u021bul \u0219i so\u021bia sau so\u021bul, so\u021bia \u0219i copiii lor nec\u0103s\u0103tori\u021bi, care locuiesc \u0219i gospod\u0103resc \u00eempreun\u0103.<\/li>\n<li>Este asimilat termenului \u201efamilie\u201d \u0219i situa\u021bia persoanei nec\u0103s\u0103torite care locuie\u0219te \u00eempreun\u0103 cu copiii afla\u021bi \u00een \u00eentre\u021binerea sa, b\u0103rbatul \u0219i femeia nec\u0103s\u0103tori\u021bi, cu copiii lor \u0219i ai fiec\u0103ruia dintre ei, care locuiesc \u0219i gospod\u0103resc \u00eempreun\u0103.<\/li>\n<li>Prin termenul \u201ecopil\u201d se \u00een\u021belege copilul provenit din c\u0103s\u0103toria so\u021bilor, copilul unuia dintre so\u021bi, copilul adoptat, precum \u0219i copilul \u00eencredin\u021bat unuia sau ambilor so\u021bi ori dat \u00een plasament familial ori pentru care s-a instituit tutela sau curatel\u0103 potrivit legii.<\/li>\n<\/ul>\n<p>Pentru mai multe detalii, v\u0103 rugam s\u0103 studia\u021bi legisla\u021bia care reglementeaz\u0103 Programul Euro 200:<\/p>\n<ul>\n<li><a href=\"https:\/\/lege5.ro\/gratuit\/geztmmzrgi4da\/hotararea-nr-395-2023-privind-modificarea-normelor-metodologice-pentru-aplicarea-legii-nr-269-2004-privind-acordarea-unui-ajutor-financiar-in-vederea-stimularii-achizitionarii-de-calculatoare-aprobate\">Hot\u0103r\u00e2rea nr. 395\/2023<\/a>\u00a0privind modificarea Normelor metodologice pentru aplicarea Legii nr. 269\/2004 privind acordarea unui ajutor financiar \u00een vederea stimul\u0103rii achizi\u021bion\u0103rii de calculatoare, aprobate prin Hot\u0103r\u00e2rea Guvernului nr. 1.294\/2004.<\/li>\n<li><a href=\"https:\/\/laws.uaic.ro\/images\/docs\/diverse\/euro200\/2023\/Legea-nr-269-din-2004.pdf\">Legea nr. 269\/2004 privind acordarea unui ajutor financiar \u00een vederea stimul\u0103rii achizi\u021bion\u0103rii de calculatoare<\/a>;<\/li>\n<li><a href=\"https:\/\/laws.uaic.ro\/images\/docs\/diverse\/euro200\/2023\/Hotararea-Guvernului-nr-1294-din-2004.pdf\">Hot\u0103r\u00e2rea Guvernului nr. 1.294\/2004<\/a><u>\u00a0<\/u>pentru aprobarea\u00a0<u><a href=\"https:\/\/laws.uaic.ro\/images\/docs\/diverse\/euro200\/2023\/Normele-metodologice-pentru-aplicarea-Legii-nr-2692004-pentru-achizitionarea-de-calculator.pdf\">Normelor metodologice pentru aplicarea Legii nr. 269\/2004 privind acordarea unui ajutor financiar \u00een vederea stimul\u0103rii achizi\u021bion\u0103rii de calculatoare<\/a>;<\/u><\/li>\n<li><a href=\"https:\/\/laws.uaic.ro\/images\/docs\/diverse\/euro200\/2023\/Hotarare-297-din-2018.pdf\">Hot\u0103r\u00e2re nr. 297 din 3 mai 2018<\/a>\u00a0pentru modificarea\u00a0<u>Normelor metodologice pentru aplicarea Legii nr. 269\/2004 privind acordarea unui ajutor financiar \u00een vederea stimul\u0103rii achizi\u021bion\u0103rii de calculatoare<\/u>, aprobate prin HG nr. 1294\/2004;<\/li>\n<\/ul>\n<p>&nbsp;<\/p>\n<p><a href=\"https:\/\/www.phys.uaic.ro\/wp-content\/uploads\/2024\/05\/Documente-Program-EURO-200.pdf\">Documente Program EURO 200<\/a><\/p>\n","protected":false},"excerpt":{"rendered":"<p>Documente Program EURO 200 \u201eEURO 200\u201d este un program prin care studen\u021bii din cadrul institu\u021biilor de \u00eenv\u0103\u021b\u0103m\u00e2nt superior acreditate din Rom\u00e2nia cu o v\u00e2rst\u0103 de p\u00e2n\u0103 la 26 de ani \u0219i provin din familii cu un venit lunar brut de maximum 500 lei pe membru de familie pot beneficia de un ajutor financiar \u00een vederea stimul\u0103rii achizi\u021bion\u0103rii de\u2026 <span class=\"read-more\"><a href=\"https:\/\/www.phys.uaic.ro\/index.php\/programul-euro-200-acordarea-unui-ajutor-financiar-in-vederea-stimularii-achizitionarii-de-calculatoare\/\">Read More &raquo;<\/a><\/span><\/p>\n","protected":false},"author":3,"featured_media":0,"parent":0,"menu_order":0,"comment_status":"closed","ping_status":"closed","template":"","meta":{"footnotes":""},"class_list":["post-21782","page","type-page","status-publish","hentry"],"_links":{"self":[{"href":"https:\/\/www.phys.uaic.ro\/index.php\/wp-json\/wp\/v2\/pages\/21782","targetHints":{"allow":["GET"]}}],"collection":[{"href":"https:\/\/www.phys.uaic.ro\/index.php\/wp-json\/wp\/v2\/pages"}],"about":[{"href":"https:\/\/www.phys.uaic.ro\/index.php\/wp-json\/wp\/v2\/types\/page"}],"author":[{"embeddable":true,"href":"https:\/\/www.phys.uaic.ro\/index.php\/wp-json\/wp\/v2\/users\/3"}],"replies":[{"embeddable":true,"href":"https:\/\/www.phys.uaic.ro\/index.php\/wp-json\/wp\/v2\/comments?post=21782"}],"version-history":[{"count":0,"href":"https:\/\/www.phys.uaic.ro\/index.php\/wp-json\/wp\/v2\/pages\/21782\/revisions"}],"wp:attachment":[{"href":"https:\/\/www.phys.uaic.ro\/index.php\/wp-json\/wp\/v2\/media?parent=21782"}],"curies":[{"name":"wp","href":"https:\/\/api.w.org\/{rel}","templated":true}]}}