{"id":22049,"date":"2024-06-11T15:14:35","date_gmt":"2024-06-11T12:14:35","guid":{"rendered":"https:\/\/www.phys.uaic.ro\/?page_id=22049"},"modified":"2024-06-11T15:14:35","modified_gmt":"2024-06-11T12:14:35","slug":"anunt-privind-sustinerea-raportului-de-cercetare-a-drd-costache-mihai-pe-29-iunie-2024","status":"publish","type":"page","link":"https:\/\/www.phys.uaic.ro\/index.php\/anunt-privind-sustinerea-raportului-de-cercetare-a-drd-costache-mihai-pe-29-iunie-2024\/","title":{"rendered":"Anun\u021b privind sustinerea raportului de cercetare a drd. COSTACHE MIHAI pe 29 iunie 2024"},"content":{"rendered":"<p>La data de 29 iunie 2024, \u00eencep\u00e2nd cu ora 11.30, \u00een laboratorul de BIOFIZIC\u0102 va avea loc sus\u021binerea raportului de cercetare cu titlul\u00a0 \u201eS<em>tudii privind unele bioefecte ale campurilor electromagnetice<\/em>\u201d prezentat de studentul-doctorand COSTACHE Mihai sub \u00eendrumarea prof. univ. dr. habil. Dorina-Emilia CREANG\u0102.<\/p>\n","protected":false},"excerpt":{"rendered":"<p>La data de 29 iunie 2024, \u00eencep\u00e2nd cu ora 11.30, \u00een laboratorul de BIOFIZIC\u0102 va avea loc sus\u021binerea raportului de cercetare cu titlul\u00a0 \u201eStudii privind unele bioefecte ale campurilor electromagnetice\u201d prezentat de studentul-doctorand COSTACHE Mihai sub \u00eendrumarea prof. univ. dr. habil. Dorina-Emilia CREANG\u0102.<\/p>\n","protected":false},"author":4,"featured_media":0,"parent":0,"menu_order":0,"comment_status":"closed","ping_status":"closed","template":"","meta":{"footnotes":""},"class_list":["post-22049","page","type-page","status-publish","hentry"],"_links":{"self":[{"href":"https:\/\/www.phys.uaic.ro\/index.php\/wp-json\/wp\/v2\/pages\/22049","targetHints":{"allow":["GET"]}}],"collection":[{"href":"https:\/\/www.phys.uaic.ro\/index.php\/wp-json\/wp\/v2\/pages"}],"about":[{"href":"https:\/\/www.phys.uaic.ro\/index.php\/wp-json\/wp\/v2\/types\/page"}],"author":[{"embeddable":true,"href":"https:\/\/www.phys.uaic.ro\/index.php\/wp-json\/wp\/v2\/users\/4"}],"replies":[{"embeddable":true,"href":"https:\/\/www.phys.uaic.ro\/index.php\/wp-json\/wp\/v2\/comments?post=22049"}],"version-history":[{"count":0,"href":"https:\/\/www.phys.uaic.ro\/index.php\/wp-json\/wp\/v2\/pages\/22049\/revisions"}],"wp:attachment":[{"href":"https:\/\/www.phys.uaic.ro\/index.php\/wp-json\/wp\/v2\/media?parent=22049"}],"curies":[{"name":"wp","href":"https:\/\/api.w.org\/{rel}","templated":true}]}}