{"id":22107,"date":"2024-06-18T07:50:10","date_gmt":"2024-06-18T04:50:10","guid":{"rendered":"https:\/\/www.phys.uaic.ro\/?page_id=22107"},"modified":"2025-05-22T14:06:18","modified_gmt":"2025-05-22T11:06:18","slug":"anunt-privind-pre-sustinerea-in-fata-comisiei-de-indrumare-a-tezei-de-doctorat-a-drd-surdu-s-cristina-cas-stavila-pe-29-06-2024","status":"publish","type":"page","link":"https:\/\/www.phys.uaic.ro\/index.php\/anunt-privind-pre-sustinerea-in-fata-comisiei-de-indrumare-a-tezei-de-doctorat-a-drd-surdu-s-cristina-cas-stavila-pe-29-06-2024\/","title":{"rendered":"Anun\u021b privind pre-sus\u021binerea, \u00een fa\u021ba comisiei de \u00eendrumare, a tezei de doctorat a drd. SURDU CRISTINA (c\u0103s. STAVIL\u0102) pe 29.06.2024"},"content":{"rendered":"<p>La data de\u00a0<strong>29 iunie 2024<\/strong>, \u00eencep\u00e2nd cu ora\u00a0<strong>9:30<\/strong>, \u00een Laborator Biofizic\u0103 \u2013 parter va avea loc presus\u021binerea, \u00een fa\u021ba comisiei de \u00eendrumare, a tezei de doctorat cu titlul \u201d <strong><em>Studiul efectelor induse de nanoparticule magnetice \u00een celule normale \u0219i tumorale<\/em><\/strong>\u201d \u00a0prezentat\u0103 de studenta-doctorand\u0103\u00a0<strong> SURDU (c\u0103s. STAVIL\u0102) Cristina <\/strong>sub \u00eendrumarea <strong>prof. univ. dr. habil. Emilia-Dorina CREANG\u0102.<\/strong><\/p>\n","protected":false},"excerpt":{"rendered":"<p>La data de\u00a029 iunie 2024, \u00eencep\u00e2nd cu ora\u00a09:30, \u00een Laborator Biofizic\u0103 \u2013 parter va avea loc presus\u021binerea, \u00een fa\u021ba comisiei de \u00eendrumare, a tezei de doctorat cu titlul \u201d Studiul efectelor induse de nanoparticule magnetice \u00een celule normale \u0219i tumorale\u201d \u00a0prezentat\u0103 de studenta-doctorand\u0103\u00a0 SURDU (c\u0103s. STAVIL\u0102) Cristina sub \u00eendrumarea prof. univ. dr. habil. Emilia-Dorina CREANG\u0102.<\/p>\n","protected":false},"author":4,"featured_media":0,"parent":0,"menu_order":0,"comment_status":"closed","ping_status":"closed","template":"","meta":{"footnotes":""},"class_list":["post-22107","page","type-page","status-publish","hentry"],"_links":{"self":[{"href":"https:\/\/www.phys.uaic.ro\/index.php\/wp-json\/wp\/v2\/pages\/22107","targetHints":{"allow":["GET"]}}],"collection":[{"href":"https:\/\/www.phys.uaic.ro\/index.php\/wp-json\/wp\/v2\/pages"}],"about":[{"href":"https:\/\/www.phys.uaic.ro\/index.php\/wp-json\/wp\/v2\/types\/page"}],"author":[{"embeddable":true,"href":"https:\/\/www.phys.uaic.ro\/index.php\/wp-json\/wp\/v2\/users\/4"}],"replies":[{"embeddable":true,"href":"https:\/\/www.phys.uaic.ro\/index.php\/wp-json\/wp\/v2\/comments?post=22107"}],"version-history":[{"count":0,"href":"https:\/\/www.phys.uaic.ro\/index.php\/wp-json\/wp\/v2\/pages\/22107\/revisions"}],"wp:attachment":[{"href":"https:\/\/www.phys.uaic.ro\/index.php\/wp-json\/wp\/v2\/media?parent=22107"}],"curies":[{"name":"wp","href":"https:\/\/api.w.org\/{rel}","templated":true}]}}