{"id":22137,"date":"2024-06-20T18:10:12","date_gmt":"2024-06-20T15:10:12","guid":{"rendered":"https:\/\/www.phys.uaic.ro\/?page_id=22137"},"modified":"2025-09-24T10:16:10","modified_gmt":"2025-09-24T07:16:10","slug":"cercetare-conferinte-cercetare-conferinte-cercetare-2024","status":"publish","type":"page","link":"https:\/\/www.phys.uaic.ro\/index.php\/cercetare-conferinte-cercetare-conferinte-cercetare-2024\/","title":{"rendered":"Conferinte 2024"},"content":{"rendered":"<div id=\"farphys-2022\" class=\"colorbox\" style=\"background-color: #e6e6e6;\">\n<h3 id=\"farphys\"><b> Fundamental and Applied Research in Physics Workshop \u2013 FARPHYS 2024<\/b><\/h3>\n<p>Facultatea de Fizic\u0103 organizeaz\u0103 \u00een luna octombrie 2024 conferin\u021ba \u015ftiin\u021bific\u0103 studen\u021beasc\u0103 Fundamental and Applied Research in Physics \u2013 FARPHYS 2024. Programul exact va fi stabilit \u00een func\u021bie de num\u0103rul de lucr\u0103ri primite.<\/p>\n<p>Propunerile de comunic\u0103ri \u0219tiin\u021bifice vor cuprinde titlul, autorii \u015fi un rezumat de maxim 200 de cuvinte (\u00een limba rom\u00e2n\u0103 sau englez\u0103) \u015fi vor fi trimise p\u00e2n\u0103 pe data de 20 octombrie pe adresa fizica@uaic.ro, cu subiectul <strong>Rezumat FARPHYS 2024<\/strong>. \u00cen cazul studen\u021bilor de la licen\u021b\u0103 \u015fi masteranzilor, printre autorii fiec\u0103rei comunic\u0103ri trebuie s\u0103 se reg\u0103seasc\u0103 obligatoriu \u015fi un cadru didactic\/cercet\u0103tor.<\/p>\n<p><a href=\"https:\/\/www.phys.uaic.ro\/wp-content\/uploads\/2024\/11\/Abstracte_FARPHYS_2024_v4.pdf\" target=\"_blank\" rel=\"noopener\"><strong>Program FARPHYS 2024<\/strong><\/a><\/p>\n<\/div>\n<h3><\/h3>\n<div id=\"icpam-16\" class=\"colorbox\" style=\"background-color: #e6e6e6;\">\n<h3>ICPAM-16 2024<\/h3>\n<p>The main objective of ICPAM is to provide a forum for scientists involved in physics of advanced materials, emerging nanotechnologies, and new devices, to exchange their ideas, knowledge and experience.<\/p>\n<p><a href=\"https:\/\/icpams.com\/main\/\">https:\/\/icpams.com\/main\/<\/a><\/p>\n<p><a href=\"https:\/\/icpams.com\/main\/wp-content\/uploads\/Abstract-book-icpam-2024.pdf\">Book of abstracts (ICPAM)<\/a> | <a href=\"https:\/\/icpams.com\/main\/wp-content\/uploads\/Abstract-book-pams-2024.pdf\">Book of abstracts (PAMS)<\/a> | <a href=\"https:\/\/icpams.com\/main\/wp-content\/uploads\/Awards-2024-2.pdf\">Awards<\/a> | <a href=\"https:\/\/www.mdpi.com\/journal\/nanomaterials\/special_issues\/AD4UF790PP\">Nanomaterials<\/a> | <a href=\"https:\/\/www.mdpi.com\/journal\/materials\/special_issues\/XHZGCB7FI1\">Materials<\/a> | <a href=\"https:\/\/iopscience.iop.org\/collections\/nanox-231018-394\">Nano Expres<\/a><\/p>\n<\/div>\n<p>&nbsp;<\/p>\n<div id=\"ronaqci\" class=\"colorbox\" style=\"background-color: #e6e6e6;\">\n<h3>RoNaQCI Workshop 2024<\/h3>\n<p>RoNaQCI proposes the deployment of a 1500+ km QCI network including 6 metropolitan networks in the cities of Bucharest, Iasi, Cluj-Napoca, Timisoara, Craiova and Constanta. The project represents a key step towards implementing state-of-the-art quantum technology (QT) with the aim to approach and mitigate major challenges raised by the digital era, among which the most prominent are secure communication and enhanced computing capability based on the laws of quantum physics.<\/p>\n<p><strong><a href=\"https:\/\/www.ronaqci.upb.ro\/workshop-2024-iasi-june-20-21\/\">Program workshop 2024<\/a><\/strong><\/p>\n<\/div>\n<p>&nbsp;<\/p>\n<div id=\"ftem-2024\" class=\"colorbox\" style=\"background-color: #e6e6e6;\">\n<h3>FTEM 2024<\/h3>\n<p>Conferin\u0163a \u201eFizica \u015fi Tehnologiile Educa\u021bionale Moderne\u201c a ajuns la a 53-a edi\u0163ie \u0219i a fost organizat\u0103 de Universitatea Alexandru Ioan Cuza din Ia\u0219i, Facultatea de Fizic\u0103 \u00een data de 25 Mai 2024.<\/p>\n<p><a href=\"https:\/\/ftem.faculty.ro\/download\/p0rfl35mf\/Program%20si%20Rezumate%20FTEM%202024\"><strong>Program FTEM 2024<\/strong><\/a><\/p>\n<\/div>\n<p>&nbsp;<\/p>\n","protected":false},"excerpt":{"rendered":"<p>Fundamental and Applied Research in Physics Workshop \u2013 FARPHYS 2024 Facultatea de Fizic\u0103 organizeaz\u0103 \u00een luna octombrie 2024 conferin\u021ba \u015ftiin\u021bific\u0103 studen\u021beasc\u0103 Fundamental and Applied Research in Physics \u2013 FARPHYS 2024. Programul exact va fi stabilit \u00een func\u021bie de num\u0103rul de lucr\u0103ri primite. Propunerile de comunic\u0103ri \u0219tiin\u021bifice vor cuprinde titlul, autorii \u015fi un rezumat de maxim 200 de cuvinte\u2026 <span class=\"read-more\"><a href=\"https:\/\/www.phys.uaic.ro\/index.php\/cercetare-conferinte-cercetare-conferinte-cercetare-2024\/\">Read More &raquo;<\/a><\/span><\/p>\n","protected":false},"author":5,"featured_media":0,"parent":0,"menu_order":0,"comment_status":"closed","ping_status":"closed","template":"","meta":{"footnotes":""},"class_list":["post-22137","page","type-page","status-publish","hentry"],"_links":{"self":[{"href":"https:\/\/www.phys.uaic.ro\/index.php\/wp-json\/wp\/v2\/pages\/22137","targetHints":{"allow":["GET"]}}],"collection":[{"href":"https:\/\/www.phys.uaic.ro\/index.php\/wp-json\/wp\/v2\/pages"}],"about":[{"href":"https:\/\/www.phys.uaic.ro\/index.php\/wp-json\/wp\/v2\/types\/page"}],"author":[{"embeddable":true,"href":"https:\/\/www.phys.uaic.ro\/index.php\/wp-json\/wp\/v2\/users\/5"}],"replies":[{"embeddable":true,"href":"https:\/\/www.phys.uaic.ro\/index.php\/wp-json\/wp\/v2\/comments?post=22137"}],"version-history":[{"count":0,"href":"https:\/\/www.phys.uaic.ro\/index.php\/wp-json\/wp\/v2\/pages\/22137\/revisions"}],"wp:attachment":[{"href":"https:\/\/www.phys.uaic.ro\/index.php\/wp-json\/wp\/v2\/media?parent=22137"}],"curies":[{"name":"wp","href":"https:\/\/api.w.org\/{rel}","templated":true}]}}