{"id":22485,"date":"2024-08-08T16:48:48","date_gmt":"2024-08-08T13:48:48","guid":{"rendered":"https:\/\/www.phys.uaic.ro\/?page_id=22485"},"modified":"2025-07-31T14:45:16","modified_gmt":"2025-07-31T11:45:16","slug":"organizarea-admiterii-la-master-septembrie-2024","status":"publish","type":"page","link":"https:\/\/www.phys.uaic.ro\/index.php\/organizarea-admiterii-la-master-septembrie-2024\/","title":{"rendered":"Organizarea admiterii la MASTER \u2013 septembrie 2024"},"content":{"rendered":"<p><em><strong><a href=\"https:\/\/www.phys.uaic.ro\/wp-content\/uploads\/2024\/09\/sept-2024-master-buget.pdf\" target=\"_blank\" rel=\"noopener\"><span style=\"font-size: 14pt; color: #ff0000;\">Rezultate admitere master septembrie &#8211; BUGET &#8211; afisat 11.09.2024<\/span><\/a><\/strong><\/em><\/p>\n<p><a href=\"https:\/\/www.phys.uaic.ro\/wp-content\/uploads\/2024\/09\/sept-2024-master-taxa.pdf\" target=\"_blank\" rel=\"noopener\"><span style=\"color: #ff0000; font-size: 14pt;\"><em><strong>Rezultate admitere master septembrie &#8211; TAXA &#8211; afisat 11.09.2024<\/strong><\/em><\/span><\/a><\/p>\n<h3><a href=\"https:\/\/www.phys.uaic.ro\/wp-content\/uploads\/2024\/09\/RP-Taxa-sept-2024.pdf\" target=\"_blank\" rel=\"noopener\"><span style=\"color: #ff0000;\"><em>Rezultate admitere master septembrie 2024 \u2013 locuri Rom\u00e2ni de Pretutindeni TAX\u0102<\/em><\/span><\/a><\/h3>\n<p><strong>Confirm\u0103ri:<\/strong><\/p>\n<ul>\n<li><strong>12 septembrie 2024<\/strong>, orele <strong>9:00 \u2013 15:00,<br \/>\n<\/strong><\/li>\n<li><strong>13 septembrie 2024<\/strong>, orele <strong>9:00 \u2013 12:00, la secretariatul Facult\u0103\u021bii (tel: 0232 201050).<\/strong><\/li>\n<\/ul>\n<p>&nbsp;<\/p>\n<p id=\"confirmare-master\">Candida\u0163ii declara\u0163i <b>admi\u015fi<\/b> vor trebui \u00een perioada <strong>12-13 septembrie 2024<\/strong>:<\/p>\n<ul>\n<li><b>s\u0103 semneze contractul de studii;<\/b><\/li>\n<li><b>s\u0103 achite taxa de \u00eenmatriculare de 100 RON<\/b> (cei admi\u015fi la buget);<\/li>\n<li><b>s\u0103 achite o prim\u0103 parte a taxei \u015fcolarizare de 500 lei<\/b> (cei admi\u0219i pe locurile cu tax\u0103);<\/li>\n<li><b>s\u0103 completeze dosarul cu actele \u00een original<\/b> (un dosar plic cu diploma de bacalaureat, adeverin\u0163a\/diploma de licen\u0163\u0103 \u015fi foaia matricol\u0103\/suplimentul la diplom\u0103, CV, scrisoare de inten\u021bie).<\/li>\n<\/ul>\n<p>&nbsp;<\/p>\n<p>Candida\u021bii care, din diverse motive, renun\u021b\u0103 la loc sunt ruga\u021bi s\u0103 trimit\u0103 un e-mail la adresa fizica@uaic.ro.<\/p>\n<p>\u00cen cazul ne\u00eendeplinirii obliga\u021biilor enumerate anterior, candida\u021bii vor fi declara\u021bi respin\u0219i.<\/p>\n<h3><\/h3>\n<h3><strong>Perioada admiterii<\/strong><\/h3>\n<ul>\n<li><b>\u00censcriere \u0219i depunerea dosarelor<\/b>: <span style=\"color: #ff0000;\"><strong>6-9 septembrie 2024<\/strong><\/span> (online \u0219i fizic la secretariatul facult\u0103\u021bii)<\/li>\n<li><b>Selec\u021bia candida\u021bilor \u0219i afi\u0219area rezultatelor<\/b>: <span style=\"color: #ff0000;\"><strong>10-11 septembrie 2024<\/strong><\/span><\/li>\n<\/ul>\n<p>&nbsp;<\/p>\n<p><strong>Conturile de acces<\/strong>\u00a0pe platforma\u00a0<a href=\"https:\/\/eadmitere.uaic.ro\/\"><strong>eadmitere.uaic.ro<\/strong><\/a>\u00a0vor putea fi create p\u00e2n\u0103 cel t\u00e2rziu s\u00e2mb\u0103t\u0103,\u00a0<strong>9 septembrie<\/strong>\u00a0<strong>2024<\/strong>, ora\u00a0<strong>12:00<\/strong>, completarea \u0219i finalizarea dosarelor put\u00e2ndu-se face p\u00e2n\u0103 la ora\u00a0<strong>13:00<\/strong>.<\/p>\n<p>Deschide\u0163i pagina\u00a0<a href=\"https:\/\/eadmitere.uaic.ro\/\"><strong>https:\/\/eadmitere.uaic.ro<\/strong><\/a>\u00a0de pe site-ul universit\u0103\u021bii \u015fi urma\u0163i instruc\u0163iunile de admitere \u00eensemn\u00e2nd achitarea taxei de admitere, scanarea (fotocopierea) actelor necesare si trimiterea lor \u00een contul creat. Informa\u0163ii suplimentare pute\u0163i primi la\u00a0<em>fizica@uaic.ro<\/em>.<\/p>\n<p>&nbsp;<\/p>\n<p><span style=\"color: #000000;\"><strong>Num\u0103rul de locuri<\/strong><\/span><\/p>\n<div>\n<p><strong><span style=\"color: #ff0000;\">Master, programul de studii Fizic\u0103 aplicat\u0103 \u00een tehnologii smart \u0219i comunica\u021bii :<\/span><br \/>\n<\/strong><\/p>\n<ul>\n<li>2 locuri buget<\/li>\n<li>14 locuri tax\u0103<\/li>\n<\/ul>\n<p><strong><span style=\"color: #ff0000;\">Master, programul de studii Metode fizice aplicate \u00een kinetoterapie \u015fi recuperare medical\u0103 :<\/span><br \/>\n<\/strong><\/p>\n<ul>\n<li>1 loc buget, candida\u021bi proveni\u021bi din sistemul de protec\u021bie social\u0103<\/li>\n<li>1 loc buget, candida\u021bi cu cerin\u021be educa\u021bionale speciale\/dizabilit\u0103\u021bi<\/li>\n<li><span style=\"color: #000000;\">10 locuri tax\u0103<\/span><\/li>\n<\/ul>\n<p><strong><span style=\"color: #ff0000;\">Master, programul de studii Fizic\u0103 medical\u0103 aplicat\u0103 :<\/span><br \/>\n<\/strong><\/p>\n<ul>\n<li>20 locuri tax\u0103<\/li>\n<\/ul>\n<\/div>\n<p><strong><span style=\"color: #ff0000;\">Master, programul de studii Biofizic\u0103 \u0219i fizic\u0103 medical\u0103\/Biophysics and Medical Physics :<\/span><br \/>\n<\/strong><\/p>\n<ul>\n<li>9 locuri tax\u0103<\/li>\n<\/ul>\n<p><strong><span style=\"color: #ff0000;\">Master, programul de studii Fizic\u0103 pentru tehnologii avansate\/Physics for advanced technologies :<\/span><br \/>\n<\/strong><\/p>\n<ul>\n<li>1 loc buget<\/li>\n<li>9 locuri tax\u0103<\/li>\n<\/ul>\n<p><strong><span style=\"color: #ff0000;\">Master, programul de studii Optic\u0103 \u015fi optometrie :<\/span><br \/>\n<\/strong><\/p>\n<ul>\n<li>1 loc buget<\/li>\n<li>11 locuri tax\u0103<\/li>\n<\/ul>\n<p>&nbsp;<\/p>\n<p><a href=\"https:\/\/www.phys.uaic.ro\/index.php\/conditii-de-admitere-si-taxe-la-master-iulie-2024\/\">Condi\u021bii de admitere \u0219i taxe<\/a><\/p>\n<p><a href=\"https:\/\/www.phys.uaic.ro\/index.php\/actele-necesare-la-master-iulie-2024\/\">Actele necesare<\/a><\/p>\n<p>&nbsp;<\/p>\n<p><b>Informa\u021bii<\/b>\u00a0despre admitere:<\/p>\n<ul>\n<li style=\"list-style-type: none;\">\n<ul>\n<li>Tel: 0232 201050<\/li>\n<li>E-mail: fizica@uaic.ro<\/li>\n<li>Site-ul Facult\u0103\u021bii de Fizic\u0103:\u00a0<a href=\"https:\/\/www.phys.uaic.ro\/\" target=\"_blank\" rel=\"noopener\">https:\/\/www.phys.uaic.ro<\/a><\/li>\n<li>Site-ul universit\u0103\u021bii dedicat admiterii:\u00a0<a href=\"http:\/\/admitere.uaic.ro\/\" target=\"_blank\" rel=\"noopener\">http:\/\/admitere.uaic.ro\/<\/a><\/li>\n<\/ul>\n<\/li>\n<\/ul>\n<p>Candida\u021bii declara\u021bi reu\u0219i\u021bi \u00een condi\u021biile de mai sus vor avea prioritate, \u021bin\u00e2ndu-se cont de media de admitere, \u00een ob\u021binerea bursei de studiu \u0219i a unui loc \u00een c\u0103minele universit\u0103\u021bii.<\/p>\n<p>&nbsp;<\/p>\n<p><a href=\"https:\/\/admitere.uaic.ro\/wp-content\/uploads\/2024\/01\/Reg_Adm_MASTER_2024-2025_aprobatSenat_final.pdf\" target=\"_blank\" rel=\"noopener\"><em>Metodologie privind organizarea \u015fi desf\u0103\u015furarea admiterii \u00een ciclul de studii universitare de master pentru anul universitar 2024-2025<\/em><\/a><\/p>\n<p><a href=\"https:\/\/www.phys.uaic.ro\/wp-content\/uploads\/2022\/05\/L_02.-Anexa_INFORMARE-PRIVIND-PRELUCRAREA-INFORMATIILOR-2022.pdf\" target=\"_blank\" rel=\"noopener\"><em>Informare privind prelucrarea informa\u021biilor cu caracter personal<\/em><\/a><\/p>\n","protected":false},"excerpt":{"rendered":"<p>Rezultate admitere master septembrie &#8211; BUGET &#8211; afisat 11.09.2024 Rezultate admitere master septembrie &#8211; TAXA &#8211; afisat 11.09.2024 Rezultate admitere master septembrie 2024 \u2013 locuri Rom\u00e2ni de Pretutindeni TAX\u0102 Confirm\u0103ri: 12 septembrie 2024, orele 9:00 \u2013 15:00, 13 septembrie 2024, orele 9:00 \u2013 12:00, la secretariatul Facult\u0103\u021bii (tel: 0232 201050). &nbsp; Candida\u0163ii declara\u0163i admi\u015fi vor trebui \u00een perioada\u2026 <span class=\"read-more\"><a href=\"https:\/\/www.phys.uaic.ro\/index.php\/organizarea-admiterii-la-master-septembrie-2024\/\">Read More &raquo;<\/a><\/span><\/p>\n","protected":false},"author":3,"featured_media":0,"parent":0,"menu_order":0,"comment_status":"closed","ping_status":"closed","template":"","meta":{"footnotes":""},"class_list":["post-22485","page","type-page","status-publish","hentry"],"_links":{"self":[{"href":"https:\/\/www.phys.uaic.ro\/index.php\/wp-json\/wp\/v2\/pages\/22485","targetHints":{"allow":["GET"]}}],"collection":[{"href":"https:\/\/www.phys.uaic.ro\/index.php\/wp-json\/wp\/v2\/pages"}],"about":[{"href":"https:\/\/www.phys.uaic.ro\/index.php\/wp-json\/wp\/v2\/types\/page"}],"author":[{"embeddable":true,"href":"https:\/\/www.phys.uaic.ro\/index.php\/wp-json\/wp\/v2\/users\/3"}],"replies":[{"embeddable":true,"href":"https:\/\/www.phys.uaic.ro\/index.php\/wp-json\/wp\/v2\/comments?post=22485"}],"version-history":[{"count":0,"href":"https:\/\/www.phys.uaic.ro\/index.php\/wp-json\/wp\/v2\/pages\/22485\/revisions"}],"wp:attachment":[{"href":"https:\/\/www.phys.uaic.ro\/index.php\/wp-json\/wp\/v2\/media?parent=22485"}],"curies":[{"name":"wp","href":"https:\/\/api.w.org\/{rel}","templated":true}]}}