{"id":22591,"date":"2024-09-02T08:01:07","date_gmt":"2024-09-02T05:01:07","guid":{"rendered":"https:\/\/www.phys.uaic.ro\/?page_id=22591"},"modified":"2024-09-02T08:01:07","modified_gmt":"2024-09-02T05:01:07","slug":"anunt-privind-sustinerea-raportului-de-cercetare-a-drd-hostina-anca-mihaela-pe-21-septembrie-2024","status":"publish","type":"page","link":"https:\/\/www.phys.uaic.ro\/index.php\/anunt-privind-sustinerea-raportului-de-cercetare-a-drd-hostina-anca-mihaela-pe-21-septembrie-2024\/","title":{"rendered":"Anun\u021b privind sustinerea raportului de cercetare a drd. Ho\u0219tin\u0103 Anca-Mihaela pe 21 septembrie 2024"},"content":{"rendered":"<div><b>La data de 21 septembrie 2024, \u00eencep\u00e2nd cu ora 11, \u00een Laboratorul de BIOFIZIC\u0102 va avea loc sus\u021binerea raportului de cercetare cu titlul <\/b> <span style=\"font-size: medium;\"><i>,,Cercet\u0103rile actuale privind ac\u021biunea radia\u021biilor ionizante asupra organismelor vii. Abord\u0103ri experimentale si principalele rezultate&#8221;<\/i><\/span> <b>prezentat de studenta-doctorand\u0103 Ho\u0219tin\u0103 Anca-Mihaela <\/b>sub \u00eendrumarea <b>prof. univ. dr. habil. Dorina-Emilia CREANG\u0102.<\/b><\/div>\n","protected":false},"excerpt":{"rendered":"<p>La data de 21 septembrie 2024, \u00eencep\u00e2nd cu ora 11, \u00een Laboratorul de BIOFIZIC\u0102 va avea loc sus\u021binerea raportului de cercetare cu titlul ,,Cercet\u0103rile actuale privind ac\u021biunea radia\u021biilor ionizante asupra organismelor vii. Abord\u0103ri experimentale si principalele rezultate&#8221; prezentat de studenta-doctorand\u0103 Ho\u0219tin\u0103 Anca-Mihaela sub \u00eendrumarea prof. univ. dr. habil. Dorina-Emilia CREANG\u0102.<\/p>\n","protected":false},"author":4,"featured_media":0,"parent":0,"menu_order":0,"comment_status":"closed","ping_status":"closed","template":"","meta":{"footnotes":""},"class_list":["post-22591","page","type-page","status-publish","hentry"],"_links":{"self":[{"href":"https:\/\/www.phys.uaic.ro\/index.php\/wp-json\/wp\/v2\/pages\/22591","targetHints":{"allow":["GET"]}}],"collection":[{"href":"https:\/\/www.phys.uaic.ro\/index.php\/wp-json\/wp\/v2\/pages"}],"about":[{"href":"https:\/\/www.phys.uaic.ro\/index.php\/wp-json\/wp\/v2\/types\/page"}],"author":[{"embeddable":true,"href":"https:\/\/www.phys.uaic.ro\/index.php\/wp-json\/wp\/v2\/users\/4"}],"replies":[{"embeddable":true,"href":"https:\/\/www.phys.uaic.ro\/index.php\/wp-json\/wp\/v2\/comments?post=22591"}],"version-history":[{"count":0,"href":"https:\/\/www.phys.uaic.ro\/index.php\/wp-json\/wp\/v2\/pages\/22591\/revisions"}],"wp:attachment":[{"href":"https:\/\/www.phys.uaic.ro\/index.php\/wp-json\/wp\/v2\/media?parent=22591"}],"curies":[{"name":"wp","href":"https:\/\/api.w.org\/{rel}","templated":true}]}}