{"id":23286,"date":"2024-11-14T13:26:50","date_gmt":"2024-11-14T11:26:50","guid":{"rendered":"https:\/\/www.phys.uaic.ro\/?page_id=23286"},"modified":"2025-04-08T17:46:58","modified_gmt":"2025-04-08T14:46:58","slug":"burse-sem-2-2023-2024","status":"publish","type":"page","link":"https:\/\/www.phys.uaic.ro\/index.php\/burse-sem-2-2023-2024\/","title":{"rendered":"Burse sem 2 &#8211; 2023\/2024"},"content":{"rendered":"<div class=\"x1e56ztr\" data-block=\"true\" data-editor=\"9lbc\" data-offset-key=\"b5427-0-0\">\n<div data-offset-key=\"b5427-0-0\">\n<p><span style=\"font-size: 12pt;\"><strong><em><span style=\"color: #ff0000; font-size: 14pt;\">Propuneri burse pentru sem. 2, an univ. 2023\/2024<\/span><\/em><\/strong> <\/span><\/p>\n<p><span style=\"font-size: 12pt;\">Eventualele <strong>contestatii <\/strong>se pot depune pana luni, <strong>08.04.2024, orele 14<\/strong>, pe email: <strong>fizica@uaic.ro.<\/strong><\/span><\/p>\n<\/div>\n<div data-offset-key=\"b5427-0-0\">\n<pre><span style=\"font-size: 12pt;\"><em>\r\n<strong><span style=\"color: #ff0000;\"><span style=\"font-size: 14pt;\">Clasament punctaje MASTER, sem.2, an univ. 2023-2024<\/span><\/span><\/strong><\/em><\/span><\/pre>\n<h2><span style=\"font-size: 12pt;\"><a href=\"https:\/\/www.phys.uaic.ro\/wp-content\/uploads\/2024\/03\/Criterii-de-acordare-a-burselor-masterat_2020.pdf\" target=\"_blank\" rel=\"noopener\">Criterii de acordare a burselor la MASTER<\/a><\/span><\/h2>\n<p><span style=\"font-size: 12pt;\">Dosarele vor fi trimise pe email la <strong>fizica@uaic.ro, <\/strong>pana la data de 21.03.2024.<\/span><\/p>\n<h1><span style=\"font-size: 12pt;\">Criterii burse sociale (04.03.2024)<\/span><\/h1>\n<p><em><a href=\"https:\/\/www.phys.uaic.ro\/wp-content\/uploads\/2024\/03\/adresa-burse-sociale-sem-2-2023-2024.pdf\">Adresa burse sociale sem 2, 2023-2024<\/a><\/em><\/p>\n<p><strong>Bursa \u201eFF60\u201d<\/strong><\/p>\n<p>Bursa \u201eFF60\u201d se acorda studen\u021bilor ca urmare a recunoa\u0219terii performan\u021belor \u00een plan academic, \u00een cadrul concursurilor \u0219tiin\u021bifice studen\u021be\u0219ti \u0219i a implic\u0103rii \u00een proiectele Facult\u0103\u021bii de Fizic\u0103 sau \u00een alte proiecte cu caracter \u0219tiin\u021bific sau social.<\/p>\n<p><em><a href=\"https:\/\/www.phys.uaic.ro\/wp-content\/uploads\/2024\/01\/FF60_regulament_bursa.pdf\"><strong>Regulament bursa FF60<\/strong><\/a><\/em><\/p>\n<\/div>\n<\/div>\n<div class=\"x1e56ztr\" data-block=\"true\" data-editor=\"9lbc\" data-offset-key=\"b5427-0-0\">\n<div data-offset-key=\"b5427-0-0\"><\/div>\n<\/div>\n<p>&nbsp;<\/p>\n","protected":false},"excerpt":{"rendered":"<p>Propuneri burse pentru sem. 2, an univ. 2023\/2024 Eventualele contestatii se pot depune pana luni, 08.04.2024, orele 14, pe email: fizica@uaic.ro. Clasament punctaje MASTER, sem.2, an univ. 2023-2024 Criterii de acordare a burselor la MASTER Dosarele vor fi trimise pe email la fizica@uaic.ro, pana la data de 21.03.2024. Criterii burse sociale (04.03.2024) Adresa burse sociale sem 2, 2023-2024\u2026 <span class=\"read-more\"><a href=\"https:\/\/www.phys.uaic.ro\/index.php\/burse-sem-2-2023-2024\/\">Read More &raquo;<\/a><\/span><\/p>\n","protected":false},"author":4,"featured_media":0,"parent":0,"menu_order":0,"comment_status":"closed","ping_status":"closed","template":"","meta":{"footnotes":""},"class_list":["post-23286","page","type-page","status-publish","hentry"],"_links":{"self":[{"href":"https:\/\/www.phys.uaic.ro\/index.php\/wp-json\/wp\/v2\/pages\/23286","targetHints":{"allow":["GET"]}}],"collection":[{"href":"https:\/\/www.phys.uaic.ro\/index.php\/wp-json\/wp\/v2\/pages"}],"about":[{"href":"https:\/\/www.phys.uaic.ro\/index.php\/wp-json\/wp\/v2\/types\/page"}],"author":[{"embeddable":true,"href":"https:\/\/www.phys.uaic.ro\/index.php\/wp-json\/wp\/v2\/users\/4"}],"replies":[{"embeddable":true,"href":"https:\/\/www.phys.uaic.ro\/index.php\/wp-json\/wp\/v2\/comments?post=23286"}],"version-history":[{"count":0,"href":"https:\/\/www.phys.uaic.ro\/index.php\/wp-json\/wp\/v2\/pages\/23286\/revisions"}],"wp:attachment":[{"href":"https:\/\/www.phys.uaic.ro\/index.php\/wp-json\/wp\/v2\/media?parent=23286"}],"curies":[{"name":"wp","href":"https:\/\/api.w.org\/{rel}","templated":true}]}}