{"id":23287,"date":"2024-11-14T13:26:00","date_gmt":"2024-11-14T11:26:00","guid":{"rendered":"https:\/\/www.phys.uaic.ro\/?page_id=23287"},"modified":"2025-04-08T17:47:50","modified_gmt":"2025-04-08T14:47:50","slug":"burse-sem-1-2023-2024","status":"publish","type":"page","link":"https:\/\/www.phys.uaic.ro\/index.php\/burse-sem-1-2023-2024\/","title":{"rendered":"Burse sem 1 &#8211; 2023\/2024"},"content":{"rendered":"<div class=\"x1e56ztr\" data-block=\"true\" data-editor=\"9lbc\" data-offset-key=\"b5427-0-0\">\n<div data-offset-key=\"b5427-0-0\">\n<p><em><strong>Liste finale in urma contestatiilor (28.11.2023) <\/strong><a href=\"https:\/\/www.phys.uaic.ro\/wp-content\/uploads\/2022\/03\/Anunt-de-selectie-SMS-lunga-durata_Fizica.pdf\"><img loading=\"lazy\" decoding=\"async\" class=\"\" src=\"http:\/\/www.phys.uaic.ro\/wp\/imagini\/pdf-icon.png\" alt=\"pdf\" width=\"16\" height=\"16\" \/><\/a><\/em><\/p>\n<p>Bursele de performanta stiintifica vor fi date in plata dupa aprobarea in Consiliul de Administratie din data de 14 dec.2023.<\/p>\n<p>&nbsp;<\/p>\n<p><strong><em>Propuneri burse pentru sem. 1, an univ. 2023\/2024<\/em><\/strong> <a href=\"https:\/\/www.phys.uaic.ro\/wp-content\/uploads\/2022\/03\/Anunt-de-selectie-SMS-lunga-durata_Fizica.pdf\"><img loading=\"lazy\" decoding=\"async\" class=\"\" src=\"http:\/\/www.phys.uaic.ro\/wp\/imagini\/pdf-icon.png\" alt=\"pdf\" width=\"16\" height=\"16\" \/><\/a><\/p>\n<p>Eventualele <strong>contestatii <\/strong>se pot depune pana luni, <strong>27.11.2023, orele 16<\/strong>, pe email: fizica@uaic.ro.<\/p>\n<p>Studentii care nu au beneficiat de bursa in anii precendenti trebuie sa aduca extrasul de cont pana marti, 28.11.2023, orele 12.<\/p>\n<p>Bancile agreate sunt: BCR, BRD, ING, Reiffeisen, Alpha Bank, Transilvania.<\/p>\n<\/div>\n<div data-offset-key=\"b5427-0-0\"><\/div>\n<div data-offset-key=\"b5427-0-0\"><\/div>\n<div class=\"_1mf _1mj\" data-offset-key=\"b5427-0-0\"><span data-offset-key=\"b5427-0-0\">In urma actualizarii regulamentului de burse al Universitatii noastre ca urmare a <strong><em><a href=\"https:\/\/www.phys.uaic.ro\/wp-content\/uploads\/2023\/10\/OM_burse_6463_2023.pdf\" target=\"_blank\" rel=\"noopener\">Ordinul ME nr. 6463 din 2 octombrie 2023<\/a> privind aprobarea criteriilor generale de acordare a burselor \u015fi a altor forme de sprijin financiar de la bugetul de stat pentru studen\u0163ii \u015fi cursan\u0163ii din \u00eenv\u0103\u0163\u0103m\u00e2ntul superior de stat, \u00eenv\u0103\u0163\u0103m\u00e2nt cu frecven\u0163\u0103<\/em><\/strong>, pe langa bursele de performanta (care se acorda studentilor cu cele mai mari medii din an\/ program de studiu) si cele sociale, se vor putea acorda si burse pentru performanta stiintifica, incepand cu anul II de studii (deci anii II si III licenta si anul II masterat).<\/span><\/div>\n<\/div>\n<div class=\"x1e56ztr\" data-block=\"true\" data-editor=\"9lbc\" data-offset-key=\"9crtf-0-0\">\n<div class=\"_1mf _1mj\" data-offset-key=\"9crtf-0-0\"><strong>Studentii cu activitate stiintifica (articole, participari cu lucrari la conferinte, brevete) trebuie sa trimita in format electronic pe adresa fizica@uaic.ro pana marti, 21 noiembrie urmatoarele documente:<\/strong><\/div>\n<\/div>\n<ol>\n<li style=\"list-style-type: none;\">\n<ol>\n<li style=\"list-style-type: none;\">\n<ol class=\"xdj266r x11i5rnm xat24cr x1mh8g0r xexx8yu x4uap5 x18d9i69 xkhd6sd\" data-offset-key=\"bo9ah-0-0\">\n<li class=\"x1e56ztr x1xmf6yo xzj9hkj _3kp_ _3kq1 _3kq6\" data-block=\"true\" data-editor=\"9lbc\" data-offset-key=\"1c773-0-0\"><span data-offset-key=\"bo9ah-0-0\">cerere tip<\/span><\/li>\n<li class=\"x1e56ztr x1xmf6yo xzj9hkj _3kp_ _3kq1 _3kq6\" data-block=\"true\" data-editor=\"9lbc\" data-offset-key=\"1c773-0-0\"><span data-offset-key=\"bo9ah-0-0\">CV in format Europass<\/span><\/li>\n<li class=\"x1e56ztr x1xmf6yo xzj9hkj _3kp_ _3kq1 _3kq6\" data-block=\"true\" data-editor=\"9lbc\" data-offset-key=\"9ef9i-0-0\">\n<div class=\"_1mf _1mj\" data-offset-key=\"9ef9i-0-0\"><span data-offset-key=\"9ef9i-0-0\">copii dupa documentele care atesta activitatea de cercetare (articole, program conferinta, rezumat)<\/span><\/div>\n<\/li>\n<li class=\"x1e56ztr x1xmf6yo xzj9hkj _3kp_ _3kq1 _3kq6\" data-block=\"true\" data-editor=\"9lbc\" data-offset-key=\"dh8ea-0-0\">\n<div class=\"_1mf _1mj\" data-offset-key=\"dh8ea-0-0\"><span data-offset-key=\"dh8ea-0-0\">scrisoare de recomandare a profesorului sub indrumarea caruia s-a desfasurat activitatea<\/span><\/div>\n<\/li>\n<li class=\"x1e56ztr x1xmf6yo xzj9hkj _3kp_ _3kq1 _3kq6\" data-block=\"true\" data-editor=\"9lbc\" data-offset-key=\"d2n5g-0-0\">\n<div class=\"_1mf _1mj\" data-offset-key=\"d2n5g-0-0\"><span data-offset-key=\"d2n5g-0-0\">Anexa 2 din regulament cu calculul punctajului.<\/span><\/div>\n<\/li>\n<li class=\"x1e56ztr x1xmf6yo xzj9hkj _3kp_ _3kq1 _3kq6\" data-block=\"true\" data-editor=\"9lbc\" data-offset-key=\"8jaa7-0-0\">\n<div class=\"_1mf _1mj\" data-offset-key=\"8jaa7-0-0\"><span data-offset-key=\"8jaa7-0-0\">opisul semnat al documentelor depuse.<\/span><\/div>\n<\/li>\n<\/ol>\n<\/li>\n<\/ol>\n<\/li>\n<\/ol>\n<div class=\"x1e56ztr\" data-block=\"true\" data-editor=\"9lbc\" data-offset-key=\"9m1vj-0-0\">\n<div class=\"_1mf _1mj\" data-offset-key=\"9m1vj-0-0\"><span data-offset-key=\"9m1vj-0-0\">\u00a0<\/span><\/div>\n<\/div>\n<div class=\"x1e56ztr\" data-block=\"true\" data-editor=\"9lbc\" data-offset-key=\"6hfv6-0-0\">\n<div class=\"_1mf _1mj\" data-offset-key=\"6hfv6-0-0\"><span data-offset-key=\"6hfv6-0-0\">Regulamentul se gaseste la adresa:<\/span><\/div>\n<\/div>\n<div class=\"x1e56ztr\" data-block=\"true\" data-editor=\"9lbc\" data-offset-key=\"9tada-0-0\">\n<div class=\"_1mf _1mj\" data-offset-key=\"9tada-0-0\"><em><a href=\"https:\/\/www.uaic.ro\/wp-content\/uploads\/2023\/11\/Regulament_burse_noiembrie2023.pdf?fbclid=IwAR2zg8zGQOBfn4r2VqaIzn_u6pvxMNsg_rwFVdm8eGKHCPe6gHmoxh9LZhY\" target=\"_blank\" rel=\"noopener\"><span class=\"x1fey0fg\">https:\/\/www.uaic.ro\/wp-content\/uploads\/2023\/11\/Regulament_burse_noiembrie2023.pdf?fbclid=IwAR2zg8zGQOBfn4r2VqaIzn_u6pvxMNsg_rwFVdm8eGKHCPe6gHmoxh9LZhY<\/span><\/a><\/em><\/div>\n<\/div>\n<p>&nbsp;<\/p>\n<div class=\"colorbox\">\n<p><em><a href=\"https:\/\/www.phys.uaic.ro\/wp-content\/uploads\/2023\/10\/sociala-documentatie-2023-2024-sem-1-modificata.pdf\" target=\"_blank\" rel=\"noopener\"><strong>Informa\u0163ii \u015fi documenta\u0163ia modificata privind acordarea burselor sociale pe sem. I, an univ. 2023-2024<\/strong><\/a><strong> <img loading=\"lazy\" decoding=\"async\" class=\"\" src=\"https:\/\/www.phys.uaic.ro\/wp\/imagini\/pdf-icon.png\" alt=\"pdf\" width=\"18\" height=\"18\" \/><\/strong><\/em><\/p>\n<p>Av\u00e2nd \u00een vedere <strong>modific\u0103rile<\/strong> din <strong><em><a href=\"https:\/\/www.phys.uaic.ro\/wp-content\/uploads\/2023\/10\/OM_burse_6463_2023.pdf\" target=\"_blank\" rel=\"noopener\">Ordinul ME nr. 6463 din 2 octombrie 2023<\/a> privind aprobarea criteriilor generale de acordare a burselor \u015fi a altor forme de sprijin financiar de la bugetul de stat pentru studen\u0163ii \u015fi cursan\u0163ii din \u00eenv\u0103\u0163\u0103m\u00e2ntul superior de stat, \u00eenv\u0103\u0163\u0103m\u00e2nt cu frecven\u0163\u0103<\/em><\/strong>, publicat \u00een <a href=\"https:\/\/www.phys.uaic.ro\/wp-content\/uploads\/2023\/10\/OM_burse_6463_2023.pdf\" target=\"_blank\" rel=\"noopener\"><strong>Monitorul Oficial nr. 913\/10 octombrie 2023<\/strong><\/a>, la nivelul Universit\u0103\u0163ii \u201cAlexandru Ioan Cuza\u201d din Ia\u015fi s-a decis <strong>prelungirea termenului de depunere a dosarelor de burs\u0103 social\u0103 p\u00e2n\u0103 la data de 30 octombrie 2023<\/strong>.<\/p>\n<p>Venitul lunar net mediu\/membru de familie trebuie <u>s<\/u><u>\u0103<\/u><u> fie mai mic de <strong>1898 lei\/lun\u0103<\/strong><\/u>.<\/p>\n<p><strong>Perioada de calcul se realizeaz\u0103 cu veniturile pe ultimele 12 luni \u00eenainte de \u00eenceperea semestrului \u0219i care este echivalent\u0103 cu perioada octombrie 2022 \u2013 septembrie 2023<\/strong>.<\/p>\n<p>Dosarele se depun la secretariatul facult\u0103\u0163ii \u00een perioada: <strong>10.10-30.10.2023.<\/strong><\/p>\n<p><em><a href=\"https:\/\/www.phys.uaic.ro\/wp-content\/uploads\/2023\/10\/burse-sociale-2023.pdf\" target=\"_blank\" rel=\"noopener\">documentatia necesara obtinerii bursei sociale<\/a><\/em><\/p>\n<\/div>\n","protected":false},"excerpt":{"rendered":"<p>Liste finale in urma contestatiilor (28.11.2023) Bursele de performanta stiintifica vor fi date in plata dupa aprobarea in Consiliul de Administratie din data de 14 dec.2023. &nbsp; Propuneri burse pentru sem. 1, an univ. 2023\/2024 Eventualele contestatii se pot depune pana luni, 27.11.2023, orele 16, pe email: fizica@uaic.ro. Studentii care nu au beneficiat de bursa in anii precendenti\u2026 <span class=\"read-more\"><a href=\"https:\/\/www.phys.uaic.ro\/index.php\/burse-sem-1-2023-2024\/\">Read More &raquo;<\/a><\/span><\/p>\n","protected":false},"author":4,"featured_media":0,"parent":0,"menu_order":0,"comment_status":"closed","ping_status":"closed","template":"","meta":{"footnotes":""},"class_list":["post-23287","page","type-page","status-publish","hentry"],"_links":{"self":[{"href":"https:\/\/www.phys.uaic.ro\/index.php\/wp-json\/wp\/v2\/pages\/23287","targetHints":{"allow":["GET"]}}],"collection":[{"href":"https:\/\/www.phys.uaic.ro\/index.php\/wp-json\/wp\/v2\/pages"}],"about":[{"href":"https:\/\/www.phys.uaic.ro\/index.php\/wp-json\/wp\/v2\/types\/page"}],"author":[{"embeddable":true,"href":"https:\/\/www.phys.uaic.ro\/index.php\/wp-json\/wp\/v2\/users\/4"}],"replies":[{"embeddable":true,"href":"https:\/\/www.phys.uaic.ro\/index.php\/wp-json\/wp\/v2\/comments?post=23287"}],"version-history":[{"count":0,"href":"https:\/\/www.phys.uaic.ro\/index.php\/wp-json\/wp\/v2\/pages\/23287\/revisions"}],"wp:attachment":[{"href":"https:\/\/www.phys.uaic.ro\/index.php\/wp-json\/wp\/v2\/media?parent=23287"}],"curies":[{"name":"wp","href":"https:\/\/api.w.org\/{rel}","templated":true}]}}