{"id":23295,"date":"2024-11-14T13:43:07","date_gmt":"2024-11-14T11:43:07","guid":{"rendered":"https:\/\/www.phys.uaic.ro\/?page_id=23295"},"modified":"2024-11-19T10:46:26","modified_gmt":"2024-11-19T08:46:26","slug":"burse-sem-1-an-univ-2021-2022","status":"publish","type":"page","link":"https:\/\/www.phys.uaic.ro\/index.php\/burse-sem-1-an-univ-2021-2022\/","title":{"rendered":"Burse sem.1, an univ. 2021\/2022"},"content":{"rendered":"<p><span style=\"font-size: 14pt; color: #ff0000;\"><strong><a style=\"color: #ff0000;\" href=\"https:\/\/www.phys.uaic.ro\/wp-content\/uploads\/2024\/11\/propuneri.pdf\">Propuneri burse sem 1 2021\/2022<\/a><\/strong><\/span><\/p>\n<p><!-- ++++++++++++++++++++++++++++++++++++++++++++++++++++++++++++++++++++++++++++++++++++ --><\/p>\n<div class=\"colorbox\">\n<p>Clasament punctaje master noiembrie 2021<\/p>\n<p>Eventualele contestatii pot fi trimise pana luni, 8.11.2021, la adresa fizica@uaic.ro.<\/p>\n<\/div>\n<p>&nbsp;<\/p>\n<p><!-- ++++++++++++++++++++++++++++++++++++++++++++++++++++++++++++++++++++++++++++++++++++ --><\/p>\n<div class=\"colorbox\">\n<p>Acordarea burselor sociale pentru semestrul I, anul universitar 2021-2022<\/p>\n<p>Salariul minim net pe economie pentru stabilirea venitului minim net pe membru de familie este de 1.386 lei\/luna.<br \/>\nLunile care se iau \u00een considerare pentru stabilirea venitului net pe membru de familie sunt: iunie, iulie \u015fi august 2021.<\/p>\n<p>Dosarele se depun la secretariatele facult\u0103\u0163ilor \u00een perioada: 04.10-15.10.2021.<\/p>\n<\/div>\n<p>&nbsp;<\/p>\n","protected":false},"excerpt":{"rendered":"<p>Propuneri burse sem 1 2021\/2022 Clasament punctaje master noiembrie 2021 Eventualele contestatii pot fi trimise pana luni, 8.11.2021, la adresa fizica@uaic.ro. &nbsp; Acordarea burselor sociale pentru semestrul I, anul universitar 2021-2022 Salariul minim net pe economie pentru stabilirea venitului minim net pe membru de familie este de 1.386 lei\/luna. Lunile care se iau \u00een considerare pentru stabilirea venitului\u2026 <span class=\"read-more\"><a href=\"https:\/\/www.phys.uaic.ro\/index.php\/burse-sem-1-an-univ-2021-2022\/\">Read More &raquo;<\/a><\/span><\/p>\n","protected":false},"author":4,"featured_media":0,"parent":0,"menu_order":0,"comment_status":"closed","ping_status":"closed","template":"","meta":{"footnotes":""},"class_list":["post-23295","page","type-page","status-publish","hentry"],"_links":{"self":[{"href":"https:\/\/www.phys.uaic.ro\/index.php\/wp-json\/wp\/v2\/pages\/23295","targetHints":{"allow":["GET"]}}],"collection":[{"href":"https:\/\/www.phys.uaic.ro\/index.php\/wp-json\/wp\/v2\/pages"}],"about":[{"href":"https:\/\/www.phys.uaic.ro\/index.php\/wp-json\/wp\/v2\/types\/page"}],"author":[{"embeddable":true,"href":"https:\/\/www.phys.uaic.ro\/index.php\/wp-json\/wp\/v2\/users\/4"}],"replies":[{"embeddable":true,"href":"https:\/\/www.phys.uaic.ro\/index.php\/wp-json\/wp\/v2\/comments?post=23295"}],"version-history":[{"count":0,"href":"https:\/\/www.phys.uaic.ro\/index.php\/wp-json\/wp\/v2\/pages\/23295\/revisions"}],"wp:attachment":[{"href":"https:\/\/www.phys.uaic.ro\/index.php\/wp-json\/wp\/v2\/media?parent=23295"}],"curies":[{"name":"wp","href":"https:\/\/api.w.org\/{rel}","templated":true}]}}