{"id":23467,"date":"2024-11-26T14:45:07","date_gmt":"2024-11-26T12:45:07","guid":{"rendered":"https:\/\/www.phys.uaic.ro\/?page_id=23467"},"modified":"2025-04-08T17:30:34","modified_gmt":"2025-04-08T14:30:34","slug":"burse-sem-1-an-univ-2024-2025","status":"publish","type":"page","link":"https:\/\/www.phys.uaic.ro\/index.php\/burse-sem-1-an-univ-2024-2025\/","title":{"rendered":"Burse sem.1, an univ. 2024\/2025"},"content":{"rendered":"<p><span style=\"color: #ff0000; font-size: 14pt;\"><em><strong>LISTE FINALE <\/strong>cu studen\u021bii care primesc burs\u0103 \u00een sem.1, an univ. 2024\/2025<\/em><\/span><\/p>\n<p><span style=\"color: #0000ff;\"><span style=\"font-size: 14pt;\"><strong><em>Propuneri burse pentru sem. 1, an univ. 2024\/2025<\/em><\/strong> <\/span><\/span><\/p>\n<p>Eventualele <strong>contestatii <\/strong>se pot depune pana miercuri, <strong>27.11.2024, orele 16<\/strong>, pe email: fizica@uaic.ro.<\/p>\n<p>Studentii care nu au beneficiat de bursa in anii precendenti trebuie sa aduca extrasul de cont pana joi, 28.11.2024, orele 12.<\/p>\n<p>Bancile agreate sunt: BCR, BRD, ING, Reiffeisen, Alpha Bank, Transilvania.<\/p>\n<p>&nbsp;<\/p>\n<div data-offset-key=\"b5427-0-0\">\n<p><!--\n<a href=\"https:\/\/www.phys.uaic.ro\/wp-content\/uploads\/2024\/11\/Punctaje_bursa_master_BP1-2.pdf\" target=\"_blank\" rel=\"noopener\"><strong>Clasament punctaje master, semestrul 1<\/strong><\/a> --><\/p>\n<p>Eventualele <strong>contesta\u021bii<\/strong> privind clasamentul publicat pot fi trimise pe adresa <strong>fizica@uaic.ro<\/strong> p\u00e2n\u0103 <strong>mar\u021bi 12 noiembrie 2024 ora 12:00<\/strong>.<\/p>\n<h2><a href=\"https:\/\/www.phys.uaic.ro\/wp-content\/uploads\/2024\/03\/Criterii-de-acordare-a-burselor-masterat_2020.pdf\" target=\"_blank\" rel=\"noopener\">Criterii de acordare a burselor la MASTER<\/a><\/h2>\n<p>Dosarele vor fi trimise pe email la <strong>fizica@uaic.ro, <\/strong>pana la data de 25.10.2024.<\/p>\n<\/div>\n<p>&nbsp;<\/p>\n<p><span style=\"font-size: 14pt;\"><strong>Bursele pentru performan\u021b\u0103<\/strong><\/span><\/p>\n<p>Bursele atribuite pentru stimularea performan\u0163ei se pot acorda studen\u0163ilor care au ob\u0163inut rezultate deosebite la \u00eenv\u0103\u0163\u0103tur\u0103, respectiv au cele mai mari medii din acela\u015fi an de studiu al unui program de studii \u2013 burs\u0103 de performan\u021b\u0103 categoria I (BP1) \u0219i burs\u0103 de performan\u021b\u0103 categoria II (BP2). Aceste burse se acord\u0103 \u00eencep\u00e2nd cu semestrul I al fiec\u0103rui ciclu de studii <strong>licen\u021b\u0103\/master<\/strong>, domenii \/specializ\u0103ri, \u00een limita fondului disponibil alocat.<\/p>\n<div data-offset-key=\"b5427-0-0\">\n<div class=\"x1e56ztr\" data-block=\"true\" data-editor=\"9lbc\" data-offset-key=\"9crtf-0-0\">\n<div class=\"_1mf _1mj\" data-offset-key=\"9crtf-0-0\"><strong>Studentii cu activitate stiintifica (articole, participari cu lucrari la conferinte, brevete) trebuie sa trimita in format electronic pe adresa fizica@uaic.ro pana vineri, 25 octombrie 2024, urm\u0103toarele documente:<\/strong><\/div>\n<\/div>\n<ol class=\"xdj266r x11i5rnm xat24cr x1mh8g0r xexx8yu x4uap5 x18d9i69 xkhd6sd\" data-offset-key=\"bo9ah-0-0\">\n<li class=\"x1e56ztr x1xmf6yo xzj9hkj _3kp_ _3kq0 _3kq1 _3kq6\" data-block=\"true\" data-editor=\"9lbc\" data-offset-key=\"bo9ah-0-0\">\n<div class=\"_1mf _1mj\" data-offset-key=\"bo9ah-0-0\"><span data-offset-key=\"bo9ah-0-0\">cerere tip<\/span><\/div>\n<\/li>\n<li class=\"x1e56ztr x1xmf6yo xzj9hkj _3kp_ _3kq1 _3kq6\" data-block=\"true\" data-editor=\"9lbc\" data-offset-key=\"1c773-0-0\">\n<div class=\"_1mf _1mj\" data-offset-key=\"1c773-0-0\"><span data-offset-key=\"1c773-0-0\">CV \u00een format Europass<\/span><\/div>\n<\/li>\n<li class=\"x1e56ztr x1xmf6yo xzj9hkj _3kp_ _3kq1 _3kq6\" data-block=\"true\" data-editor=\"9lbc\" data-offset-key=\"9ef9i-0-0\">\n<div class=\"_1mf _1mj\" data-offset-key=\"9ef9i-0-0\"><span data-offset-key=\"9ef9i-0-0\">copii dup\u0103 documentele care atesta activitatea de cercetare (articole, program conferin\u021ba, rezumat)<\/span><\/div>\n<\/li>\n<li class=\"x1e56ztr x1xmf6yo xzj9hkj _3kp_ _3kq1 _3kq6\" data-block=\"true\" data-editor=\"9lbc\" data-offset-key=\"dh8ea-0-0\">\n<div class=\"_1mf _1mj\" data-offset-key=\"dh8ea-0-0\"><span data-offset-key=\"dh8ea-0-0\">scrisoare de recomandare a profesorului sub \u00eendrumarea c\u0103ruia s-a desf\u0103\u0219urat activitatea<\/span><\/div>\n<\/li>\n<li class=\"x1e56ztr x1xmf6yo xzj9hkj _3kp_ _3kq1 _3kq6\" data-block=\"true\" data-editor=\"9lbc\" data-offset-key=\"d2n5g-0-0\">\n<div class=\"_1mf _1mj\" data-offset-key=\"d2n5g-0-0\"><span data-offset-key=\"d2n5g-0-0\">Anexa 2 din regulament cu calculul punctajului.<\/span><\/div>\n<\/li>\n<li class=\"x1e56ztr x1xmf6yo xzj9hkj _3kp_ _3kq1 _3kq6\" data-block=\"true\" data-editor=\"9lbc\" data-offset-key=\"8jaa7-0-0\">\n<div class=\"_1mf _1mj\" data-offset-key=\"8jaa7-0-0\"><span data-offset-key=\"8jaa7-0-0\">opisul semnat al documentelor depuse.<\/span><\/div>\n<\/li>\n<\/ol>\n<p><a href=\"https:\/\/www.uaic.ro\/wp-content\/uploads\/2023\/11\/regulament-burse_noiembrie-2023.pdf\">Regulamentul \u00a0privind acordarea burselor \u0219i a altor forme de sprijin material pentru studen\u021bii din ciclurile de studii universitare de licen\u021b\u0103 \u0219i master \u00eenmatricula\u021bi la Universitatea \u201eAlexandru Ioan Cuza\u201d din Ia\u0219i<\/a> \u0219i <a href=\"https:\/\/www.uaic.ro\/wp-content\/uploads\/2023\/11\/anexa_regulament_burse_noiembrie2023.pdf\">Anexa 9 \u2013 Hot\u0103r\u00e2rea Senatului privind cuantumul burselor studen\u021be\u0219ti<\/a> (aprobate \u00een \u0218edin\u021ba Senatului din data de 16 noiembrie 2023)<\/p>\n<\/div>\n<blockquote class=\"wp-embedded-content\" data-secret=\"BAH471bpnz\"><p><a href=\"https:\/\/www.phys.uaic.ro\/index.php\/burse-sociale-sem-i-an-univ-2024-2025\/\">Burse sociale sem. I, an univ. 2024\/2025<\/a><\/p><\/blockquote>\n<p><iframe loading=\"lazy\" class=\"wp-embedded-content\" sandbox=\"allow-scripts\" security=\"restricted\" style=\"position: absolute; visibility: hidden;\" title=\"&#8222;Burse sociale sem. I, an univ. 2024\/2025&#8221; &#8211; Facultatea de Fizic\u0103\" src=\"https:\/\/www.phys.uaic.ro\/index.php\/burse-sociale-sem-i-an-univ-2024-2025\/embed\/#?secret=78HMudR74H#?secret=BAH471bpnz\" data-secret=\"BAH471bpnz\" width=\"600\" height=\"338\" frameborder=\"0\" marginwidth=\"0\" marginheight=\"0\" scrolling=\"no\"><\/iframe><\/p>\n","protected":false},"excerpt":{"rendered":"<p>LISTE FINALE cu studen\u021bii care primesc burs\u0103 \u00een sem.1, an univ. 2024\/2025 Propuneri burse pentru sem. 1, an univ. 2024\/2025 Eventualele contestatii se pot depune pana miercuri, 27.11.2024, orele 16, pe email: fizica@uaic.ro. Studentii care nu au beneficiat de bursa in anii precendenti trebuie sa aduca extrasul de cont pana joi, 28.11.2024, orele 12. Bancile agreate sunt: BCR,\u2026 <span class=\"read-more\"><a href=\"https:\/\/www.phys.uaic.ro\/index.php\/burse-sem-1-an-univ-2024-2025\/\">Read More &raquo;<\/a><\/span><\/p>\n","protected":false},"author":4,"featured_media":0,"parent":0,"menu_order":0,"comment_status":"closed","ping_status":"closed","template":"","meta":{"footnotes":""},"class_list":["post-23467","page","type-page","status-publish","hentry"],"_links":{"self":[{"href":"https:\/\/www.phys.uaic.ro\/index.php\/wp-json\/wp\/v2\/pages\/23467","targetHints":{"allow":["GET"]}}],"collection":[{"href":"https:\/\/www.phys.uaic.ro\/index.php\/wp-json\/wp\/v2\/pages"}],"about":[{"href":"https:\/\/www.phys.uaic.ro\/index.php\/wp-json\/wp\/v2\/types\/page"}],"author":[{"embeddable":true,"href":"https:\/\/www.phys.uaic.ro\/index.php\/wp-json\/wp\/v2\/users\/4"}],"replies":[{"embeddable":true,"href":"https:\/\/www.phys.uaic.ro\/index.php\/wp-json\/wp\/v2\/comments?post=23467"}],"version-history":[{"count":0,"href":"https:\/\/www.phys.uaic.ro\/index.php\/wp-json\/wp\/v2\/pages\/23467\/revisions"}],"wp:attachment":[{"href":"https:\/\/www.phys.uaic.ro\/index.php\/wp-json\/wp\/v2\/media?parent=23467"}],"curies":[{"name":"wp","href":"https:\/\/api.w.org\/{rel}","templated":true}]}}