{"id":24750,"date":"2025-06-02T09:50:42","date_gmt":"2025-06-02T06:50:42","guid":{"rendered":"https:\/\/www.phys.uaic.ro\/?page_id=24750"},"modified":"2025-06-02T09:50:42","modified_gmt":"2025-06-02T06:50:42","slug":"conf-dr-habil-laura-marinela-ailioaie-admitere-doctorat","status":"publish","type":"page","link":"https:\/\/www.phys.uaic.ro\/index.php\/conf-dr-habil-laura-marinela-ailioaie-admitere-doctorat\/","title":{"rendered":"Conf. Dr. habil. Laura-Marinela AILIOAIE &#8211; admitere doctorat"},"content":{"rendered":"<p><strong>Tematica admiterii la doctorat<\/strong><\/p>\n<ol>\n<li>Mecanisme moleculare \u0219i celulare ale fotobiomodul\u0103rii aplicate \u00een recuperarea medical\u0103<\/li>\n<li>Terapia fotodinamic\u0103: principii, fotosensibilizatori, aplica\u021bii \u0219i direc\u021bii viitoare<\/li>\n<li>Metode fizice \u0219i aplicarea sinergic\u0103 a fotobiomodul\u0103rii \u00een ameliorarea durerii \u0219i recuperarea leziunilor sportive<\/li>\n<li>Electroterapia \u00een patologia musculo-scheletal\u0103 \u0219i alte metode fizice de reabilitare<\/li>\n<li>Utilizarea vibra\u021biilor sonore sinusoidale de joas\u0103 frecvent\u0103 \u00een ameliorarea durerii, relaxare \u0219i managementul stresului<\/li>\n<\/ol>\n<p>&nbsp;<\/p>\n<p><strong><em>Bibliografie<\/em><\/strong><\/p>\n<ol>\n<li>Baxter, G. David. Therapeutic Lasers: Theory and Practice, USA Version 1st Edition. April 18, 1994. Publisher:\u200e Churchill Livingstone,\u200e 259 pages. ISBN-10:\u200e 0443043930. ISBN-13: 978-0443043932.<\/li>\n<li>Karu, Tiina. The Science of Low-Power Laser Therapy. Publisher: CRC Press, Boca Raton, Florida, US<em>.<\/em>1998, 320 pages. ISBN-10: \u200e 9056991086. ISBN-13: \u200e 978-9056991081.<\/li>\n<li><a href=\"https:\/\/www.amazon.com\/s\/ref=dp_byline_sr_book_1?ie=UTF8&amp;field-author=Lars+Hode&amp;text=Lars+Hode&amp;sort=relevancerank&amp;search-alias=books\">Hode<\/a>, L.; Tun\u00e9r, J. Laser Phototherapy, Clinical Practice and Scientific Background. Publisher: Prima-Books.com. Reviewed in the United States on December 14, 2018, 937 pages. ISBN-10: 9197647853. ISBN-13: 978-9197647854.<\/li>\n<li>Moskvin, S.V.; Khadartsev, A.A. Basic Techniques of Low-Level Laser Therapy; OOO Izdatelstvo \u201cTriada\u201d: Moscow\/Tver, Russia, 2017. ISBN 978-5-94789-772-2.<\/li>\n<\/ol>\n<p><a href=\"https:\/\/www.researchgate.net\/profile\/Sergey-Moskvin-2\/publication\/316190723_Basic_Techniques_of_Low_Level_Laser_Therapy\/links\/58f5e9880f7e9b6f82e9a04c\/Basic-Techniques-of-Low-Level-Laser-Therapy.pdf\">https:\/\/www.researchgate.net\/profile\/Sergey-Moskvin-2\/publication\/316190723_Basic_Techniques_of_Low_Level_Laser_Therapy\/links\/58f5e9880f7e9b6f82e9a04c\/Basic-Techniques-of-Low-Level-Laser-Therapy.pdf<\/a><\/p>\n<ol start=\"5\">\n<li>Moskvin, S.V.; Kisselev, S.B. Laser Therapy for Joint and Muscle Pain; OOO Izdatelstvo \u201cTriada\u201d: Moscow\/Tver, Russia, 2017. ISBN 978-5-94789-787-6. <a href=\"https:\/\/www.matrixmed.ru\/assets\/files\/548\/Moskvin_Eng_Fibromialgia.pdf\">https:\/\/www.matrixmed.ru\/assets\/files\/548\/Moskvin_Eng_Fibromialgia.pdf<\/a><\/li>\n<li>Ailioaie C, Ailioaie L.M. Managementul durerii cronice reumatice la copil. Ed. PIM, Ia\u0219i, 2008. 320 pagini. ISBN 978-606-520-179-8.<\/li>\n<li>Ailioaie C, Ailioaie L.M. Managementul non-farmacologic al durerii musculo-scheletale cronice la copii \u015fi adolescen\u021bi. \u00cen: Go\u021bia S (ed.). Durerea acut\u0103 \u0219i cronic\u0103 la copii. Ed. Vasiliana\u201998, Ia\u0219i, 2009. pp.286-347. ISBN 978-973-116-174-7.<\/li>\n<li>Ailioaie L.M. Electroterapie aplicat\u0103 \u00een durerea musculo-scheletal\u0103 cronic\u0103. \u00cen: Go\u021bia S (ed). Durerea acut\u0103 \u0219i cronic\u0103 la copil. Edi\u021bia a 2-a, Vasiliana\u201998, Ia\u0219i, 2016, pp. 351-383. ISBN: 978-973-116-532-5.<\/li>\n<li>Photodynamic Therapy. 2021. Edited by Serge Mordon, IOncoThAI, Laser Assisted Therapies and Immunotherapies for Oncology, IINSERM Unit\u00b4e U1189, University of Lille, France. Editorial Office MDPI, St. Alban-Anlage 66, 4052 Basel, Switzerland. ISBN 978-3-0365-5352-8 (Hbk). ISBN 978-3-0365-5351-1 (PDF). Available online: <a href=\"https:\/\/mdpi-res.com\/bookfiles\/book\/6212\/Photodynamic_Therapy_2021.pdf?v=1748135065\">https:\/\/mdpi-res.com\/bookfiles\/book\/6212\/Photodynamic_Therapy_2021.pdf?v=1748135065<\/a> (accessed on 25 Mai 2025).<\/li>\n<li>Photodynamic Therapy. 2022. Edited by Stefano Bacci and Kyungsu Kang. Editorial Office MDPI, St. Alban-Anlage 66, 4052 Basel, Switzerland. ISBN 978-3-0365-5873-8 (Hbk). ISBN 978-3-0365-5874-5 (PDF). Available online: <a href=\"https:\/\/mdpi-res.com\/bookfiles\/topic\/6444\/Photodynamic_Therapy.pdf?v=1748135074\">https:\/\/mdpi-res.com\/bookfiles\/topic\/6444\/Photodynamic_Therapy.pdf?v=1748135074<\/a> (accessed on 25 Mai 2025).<\/li>\n<li>Ailioaie, L.M.; Litscher, G. Molecular and Cellular Mechanisms of Arthritis in Children and Adults: New Perspectives on Applied Photobiomodulation. <em> J. Mol. Sci.<\/em> <strong>2020<\/strong>, <em>21<\/em>, 6565. <a href=\"https:\/\/doi.org\/10.3390\/ijms21186565\">https:\/\/doi.org\/10.3390\/ijms21186565<\/a><\/li>\n<li>Correia, J.H.; Rodrigues, J.A.; Pimenta, S.; Dong, T.; Yang, Z. Photodynamic Therapy Review: Principles, Photosensitizers, Applications, and Future Directions. <em>Pharmaceutics<\/em> <strong>2021<\/strong>, <em>13<\/em>, 1332. <a href=\"https:\/\/doi.org\/10.3390\/pharmaceutics13091332\">https:\/\/doi.org\/10.3390\/pharmaceutics13091332<\/a><\/li>\n<li>Ailioaie, L.M.; Ailioaie, C.; Litscher, G. Latest Innovations and Nanotechnologies with Curcumin as a Nature-Inspired Photosensitizer Applied in the Photodynamic Therapy of Cancer. <em>Pharmaceutics<\/em> <strong>2021<\/strong>, <em>13<\/em>, 1562. <a href=\"https:\/\/doi.org\/10.3390\/pharmaceutics13101562\">https:\/\/doi.org\/10.3390\/pharmaceutics13101562<\/a><\/li>\n<li>Ailioaie, L.M.; Litscher, G. Photobiomodulation and Sports: Results of a Narrative Review. <em>Life<\/em> <strong>2021<\/strong>, <em>11<\/em>, 1339. <a href=\"https:\/\/doi.org\/10.3390\/life11121339\">https:\/\/doi.org\/10.3390\/life11121339<\/a><\/li>\n<li>Vance, C.G.T.; Dailey, D.L.; Chimenti, R.L.; Van Gorp, B.J.; Crofford, L.J.; Sluka, K.A. Using TENS for Pain Control: Update on the State of the Evidence. <em>Medicina<\/em> <strong>2022<\/strong>, <em>58<\/em>, 1332. <a href=\"https:\/\/doi.org\/10.3390\/medicina58101332\">https:\/\/doi.org\/10.3390\/medicina58101332<\/a><\/li>\n<li>Lupowitz, L.G.; Ramus, L.; Delacour, F.; Johnson, K. TECAR Therapy: A Clinical Commentary on its Evolution, Application, and Future in Rehabilitation. <em>Int J Sports Phys Ther.<\/em> <strong>2025<\/strong>, <em>20<\/em>, 632\u2013640. <a href=\"https:\/\/doi.org\/10.26603\/001c.130909\">https:\/\/doi.org\/10.26603\/001c.130909<\/a><\/li>\n<li>Olav Skille, VibroAcoustic Therapy, <em>Music Therapy<\/em>, Volume 8, Issue 1, <strong>1989<\/strong>, Pages 61\u201377, <a href=\"https:\/\/doi.org\/10.1093\/mt\/8.1.61\">https:\/\/doi.org\/10.1093\/mt\/8.1.61<\/a><\/li>\n<li>Boyd-Brewer C, McCaffrey R. Vibroacoustic sound therapy improves pain management and more. <em>Holist Nurs Pract.<\/em> <strong>2004<\/strong>,<em>18<\/em>:111-8; quiz 118-9. doi: 10.1097\/00004650-200405000-00002. PMID: 15222599.<\/li>\n<li>Ala-Ruona, E.; Punkanen, M.\u00a0 Guest Editorial. Multidisciplinary Applications of Vibroacoustics \u2013 from Clinical Practice and Research to Future Directions. <em>Music Med.<\/em> <strong>2017, <\/strong><em>9, <\/em>149 \u2013 150.<\/li>\n<li>Campbell, E. A.; Hynynen, J.; Burger, B.; Vainionp\u00e4\u00e4, A.; Ala-Ruona, E. Vibroacoustic treatment to improve functioning and ability to work: a multidisciplinary approach to chronic pain rehabilitation. <em>Disability and rehabilitation<\/em>, <strong>2021<\/strong>, <em>43<\/em>, 2055\u20132070. <a href=\"https:\/\/doi.org\/10.1080\/09638288.2019.1687763\">https:\/\/doi.org\/10.1080\/09638288.2019.1687763<\/a><\/li>\n<li>Ailioaie, LM.; Ailioaie, C.; Ancuta, C.; Chirieac. Effects of physical and vibroacoustic therapy in chronic pain in juvenile arthritis. <em>Romanian Journal of Rheumatology, <\/em><strong>2011<em>,<\/em><\/strong> <em>20<\/em> (3), 198-202.<\/li>\n<li>Ailioaie, C.; Ailioaie, Effects of vibroacoustic therapy in chronic musculoskeletal pain in children and adolescents. <em>Annals of the Rheumatic Diseases<\/em>, <strong>2020, <\/strong>Volume 79, Issue Suppl 1, <a href=\"https:\/\/doi.org\/10.1136\/annrheumdis-2020-eular.6290\">https:\/\/doi.org\/10.1136\/annrheumdis-2020-eular.6290<\/a><\/li>\n<\/ol>\n<p>&nbsp;<\/p>\n","protected":false},"excerpt":{"rendered":"<p>Tematica admiterii la doctorat Mecanisme moleculare \u0219i celulare ale fotobiomodul\u0103rii aplicate \u00een recuperarea medical\u0103 Terapia fotodinamic\u0103: principii, fotosensibilizatori, aplica\u021bii \u0219i direc\u021bii viitoare Metode fizice \u0219i aplicarea sinergic\u0103 a fotobiomodul\u0103rii \u00een ameliorarea durerii \u0219i recuperarea leziunilor sportive Electroterapia \u00een patologia musculo-scheletal\u0103 \u0219i alte metode fizice de reabilitare Utilizarea vibra\u021biilor sonore sinusoidale de joas\u0103 frecvent\u0103 \u00een ameliorarea durerii, relaxare \u0219i\u2026 <span class=\"read-more\"><a href=\"https:\/\/www.phys.uaic.ro\/index.php\/conf-dr-habil-laura-marinela-ailioaie-admitere-doctorat\/\">Read More &raquo;<\/a><\/span><\/p>\n","protected":false},"author":4,"featured_media":0,"parent":0,"menu_order":0,"comment_status":"closed","ping_status":"closed","template":"","meta":{"footnotes":""},"class_list":["post-24750","page","type-page","status-publish","hentry"],"_links":{"self":[{"href":"https:\/\/www.phys.uaic.ro\/index.php\/wp-json\/wp\/v2\/pages\/24750","targetHints":{"allow":["GET"]}}],"collection":[{"href":"https:\/\/www.phys.uaic.ro\/index.php\/wp-json\/wp\/v2\/pages"}],"about":[{"href":"https:\/\/www.phys.uaic.ro\/index.php\/wp-json\/wp\/v2\/types\/page"}],"author":[{"embeddable":true,"href":"https:\/\/www.phys.uaic.ro\/index.php\/wp-json\/wp\/v2\/users\/4"}],"replies":[{"embeddable":true,"href":"https:\/\/www.phys.uaic.ro\/index.php\/wp-json\/wp\/v2\/comments?post=24750"}],"version-history":[{"count":0,"href":"https:\/\/www.phys.uaic.ro\/index.php\/wp-json\/wp\/v2\/pages\/24750\/revisions"}],"wp:attachment":[{"href":"https:\/\/www.phys.uaic.ro\/index.php\/wp-json\/wp\/v2\/media?parent=24750"}],"curies":[{"name":"wp","href":"https:\/\/api.w.org\/{rel}","templated":true}]}}