{"id":24872,"date":"2025-06-18T14:26:45","date_gmt":"2025-06-18T11:26:45","guid":{"rendered":"https:\/\/www.phys.uaic.ro\/?page_id=24872"},"modified":"2025-06-19T15:03:09","modified_gmt":"2025-06-19T12:03:09","slug":"numarul-de-locuri-la-licenta-iulie-2025","status":"publish","type":"page","link":"https:\/\/www.phys.uaic.ro\/index.php\/numarul-de-locuri-la-licenta-iulie-2025\/","title":{"rendered":"Num\u0103rul de locuri la licen\u021b\u0103 iulie 2025"},"content":{"rendered":"<p><strong>Domeniul de licen\u021b\u0103: <\/strong>Fizic\u0103<\/p>\n<table style=\"width: 86.567%; height: 192px;\">\n<tbody>\n<tr style=\"height: 24px;\">\n<td style=\"width: 16.1739%; height: 120px;\" rowspan=\"3\"><strong>Specializarea \/ Programul de studii universitare de licen\u0163\u0103<\/strong><\/td>\n<td style=\"width: 13.1305%; height: 120px;\" rowspan=\"3\"><strong>Limba de predare<\/strong><\/td>\n<td style=\"width: 9.16807%; height: 120px;\" rowspan=\"3\"><strong>Forma de \u00eenv\u0103\u021b\u0103m\u00e2nt<\/strong><\/td>\n<td style=\"width: 12.5711%; height: 120px;\" rowspan=\"3\"><strong>Num\u0103r credite<\/strong><\/td>\n<td style=\"width: 27.3914%; height: 24px;\" colspan=\"4\"><strong>Num\u0103r locuri<\/strong><\/td>\n<\/tr>\n<tr style=\"height: 48px;\">\n<td style=\"width: 14.8696%; height: 48px;\" colspan=\"2\"><strong>Rom\u00e2ni, UE, SEE<\/strong><\/td>\n<td style=\"width: 12.5218%; height: 48px;\" colspan=\"2\"><strong>Rom\u00e2ni de pretutindeni<\/strong><\/td>\n<\/tr>\n<tr style=\"height: 48px;\">\n<td style=\"width: 8.26091%; height: 48px;\"><strong>Buget<\/strong><\/td>\n<td style=\"width: 6.60869%; height: 48px;\"><strong>Tax\u0103<\/strong><\/td>\n<td style=\"width: 7.0435%; height: 48px;\"><strong>Buget, cu burs\u0103<\/strong><\/td>\n<td style=\"width: 5.47827%; height: 48px;\"><strong>Tax\u0103<\/strong><\/td>\n<\/tr>\n<tr style=\"height: 24px;\">\n<td style=\"width: 16.1739%; height: 24px;\">Fizic\u0103<\/td>\n<td style=\"width: 13.1305%; height: 24px;\">Rom\u00e2n\u0103<\/td>\n<td style=\"width: 9.16807%; height: 24px;\">IF<\/td>\n<td style=\"width: 12.5711%; height: 24px;\">180<\/td>\n<td style=\"width: 8.26091%; height: 24px;\">10<\/td>\n<td style=\"width: 6.60869%; height: 24px;\">27<\/td>\n<td style=\"width: 7.0435%; height: 24px;\">0<\/td>\n<td style=\"width: 5.47827%; height: 24px;\">1<\/td>\n<\/tr>\n<tr style=\"height: 24px;\">\n<td style=\"width: 16.1739%; height: 24px;\">Fizic\u0103 informatic\u0103<\/td>\n<td style=\"width: 13.1305%; height: 24px;\">Rom\u00e2n\u0103<\/td>\n<td style=\"width: 9.16807%; height: 24px;\">IF<\/td>\n<td style=\"width: 12.5711%; height: 24px;\">180<\/td>\n<td style=\"width: 8.26091%; height: 24px;\">16<\/td>\n<td style=\"width: 6.60869%; height: 24px;\">16<\/td>\n<td style=\"width: 7.0435%; height: 24px;\">6<\/td>\n<td style=\"width: 5.47827%; height: 24px;\">0<\/td>\n<\/tr>\n<tr style=\"height: 24px;\">\n<td style=\"width: 16.1739%; height: 24px;\">Fizic\u0103 medical\u0103<\/td>\n<td style=\"width: 13.1305%; height: 24px;\">Rom\u00e2n\u0103<\/td>\n<td style=\"width: 9.16807%; height: 24px;\">IF<\/td>\n<td style=\"width: 12.5711%; height: 24px;\">180<\/td>\n<td style=\"width: 8.26091%; height: 24px;\">16<\/td>\n<td style=\"width: 6.60869%; height: 24px;\">21<\/td>\n<td style=\"width: 7.0435%; height: 24px;\">0<\/td>\n<td style=\"width: 5.47827%; height: 24px;\">1<\/td>\n<\/tr>\n<\/tbody>\n<\/table>\n<p>&nbsp;<\/p>\n<p><strong>Domeniul de licen\u021b\u0103: <\/strong>\u0218tiin\u021be inginere\u0219ti aplicate<\/p>\n<table style=\"width: 87.2111%; height: 186px;\">\n<tbody>\n<tr style=\"height: 24px;\">\n<td style=\"width: 16.4536%; height: 120px;\" rowspan=\"3\"><strong>Specializarea\/ Programul de studii universitare de licen\u021b\u0103<\/strong><\/td>\n<td style=\"width: 12.7024%; height: 120px;\" rowspan=\"3\"><strong>Limba de predare<\/strong><\/td>\n<td style=\"width: 12.9582%; height: 120px;\" rowspan=\"3\"><strong>Forma de \u00eenv\u0103\u021b\u0103m\u00e2nt<\/strong><\/td>\n<td style=\"width: 8.01368%; height: 120px;\" rowspan=\"3\"><strong>Num\u0103r credite<\/strong><\/td>\n<td style=\"width: 27.6215%; height: 24px;\" colspan=\"4\"><strong>Num\u0103r locuri<\/strong><\/td>\n<\/tr>\n<tr style=\"height: 48px;\">\n<td style=\"width: 14.6632%; height: 48px;\" colspan=\"2\"><strong>Rom\u00e2ni, UE, SEE<\/strong><\/td>\n<td style=\"width: 12.9583%; height: 48px;\" colspan=\"2\"><strong>Rom\u00e2ni de pretutindeni<\/strong><\/td>\n<\/tr>\n<tr style=\"height: 48px;\">\n<td style=\"width: 7.75786%; height: 48px;\"><strong>Buget<\/strong><\/td>\n<td style=\"width: 6.90535%; height: 48px;\"><strong>Tax\u0103<\/strong><\/td>\n<td style=\"width: 8.53197%; height: 48px;\"><strong>Buget, cu burs\u0103<\/strong><\/td>\n<td style=\"width: 4.42629%; height: 48px;\"><strong>Tax\u0103<\/strong><\/td>\n<\/tr>\n<tr style=\"height: 33px;\">\n<td style=\"width: 16.4536%; height: 33px;\">Fizic\u0103 tehnologic\u0103 (Ia\u0219i)<\/td>\n<td style=\"width: 12.7024%; height: 33px;\">Rom\u00e2n\u0103<\/td>\n<td style=\"width: 12.9582%; height: 33px;\">IF<\/td>\n<td style=\"width: 8.01368%; height: 33px;\">240<\/td>\n<td style=\"width: 7.75786%; height: 33px;\">8<\/td>\n<td style=\"width: 6.90535%; height: 33px;\">19<\/td>\n<td style=\"width: 8.53197%; height: 33px;\">0<\/td>\n<td style=\"width: 4.42629%; height: 33px;\">1<\/td>\n<\/tr>\n<tr style=\"height: 33px;\">\n<td style=\"width: 16.4536%; height: 33px;\">Fizic\u0103 tehnologic\u0103 (B\u0103l\u021bi)<\/td>\n<td style=\"width: 12.7024%; height: 33px;\">Rom\u00e2n\u0103<\/td>\n<td style=\"width: 12.9582%; height: 33px;\">IF<\/td>\n<td style=\"width: 8.01368%; height: 33px;\">240<\/td>\n<td style=\"width: 7.75786%; height: 33px;\">0<\/td>\n<td style=\"width: 6.90535%; height: 33px;\">0<\/td>\n<td style=\"width: 8.53197%; height: 33px;\">12<\/td>\n<td style=\"width: 4.42629%; height: 33px;\">30<\/td>\n<\/tr>\n<\/tbody>\n<\/table>\n","protected":false},"excerpt":{"rendered":"<p>Domeniul de licen\u021b\u0103: Fizic\u0103 Specializarea \/ Programul de studii universitare de licen\u0163\u0103 Limba de predare Forma de \u00eenv\u0103\u021b\u0103m\u00e2nt Num\u0103r credite Num\u0103r locuri Rom\u00e2ni, UE, SEE Rom\u00e2ni de pretutindeni Buget Tax\u0103 Buget, cu burs\u0103 Tax\u0103 Fizic\u0103 Rom\u00e2n\u0103 IF 180 10 27 0 1 Fizic\u0103 informatic\u0103 Rom\u00e2n\u0103 IF 180 16 16 6 0 Fizic\u0103 medical\u0103 Rom\u00e2n\u0103 IF 180 16 21\u2026 <span class=\"read-more\"><a href=\"https:\/\/www.phys.uaic.ro\/index.php\/numarul-de-locuri-la-licenta-iulie-2025\/\">Read More &raquo;<\/a><\/span><\/p>\n","protected":false},"author":4,"featured_media":0,"parent":0,"menu_order":0,"comment_status":"closed","ping_status":"closed","template":"","meta":{"footnotes":""},"class_list":["post-24872","page","type-page","status-publish","hentry"],"_links":{"self":[{"href":"https:\/\/www.phys.uaic.ro\/index.php\/wp-json\/wp\/v2\/pages\/24872","targetHints":{"allow":["GET"]}}],"collection":[{"href":"https:\/\/www.phys.uaic.ro\/index.php\/wp-json\/wp\/v2\/pages"}],"about":[{"href":"https:\/\/www.phys.uaic.ro\/index.php\/wp-json\/wp\/v2\/types\/page"}],"author":[{"embeddable":true,"href":"https:\/\/www.phys.uaic.ro\/index.php\/wp-json\/wp\/v2\/users\/4"}],"replies":[{"embeddable":true,"href":"https:\/\/www.phys.uaic.ro\/index.php\/wp-json\/wp\/v2\/comments?post=24872"}],"version-history":[{"count":0,"href":"https:\/\/www.phys.uaic.ro\/index.php\/wp-json\/wp\/v2\/pages\/24872\/revisions"}],"wp:attachment":[{"href":"https:\/\/www.phys.uaic.ro\/index.php\/wp-json\/wp\/v2\/media?parent=24872"}],"curies":[{"name":"wp","href":"https:\/\/api.w.org\/{rel}","templated":true}]}}