{"id":25214,"date":"2025-07-31T14:55:48","date_gmt":"2025-07-31T11:55:48","guid":{"rendered":"https:\/\/www.phys.uaic.ro\/?page_id=25214"},"modified":"2025-09-11T14:27:46","modified_gmt":"2025-09-11T11:27:46","slug":"organizarea-admiterii-la-master-septembrie-2025","status":"publish","type":"page","link":"https:\/\/www.phys.uaic.ro\/index.php\/organizarea-admiterii-la-master-septembrie-2025\/","title":{"rendered":"Organizarea admiterii la MASTER \u2013 septembrie 2025"},"content":{"rendered":"<p><strong><span style=\"font-size: 14pt;\"><a href=\"https:\/\/www.phys.uaic.ro\/wp-content\/uploads\/2025\/09\/Master-buget-sept-2025-Iasi_afisat-1.pdf\" target=\"_blank\" rel=\"noopener\"><em>Rezultate admitere master septembrie &#8211; BUGET &#8211; afisat 10.09.2025<\/em><\/a><\/span><\/strong><\/p>\n<p><strong><span style=\"font-size: 14pt;\"><a href=\"https:\/\/www.phys.uaic.ro\/wp-content\/uploads\/2025\/09\/Master-TAXA-sept-2025-Iasi_afisat-1.pdf\" target=\"_blank\" rel=\"noopener\"><em>Rezultate admitere master septembrie &#8211; TAXA &#8211; afisat 10.09.2025<\/em><\/a><\/span><\/strong><\/p>\n<h3><strong><span style=\"font-size: 14pt;\"><a href=\"https:\/\/www.phys.uaic.ro\/wp-content\/uploads\/2025\/09\/SEPT-master-IASI-afisat.pdf\" target=\"_blank\" rel=\"noopener\"><em>Rezultate admitere master septembrie 2025 \u2013 locuri Rom\u00e2ni de Pretutindeni<\/em><\/a><\/span><\/strong><\/h3>\n<p><em><a href=\"https:\/\/www.phys.uaic.ro\/wp-content\/uploads\/2025\/09\/SEPT-master-Balti-afisat.pdf\" target=\"_blank\" rel=\"noopener\"><span style=\"font-size: 14pt;\"><strong>Rezultate admitere master septembrie 2025 &#8211; Extensia BALTI<\/strong><\/span><\/a><\/em><\/p>\n<p><strong>Confirm\u0103ri:<\/strong><\/p>\n<ul>\n<li><strong>11.09-12.09.2025<\/strong>, orele <strong>9:00 \u2013 15:00,<\/strong><strong> la secretariatul Facult\u0103\u021bii (tel: 0232 201050).<\/strong><\/li>\n<\/ul>\n<p>&nbsp;<\/p>\n<p id=\"confirmare-master\">Candida\u0163ii declara\u0163i <b>admi\u015fi<\/b> vor trebui \u00een perioada <strong>11-12 septembrie 2025<\/strong>:<\/p>\n<ul>\n<li><b>s\u0103 semneze contractul de studii;<\/b><\/li>\n<li><b>s\u0103 achite taxa de \u00eenmatriculare de 100 RON<\/b> (cei admi\u015fi la buget);<\/li>\n<li><b>s\u0103 achite o prim\u0103 parte a taxei \u015fcolarizare de 500 lei<\/b> (cei admi\u0219i pe locurile cu tax\u0103);<\/li>\n<li><b>s\u0103 completeze dosarul cu actele \u00een original<\/b> (un dosar plic cu diploma de bacalaureat, adeverin\u0163a\/diploma de licen\u0163\u0103 \u015fi foaia matricol\u0103\/suplimentul la diplom\u0103, CV, scrisoare de inten\u021bie, adeverin\u021b\u0103 medical\u0103, fotografii).<\/li>\n<\/ul>\n<p>&nbsp;<\/p>\n<p>Candida\u021bii care, din diverse motive, renun\u021b\u0103 la loc sunt ruga\u021bi s\u0103 trimit\u0103 un e-mail la adresa fizica@uaic.ro.<\/p>\n<p>\u00cen cazul ne\u00eendeplinirii obliga\u021biilor enumerate anterior, candida\u021bii vor fi declara\u021bi respin\u0219i.<\/p>\n<h3><a href=\"https:\/\/www.phys.uaic.ro\/index.php\/numarul-de-locuri-master-septembrie-2025\/\" target=\"_blank\" rel=\"noopener\"><strong>Num\u0103rul de locuri master<\/strong><\/a><\/h3>\n<h3><strong>Perioada admiterii<\/strong><\/h3>\n<ul>\n<li><b>\u00censcriere \u0219i depunerea dosarelor, <\/b>la secretariatul Facult\u0103\u021bii de Fizic\u0103:\n<ul>\n<li>vineri, <strong>5 septembrie 2025, <\/strong>orele <strong>9-16<\/strong><\/li>\n<li>s\u00e2mb\u0103t\u0103,\u00a0<strong>6 septembrie 2025,<\/strong> orele <strong>9-13<\/strong><\/li>\n<li>duminic\u0103, <strong>7 septembrie 2025, <\/strong>orele <strong>9-13<\/strong><\/li>\n<li>luni, <strong>8 septembrie 2025, <\/strong>orele <strong>9-16<\/strong><\/li>\n<\/ul>\n<\/li>\n<\/ul>\n<ul>\n<li><b>Selec\u021bia candida\u021bilor \u0219i afi\u0219area rezultatelor<\/b>: <strong>9-10 septembrie 2025<\/strong><\/li>\n<li>confirm\u0103ri: <strong>11-12 septembrie 2025<\/strong>, orele 9-15, la secretariatul Facult\u0103\u021bii de Fizic\u0103.<\/li>\n<\/ul>\n<p><strong>Conturile de acces<\/strong>\u00a0pe platforma\u00a0<a href=\"http:\/\/eadmitere.uaic.ro\/\"><strong>eadmitere.uaic.ro<\/strong><\/a> vor putea fi create p\u00e2n\u0103 cel t\u00e2rziu luni, <strong>8 septembrie<\/strong>\u00a0<strong>2025<\/strong>, ora\u00a0<strong>15:00<\/strong>, completarea \u0219i finalizarea dosarelor put\u00e2ndu-se face p\u00e2n\u0103 la ora\u00a0<strong>16:oo<\/strong>.<\/p>\n<p>&nbsp;<\/p>\n<p>Deschide\u0163i pagina\u00a0<a href=\"https:\/\/eadmitere.uaic.ro\/\"><strong>https:\/\/eadmitere.uaic.ro<\/strong><\/a>\u00a0de pe site-ul universit\u0103\u021bii \u015fi urma\u0163i instruc\u0163iunile de admitere \u00eensemn\u00e2nd achitarea taxei de admitere, scanarea (fotocopierea) actelor necesare si trimiterea lor \u00een contul creat. Informa\u0163ii suplimentare pute\u0163i primi la\u00a0<em>fizica@uaic.ro<\/em>.<\/p>\n<p><a href=\"https:\/\/www.phys.uaic.ro\/index.php\/numarul-de-locuri-master-septembrie-2025\/\" target=\"_blank\" rel=\"noopener\"><strong>Num\u0103rul de locuri master<\/strong><\/a><\/p>\n<p><a href=\"https:\/\/www.phys.uaic.ro\/index.php\/conditii-de-admitere-si-taxe-la-master-iulie-2025\/\" target=\"_blank\" rel=\"noopener\">Condi\u021bii de admitere \u0219i taxe<\/a><\/p>\n<p><a href=\"https:\/\/www.phys.uaic.ro\/index.php\/actele-necesare-la-master-iulie-2025-2\/\" target=\"_blank\" rel=\"noopener\">Actele necesare<\/a><\/p>\n<p><strong>Atentie<\/strong>: absolventii care au sustinut examenul de <strong>licenta in sesiunea iulie 2025<\/strong> nu au nevoie de foaie matricola\/supliment la diploma. Ei vor prezenta <strong>doar adeverinta de licenta<\/strong>.<\/p>\n<p>&nbsp;<\/p>\n<p><b>Informa\u021bii<\/b> despre admitere:<\/p>\n<ul style=\"list-style-type: circle;\">\n<li>Tel: 0232 201050<\/li>\n<li>E-mail: fizica@uaic.ro<\/li>\n<li>Site-ul Facult\u0103\u021bii de Fizic\u0103: <a href=\"https:\/\/www.phys.uaic.ro\" target=\"_blank\" rel=\"noopener\">https:\/\/www.phys.uaic.ro<\/a><\/li>\n<li>Site-ul universit\u0103\u021bii dedicat admiterii: <a href=\"http:\/\/admitere.uaic.ro\/\" target=\"_blank\" rel=\"noopener\">http:\/\/admitere.uaic.ro\/<\/a><\/li>\n<\/ul>\n<ul>\n<li style=\"list-style-type: none;\"><\/li>\n<\/ul>\n<p>&nbsp;<\/p>\n<p><a href=\"https:\/\/www.phys.uaic.ro\/wp-content\/uploads\/2025\/05\/Regulament_ADMITERE_Licenta_Masterat_AprobatSenat_12.12.2024.pdf\" target=\"_blank\" rel=\"noopener\"><em>Metodologie privind organizarea \u015fi desf\u0103\u015furarea admiterii \u00een ciclul de studii universitare de licen\u0163\u0103\/master pentru anul universitar 2025-2026<\/em><\/a><\/p>\n","protected":false},"excerpt":{"rendered":"<p>Rezultate admitere master septembrie &#8211; BUGET &#8211; afisat 10.09.2025 Rezultate admitere master septembrie &#8211; TAXA &#8211; afisat 10.09.2025 Rezultate admitere master septembrie 2025 \u2013 locuri Rom\u00e2ni de Pretutindeni Rezultate admitere master septembrie 2025 &#8211; Extensia BALTI Confirm\u0103ri: 11.09-12.09.2025, orele 9:00 \u2013 15:00, la secretariatul Facult\u0103\u021bii (tel: 0232 201050). &nbsp; Candida\u0163ii declara\u0163i admi\u015fi vor trebui \u00een perioada 11-12 septembrie\u2026 <span class=\"read-more\"><a href=\"https:\/\/www.phys.uaic.ro\/index.php\/organizarea-admiterii-la-master-septembrie-2025\/\">Read More &raquo;<\/a><\/span><\/p>\n","protected":false},"author":4,"featured_media":0,"parent":0,"menu_order":0,"comment_status":"closed","ping_status":"closed","template":"","meta":{"footnotes":""},"class_list":["post-25214","page","type-page","status-publish","hentry"],"_links":{"self":[{"href":"https:\/\/www.phys.uaic.ro\/index.php\/wp-json\/wp\/v2\/pages\/25214","targetHints":{"allow":["GET"]}}],"collection":[{"href":"https:\/\/www.phys.uaic.ro\/index.php\/wp-json\/wp\/v2\/pages"}],"about":[{"href":"https:\/\/www.phys.uaic.ro\/index.php\/wp-json\/wp\/v2\/types\/page"}],"author":[{"embeddable":true,"href":"https:\/\/www.phys.uaic.ro\/index.php\/wp-json\/wp\/v2\/users\/4"}],"replies":[{"embeddable":true,"href":"https:\/\/www.phys.uaic.ro\/index.php\/wp-json\/wp\/v2\/comments?post=25214"}],"version-history":[{"count":0,"href":"https:\/\/www.phys.uaic.ro\/index.php\/wp-json\/wp\/v2\/pages\/25214\/revisions"}],"wp:attachment":[{"href":"https:\/\/www.phys.uaic.ro\/index.php\/wp-json\/wp\/v2\/media?parent=25214"}],"curies":[{"name":"wp","href":"https:\/\/api.w.org\/{rel}","templated":true}]}}