{"id":25219,"date":"2025-08-01T15:20:30","date_gmt":"2025-08-01T12:20:30","guid":{"rendered":"https:\/\/www.phys.uaic.ro\/?page_id=25219"},"modified":"2025-09-01T12:32:44","modified_gmt":"2025-09-01T09:32:44","slug":"numar-locuri-admitere-licenta-septembrie-2025","status":"publish","type":"page","link":"https:\/\/www.phys.uaic.ro\/index.php\/numar-locuri-admitere-licenta-septembrie-2025\/","title":{"rendered":"Numar locuri admitere licenta septembrie 2025"},"content":{"rendered":"<p><strong>Licen\u021b\u0103, Specializarea<\/strong> <strong>Fizic\u0103 : <\/strong><\/p>\n<ul>\n<li>3 locuri buget<\/li>\n<li>1 loc buget, absolven\u021bi de licee situate \u00een mediul RURAL<\/li>\n<li>25 locuri tax\u0103<\/li>\n<\/ul>\n<p><strong>Licen\u021b\u0103, Specializarea<\/strong>\u00a0<strong>Fizic\u0103 informatic\u0103 : <\/strong><\/p>\n<ul>\n<li>9 locuri buget<\/li>\n<li>1 loc buget, candidati protec\u0163ie sociala<\/li>\n<li>1 loc buget, candidati cu cerinte educationale speciale\/dizabilitati<\/li>\n<li>12 locuri tax\u0103<\/li>\n<\/ul>\n<p><strong>Licen\u021b\u0103, Specializarea<\/strong>\u00a0<strong>Fizic\u0103 medical\u0103 : <\/strong><\/p>\n<ul>\n<li>1 loc buget, candidati protec\u0163ie sociala<\/li>\n<li>1 loc buget, candidati cu cerinte educationale speciale\/dizabilitati<\/li>\n<li>1 loc buget, absolven\u021bi de licee situate \u00een mediul RURAL<\/li>\n<li>18 locuri tax\u0103<\/li>\n<\/ul>\n<p><strong>Licen\u021b\u0103, Specializarea<\/strong>\u00a0<strong>Fizic\u0103 tehnologic\u0103 : <\/strong><\/p>\n<ul>\n<li>6 locuri buget<\/li>\n<li>1 loc buget, absolven\u021bi de licee situate \u00een mediul RURAL<\/li>\n<li>19 locuri tax\u0103<\/li>\n<\/ul>\n<p><strong>Licen\u021b\u0103, Specializarea<\/strong>\u00a0<strong>Fizic\u0103 tehnologic\u0103, \u00eenv\u0103\u0163\u0103m\u00e2nt dual (la Foc\u015fani): <\/strong><\/p>\n<ul>\n<li>25 locuri buget<\/li>\n<\/ul>\n","protected":false},"excerpt":{"rendered":"<p>Licen\u021b\u0103, Specializarea Fizic\u0103 : 3 locuri buget 1 loc buget, absolven\u021bi de licee situate \u00een mediul RURAL 25 locuri tax\u0103 Licen\u021b\u0103, Specializarea\u00a0Fizic\u0103 informatic\u0103 : 9 locuri buget 1 loc buget, candidati protec\u0163ie sociala 1 loc buget, candidati cu cerinte educationale speciale\/dizabilitati 12 locuri tax\u0103 Licen\u021b\u0103, Specializarea\u00a0Fizic\u0103 medical\u0103 : 1 loc buget, candidati protec\u0163ie sociala 1 loc buget, candidati\u2026 <span class=\"read-more\"><a href=\"https:\/\/www.phys.uaic.ro\/index.php\/numar-locuri-admitere-licenta-septembrie-2025\/\">Read More &raquo;<\/a><\/span><\/p>\n","protected":false},"author":4,"featured_media":0,"parent":0,"menu_order":0,"comment_status":"closed","ping_status":"closed","template":"","meta":{"footnotes":""},"class_list":["post-25219","page","type-page","status-publish","hentry"],"_links":{"self":[{"href":"https:\/\/www.phys.uaic.ro\/index.php\/wp-json\/wp\/v2\/pages\/25219","targetHints":{"allow":["GET"]}}],"collection":[{"href":"https:\/\/www.phys.uaic.ro\/index.php\/wp-json\/wp\/v2\/pages"}],"about":[{"href":"https:\/\/www.phys.uaic.ro\/index.php\/wp-json\/wp\/v2\/types\/page"}],"author":[{"embeddable":true,"href":"https:\/\/www.phys.uaic.ro\/index.php\/wp-json\/wp\/v2\/users\/4"}],"replies":[{"embeddable":true,"href":"https:\/\/www.phys.uaic.ro\/index.php\/wp-json\/wp\/v2\/comments?post=25219"}],"version-history":[{"count":0,"href":"https:\/\/www.phys.uaic.ro\/index.php\/wp-json\/wp\/v2\/pages\/25219\/revisions"}],"wp:attachment":[{"href":"https:\/\/www.phys.uaic.ro\/index.php\/wp-json\/wp\/v2\/media?parent=25219"}],"curies":[{"name":"wp","href":"https:\/\/api.w.org\/{rel}","templated":true}]}}