{"id":25602,"date":"2025-09-30T15:07:08","date_gmt":"2025-09-30T12:07:08","guid":{"rendered":"https:\/\/www.phys.uaic.ro\/?page_id=25602"},"modified":"2025-10-03T13:36:58","modified_gmt":"2025-10-03T10:36:58","slug":"sustinerea-tezei-de-doctorat-a-drd-astacioaie-i-maria-cas-diaconu-pe-24-10-2025","status":"publish","type":"page","link":"https:\/\/www.phys.uaic.ro\/index.php\/sustinerea-tezei-de-doctorat-a-drd-astacioaie-i-maria-cas-diaconu-pe-24-10-2025\/","title":{"rendered":"Sus\u021binerea tezei de doctorat a drd. AST\u0102CIOAIE I. MARIA (c\u0103s. DIACONU) pe 24.10.2025"},"content":{"rendered":"<p><a href=\"https:\/\/www.phys.uaic.ro\/wp-content\/uploads\/2025\/10\/anunt-Astacioaie.pdf\" target=\"_blank\" rel=\"noopener\"><em>Anun\u021bul sus\u021binerii publice<\/em><\/a><\/p>\n<p>&nbsp;<\/p>\n<p>La data de <strong>24.10.2025, ora 10,<\/strong>\u00a0\u00een sala S1, dna <strong>AST\u0102CIOAIE I. MARIA (c\u0103s. DIACONU)<\/strong>\u00a0va sus\u0163ine, \u00een \u015fedin\u0163\u0103 public\u0103, teza de doctorat cu titlul<\/p>\n<p><strong><em>Contribu\u0163ii la caracterizarea dinamicii aerosolului atmosferic sub influen\u0163a poluan\u0163ior antropici<\/em><\/strong><\/p>\n<p>\u00een vederea ob\u0163inerii titlului \u015ftiin\u0163ific de doctor \u00een domeniul FIZIC\u0102.<\/p>\n<p>AST\u0102CIOAIE I. MARIA (c\u0103s. DIACONU) [<a href=\"https:\/\/www.phys.uaic.ro\/wp-content\/uploads\/2025\/09\/CV-Astacioaie-Diaconu-Maria.pdf\" target=\"_blank\" rel=\"noopener\">CV<\/a>]<\/p>\n<p>&nbsp;<\/p>\n<p>Comisia de doctorat are urm\u0103toarea componen\u0163\u0103:<\/p>\n<ul>\n<li><b>Pre\u015fedinte<\/b>:\n<ul>\n<li>Prof. univ. dr. Diana-Mihaela MARDARE, Universitatea \u201cAlexandru Ioan Cuza\u201d din Ia\u0219i [<a href=\"https:\/\/www.phys.uaic.ro\/wp-content\/uploads\/2024\/04\/CV-2024-MARDARE-D.-rom.pdf\" target=\"_blank\" rel=\"noopener\">CV<\/a>]<\/li>\n<\/ul>\n<\/li>\n<\/ul>\n<ul>\n<li><b>Conduc\u0103tor \u015ftiin\u0163ific<\/b>:<\/li>\n<\/ul>\n<ul>\n<li>\n<ul>\n<li>Prof. univ. dr. habil. Silviu-Octavian GURLUI, Universitatea \u201cAlexandru Ioan Cuza\u201d din Ia\u0219i [<a href=\"https:\/\/www.phys.uaic.ro\/wp-content\/uploads\/2024\/10\/CV-Gurlui_Silviu-Ro-2024.pdf\">CV<\/a>]<\/li>\n<\/ul>\n<\/li>\n<\/ul>\n<ul>\n<li><b>Referen\u0163i<\/b>:\n<ul>\n<li>Prof. univ. dr. Igor CRE\u021aESCU, Universitatea Tehnic\u0103 &#8222;Gheorghe Asachi&#8221; din Ia\u015fi [<a href=\"https:\/\/www.phys.uaic.ro\/wp-content\/uploads\/2025\/09\/CretescuIgor_eng.pdf\" target=\"_blank\" rel=\"noopener\">CV<\/a>]<\/li>\n<li>Prof. univ. dr. habil. Marius-Horia PAULESCU, Universitatea de Vest din Timi\u015foara [<a href=\"https:\/\/www.phys.uaic.ro\/wp-content\/uploads\/2025\/09\/CV_PaulescuM.pdf\" target=\"_blank\" rel=\"noopener\">CV<\/a>]<\/li>\n<li>Prof. univ. dr. Maricel AGOP, Universitatea \u201cAlexandru Ioan Cuza\u201d din Ia\u015fi [<a href=\"https:\/\/www.phys.uaic.ro\/wp-content\/uploads\/2023\/03\/CV-2021-AGOP-ro.pdf\" target=\"_blank\" rel=\"noopener\">CV<\/a>]<\/li>\n<\/ul>\n<\/li>\n<\/ul>\n<p>&nbsp;<\/p>\n<p>Teza poate fi consultat\u0103 la Biblioteca Facult\u0103\u0163ii de Fizic\u0103.<\/p>\n<ul>\n<li><a href=\"https:\/\/www.phys.uaic.ro\/wp-content\/uploads\/2025\/10\/Rezumat-TEZA-Astacioaie-2.pdf\" target=\"_blank\" rel=\"noopener\"><em>Rezumatul tezei de doctorat<\/em><\/a><\/li>\n<\/ul>\n","protected":false},"excerpt":{"rendered":"<p>Anun\u021bul sus\u021binerii publice &nbsp; La data de 24.10.2025, ora 10,\u00a0\u00een sala S1, dna AST\u0102CIOAIE I. MARIA (c\u0103s. DIACONU)\u00a0va sus\u0163ine, \u00een \u015fedin\u0163\u0103 public\u0103, teza de doctorat cu titlul Contribu\u0163ii la caracterizarea dinamicii aerosolului atmosferic sub influen\u0163a poluan\u0163ior antropici \u00een vederea ob\u0163inerii titlului \u015ftiin\u0163ific de doctor \u00een domeniul FIZIC\u0102. AST\u0102CIOAIE I. MARIA (c\u0103s. DIACONU) [CV] &nbsp; Comisia de doctorat are\u2026 <span class=\"read-more\"><a href=\"https:\/\/www.phys.uaic.ro\/index.php\/sustinerea-tezei-de-doctorat-a-drd-astacioaie-i-maria-cas-diaconu-pe-24-10-2025\/\">Read More &raquo;<\/a><\/span><\/p>\n","protected":false},"author":4,"featured_media":0,"parent":0,"menu_order":0,"comment_status":"closed","ping_status":"closed","template":"","meta":{"footnotes":""},"class_list":["post-25602","page","type-page","status-publish","hentry"],"_links":{"self":[{"href":"https:\/\/www.phys.uaic.ro\/index.php\/wp-json\/wp\/v2\/pages\/25602","targetHints":{"allow":["GET"]}}],"collection":[{"href":"https:\/\/www.phys.uaic.ro\/index.php\/wp-json\/wp\/v2\/pages"}],"about":[{"href":"https:\/\/www.phys.uaic.ro\/index.php\/wp-json\/wp\/v2\/types\/page"}],"author":[{"embeddable":true,"href":"https:\/\/www.phys.uaic.ro\/index.php\/wp-json\/wp\/v2\/users\/4"}],"replies":[{"embeddable":true,"href":"https:\/\/www.phys.uaic.ro\/index.php\/wp-json\/wp\/v2\/comments?post=25602"}],"version-history":[{"count":0,"href":"https:\/\/www.phys.uaic.ro\/index.php\/wp-json\/wp\/v2\/pages\/25602\/revisions"}],"wp:attachment":[{"href":"https:\/\/www.phys.uaic.ro\/index.php\/wp-json\/wp\/v2\/media?parent=25602"}],"curies":[{"name":"wp","href":"https:\/\/api.w.org\/{rel}","templated":true}]}}