{"id":3657,"date":"2018-04-13T14:03:21","date_gmt":"2018-04-13T14:03:21","guid":{"rendered":"http:\/\/www.phys.uaic.ro\/?page_id=3657"},"modified":"2025-01-23T11:56:19","modified_gmt":"2025-01-23T09:56:19","slug":"burse-cercetare","status":"publish","type":"page","link":"https:\/\/www.phys.uaic.ro\/index.php\/cercetare\/burse-cercetare\/","title":{"rendered":"Burse cercetare"},"content":{"rendered":"<div class=\"colorbox\" style=\"background-color: #e6e6e6;\">\n<p><img decoding=\"async\" style=\"vertical-align: top; width: 63px; height: 24px; padding: 0 0 0 10px;\" src=\"http:\/\/www.phys.uaic.ro\/wp\/imagini\/universitat-konstanz.png\" alt=\"konstanz\" \/><\/p>\n<h3>University of Konstanz, Germany \u2013 Fellowships at the Zukunftskolleg: &#8211; 3 positions for 2-year Postdoctoral Fellowship &amp; 3 positions for 5-year Research Fellowship<\/h3>\n<p>The Zukunftskolleg has just opened its 16th call for applications for Research Fellowships and Postdoctoral Fellowships.<\/p>\n<p><b>Postdoctoral Fellowships<\/b> (three positions)<\/p>\n<p>We invite researchers in the early stages of their careers who plan to develop and implement an independent research project to apply for a 2-year Postdoctoral Fellowship. The fellowships are open to researchers from all fields represented at the University of Konstanz.<\/p>\n<p>You will find the call for applications as well as information about the eligibility criteria and the application process under:<\/p>\n<p><a href=\"https:\/\/www.uni-konstanz.de\/zukunftskolleg\/fellowships\/postdoctoral-fellowship\/\">https:\/\/www.uni-konstanz.de\/zukunftskolleg\/fellowships\/postdoctoral-fellowship\/<\/a><\/p>\n<p><b>Research Fellowships<\/b> (three positions)<\/p>\n<p>Researchers with significant work experience at the postdoctoral level are welcome to apply for a 5-year Research Fellowship. The fellows build their own academic profile by leading an independent research group at the University of Konstanz. 5-year Research Fellowships are open to researchers from all fields represented at the University of Konstanz.<\/p>\n<\/div>\n<p>&nbsp;<\/p>\n<p><!-- ++++++++++++++++++++++++++++++++++++++++++++++++++++++++++++++++++++++++++++++++++++ --><\/p>\n<div class=\"colorbox\" style=\"background-color: #e6e6e6;\">\n<p><b>Serviciul German de Schimb Academic (DAAD)<\/b> are \u0219i anul acesta o ofert\u0103 atractiv\u0103 de burse de cercetare \u00een Germania pentru doctoranzi, tineri cercet\u0103tori (postdoc) \u0219i cadre didactice din cadrul institu\u021biilor de \u00eenv\u0103\u021b\u0103m\u00e2nt superior \u0219i cercetare din Rom\u00e2nia.<\/p>\n<p>Sunt finan\u021bate stagii de cercetare desf\u0103\u0219urate \u00een limba german\u0103 sau \u00een limba englez\u0103.<\/p>\n<p>Dorim s\u0103 v\u0103 atragem aten\u021bia \u00een mod deosebit asupra urm\u0103toarelor programe:<\/p>\n<ul>\n<li>Stagii de cercetare pentru cadre didactice \u0219i cercet\u0103tori <a href=\"http:\/\/bit.ly\/Stagii_cadre_didactice_si_cercetatori\">http:\/\/bit.ly\/Stagii_cadre_didactice_si_cercetatori<\/a> (1-3 luni)<\/li>\n<li>Stagii de lucru pentru profesori universitari din domeniile art\u0103 \u0219i arhitectur\u0103 <a href=\"http:\/\/bit.ly\/Stagii_de_lucru_arta_muzica_arhitectura\">http:\/\/bit.ly\/Stagii_de_lucru_arta_muzica_arhitectura<\/a> (1-3 luni)<\/li>\n<li>Program de reinvitare pentru fo\u0219ti bursieri <a href=\"http:\/\/bit.ly\/Reinvitare_fosti_bursieri\">http:\/\/bit.ly\/Reinvitare_fosti_bursieri<\/a> (1-3 luni)<\/li>\n<li>Stagii de cercetare pentru doctoranzi \u0219i tineri cercet\u0103tori <a href=\"http:\/\/bit.ly\/Stagii_1-6_luni\">http:\/\/bit.ly\/Stagii_1-6_luni<\/a> de scurt\u0103 durat\u0103 (1-6 luni)<\/li>\n<\/ul>\n<p><b>Termenul limit\u0103 de aplicare : 30.04.2020<\/b><\/p>\n<\/div>\n<p>&nbsp;<\/p>\n<p><!-- ++++++++++++++++++++++++++++++++++++++++++++++++++++++++++++++++++++++++++++++++++++ --><\/p>\n<div class=\"colorbox\" style=\"background-color: #e6e6e6;\">\n<p><img decoding=\"async\" style=\"vertical-align: top; width: 63px; height: 24px; padding: 0 0 0 10px;\" src=\"http:\/\/www.phys.uaic.ro\/wp\/imagini\/universitat-konstanz.png\" alt=\"konstanz\" \/><\/p>\n<p>Burse pentru tineri cercetatori la <b>Universitatea Konstanz<\/b><\/p>\n<p>Cu ocazia implinirii a 25 de ani de parteneriat intre universitatea noastra si Universitatea din Konstanz, partenerii germani ofera 3 burse pentru tineri cercetatori () in cadrul apelului deschis de catre Zukunftskolleg.<\/p>\n<p>Cu o durata cuprinsa intre 1 si 3 luni, bursele includ rambursarea cheltuielilor de calatorie, acoperirea costurilor de cazare de pana in 800 de euro\/luna, precum si o bursa DAAD in valoare de 2000 de euro.<\/p>\n<p>Mai multe detalii privind oferta de burse, criteriile de eligibilitate si continutul dosarului de candidatura sunt incluse in <a href=\"http:\/\/www.phys.uaic.ro\/wp\/cercetare\/burse-cercetare\/call-applications-network-research-visit-2019.pdf\">fisierul atasat<\/a> <img decoding=\"async\" style=\"vertical-align: middle; width: 20px; height: 20px;\" src=\"http:\/\/www.phys.uaic.ro\/wp\/imagini\/pdf-icon.png\" alt=\"pdf\" \/>. Candidaturile se vor depune, electronic, la adresa mentionata in oferta: <span style=\"color: blue;\">zukunftskolleg@uni-konstanz.de<\/span> .<\/p>\n<\/div>\n<p>&nbsp;<\/p>\n<p><!-- ++++++++++++++++++++++++++++++++++++++++++++++++++++++++++++++++++++++++++++++++++++ --><\/p>\n<div class=\"colorbox\" style=\"background-color: #e6e6e6;\">\n<p><img decoding=\"async\" style=\"vertical-align: top; width: 63px; height: 24px; padding: 0 0 0 10px;\" src=\"http:\/\/www.phys.uaic.ro\/wp\/imagini\/universitat-konstanz.png\" alt=\"konstanz\" \/><\/p>\n<p>The <b>Zukunftskolleg (University of Konstanz)<\/b> offers:<\/p>\n<ul>\n<li>Five <i>2-year Postdoctoral Fellowships<\/i> for all those in the early stage of their academic career who plan to develop and implement an independent research project. The target group consists of researchers at the postdoctoral level, who are open-minded, risk-taking and intellectually gifted, so that they can reasonably be expected to take up leading roles in academia;<\/li>\n<li>Five <i>5-year Research Fellowships<\/i> to promote researchers with significant work experience at the postdoctoral level aiming for a career in academia. The Fellows build their own academic identity by leading an independent research group at the University of Konstanz. These fellowships are available to researchers characterised by a strong and creative mind, an ability to think and communicate beyond their own disciplines, regardless of their nationality.<\/li>\n<\/ul>\n<p>Both Fellowships are open to researchers from all fields represented at<br \/>\nthe University of Konstanz.<\/p>\n<p>Find more information on eligibility requirements, application and<br \/>\nselection process on our website:<\/p>\n<p><a href=\"https:\/\/www.uni-konstanz.de\/zukunftskolleg\/\">https:\/\/www.uni-konstanz.de\/zukunftskolleg\/<\/a><\/p>\n<p>as well as in the two call documents for each Fellowship:<\/p>\n<ul>\n<li><a href=\"http:\/\/www.phys.uaic.ro\/wp\/cercetare\/burse-cercetare\/2-year-postdoctoral-fellowships-2019 .pdf\">2019-155 five 2-year Postdoctoral Fellowships MIT 2y_5positions<\/a> <img decoding=\"async\" style=\"vertical-align: middle; width: 20px; height: 20px;\" src=\"http:\/\/www.phys.uaic.ro\/wp\/imagini\/pdf-icon.png\" alt=\"pdf\" \/><\/li>\n<\/ul>\n<ul>\n<li><a href=\"http:\/\/www.phys.uaic.ro\/wp\/cercetare\/burse-cercetare\/5-year-research-fellowships-2019 .pdf\">2019-154 five 5-year Research Fellowships MIT 5y_5positions<\/a> <img decoding=\"async\" style=\"vertical-align: middle; width: 20px; height: 20px;\" src=\"http:\/\/www.phys.uaic.ro\/wp\/imagini\/pdf-icon.png\" alt=\"pdf\" \/><\/li>\n<\/ul>\n<p>The application deadline for all Fellowships is <i>October 15, 2019, 11:00<br \/>\nam (Konstanz time)<\/i>.<\/p>\n<p>The Zukunftskolleg is an Institute for Advanced Study at the University of Konstanz (Germany) for the promotion of outstanding early career researchers. Researchers at the postdoctoral level perform research without administrative constraints and have the freedom to engage in meaningful exchange with other up-and-coming colleagues and with distinguished senior researchers. Scholars in the humanities, social and natural sciences come to Konstanz from across the world to perform first-class research.<\/p>\n<\/div>\n<p>&nbsp;<\/p>\n<p><!-- ++++++++++++++++++++++++++++++++++++++++++++++++++++++++++++++++++++++++++++++++++++ --><\/p>\n<div class=\"colorbox\" style=\"background-color: #e6e6e6;\">\n<p><b>Institute of Advanced Study<\/b><\/p>\n<p>2020\/21 Fellowships<\/p>\n<p>The <b>Institute of Advanced Study<\/b> is one of <b>Durham University<\/b>\u2019s flagship interdisciplinary research institutes, providing a central forum for debate and collaboration across the entire disciplinary spectrum.It seeks to catalyse new ideas by bringing together world-leading researchers from all disciplines to work with Durham scholars on collaborative projects of major intellectual, scientific, political and practical significance. Through dialogue and collaboration across disciplinary boundaries, its aim is to foster creative and collaborative interdisciplinary research which sparks new investigations, set tomorrow&#8217;s agenda and leaves a legacy of embedded research projects in Durham.<\/p>\n<p>Applications are now invited for Fellowships (October-December 2020 and January-March 2021). Applicants may be from any academic discipline or professional background involving research, and they may come from anywhere in the world. IAS Fellowships include an honorarium, and funds for travel, accommodation, and costs associated with replacement teaching or loss of salary (where appropriate).<\/p>\n<p>A minimum PhD (completed and awarded) is required at the time of application, and Fellowships are not open to under- or postgraduate students.Informal enquiries with the Directors of the Institute can be made via Linda Crowe, the IAS Manager (Tel: +44 (0) 191 3344686 or email <span style=\"color: blue;\">linda.crowe@durham.ac.uk<\/span>). Only full and c\/omplete applications will be considered.<\/p>\n<p><b>Closing date for applications is 07 June 2019<\/b>.<\/p>\n<\/div>\n<p>&nbsp;<\/p>\n<p><!-- ++++++++++++++++++++++++++++++++++++++++++++++++++++++++++++++++++++++++++++++++++++ --><\/p>\n<div class=\"colorbox\" style=\"background-color: #e6e6e6;\">\n<p>\u00cen aten\u021bia studen\u021bilor Facult\u0103\u021bii de Fizic\u0103 (<b>toate specializ\u0103rile<\/b>) din <b>anul II licen\u021b\u0103<\/b> (<b>anul III FT<\/b>) \u0219i <b>anul I masterat<\/b><\/p>\n<p>\u00cen perioada 7 iulie &#8211; 27 iulie 2019 va avea loc, la <b>Institutul Unificat de Cercet\u0103ri Nucleare (IUCN) Dubna<\/b>, Federa\u021bia Rus\u0103, un stagiu de <b>practic\u0103 \u00een cercetare pentru studen\u021bi<\/b>. Facultatea noastr\u0103 dispune de 1 loc (posibil 2 locuri). Doritorii pot afla informa\u021bii despre stagiul de practic\u0103 din 2019 la adresa:<\/p>\n<p>http:\/\/ucnew.jinr.ru\/en\/2-stage-2019<\/p>\n<p>Studen\u021bii care doresc s\u0103 beneficieze de aceasta oportunitate vor trebui s\u0103 depun\u0103 la Secretariat, pan\u0103 vineri 05.04.2019, ora 10.00, un dosar care s\u0103 con\u021bin\u0103 urm\u0103toarele documente:<\/p>\n<ol>\n<li>Curriculum Vitae;<\/li>\n<li>Un document eliberat de Secretariat \u00een care s\u0103 fie specificate mediile anuale;<\/li>\n<li>Scrisoare de inten\u021bie.<\/li>\n<\/ol>\n<p>Cunoa\u0219terea limbii engleze este obligatorie. Este nevoie de pa\u0219aport pentru ob\u021binerea vizei.<\/p>\n<p>Este recomandabil ca studentul s\u0103-\u0219i aleag\u0103 o tem\u0103 de cercetare (dintre cele propuse de IUCN) care s\u0103-i foloseasc\u0103 la elaborarea lucr\u0103rii de licen\u021b\u0103\/diserta\u021bie.<\/p>\n<p><b>Selec\u021bia se va face pe baza analizei dosarului de concurs \u0219i a unui interviu (programat pentru vineri 05.04.2019, ora 12.00 la Decanat).<\/b><\/p>\n<p>Persoane de contact:<\/p>\n<ul>\n<li><a href=\"catalin-gabriel-borcia\">Conf. Univ. Dr. C\u0103t\u0103lin Gabriel BORCIA<\/a> <span style=\"color: blue;\">cborcia@uaic.ro<\/span><\/li>\n<li><a href=\"dan-mihailescu\">Lect. Univ. Dr. Dan MIH\u0102ILESCU<\/a> <span style=\"color: blue;\">dmihail@uaic.ro<\/span><\/li>\n<\/ul>\n<\/div>\n<p>&nbsp;<\/p>\n<p><!-- ++++++++++++++++++++++++++++++++++++++++++++++++++++++++++++++++++++++++++++++++++++ --><\/p>\n<div class=\"colorbox\" style=\"background-color: #e6e6e6;\">\n<p><a href=\"http:\/\/www.phys.uaic.ro\/wp\/cercetare\/burse-cercetare\/oferta-burse-austria-2018-2019.pdf\">Oferta de <b>burse ale Ministerului Federal al Educa\u021biei, \u0218tiin\u021bei \u0219i Cercet\u0103rii din Austria<\/b> pentru studen\u021bi, absolven\u021bi \u0219i oameni de \u0219tiin\u021b\u0103 din Rom\u00e2nia \u00een anul universitar 2018-2019.<\/a> <img decoding=\"async\" style=\"vertical-align: top; width: 20px; height: 20px;\" src=\"http:\/\/www.phys.uaic.ro\/wp\/imagini\/pdf-icon.png\" alt=\"pdf\" \/><\/p>\n<\/div>\n<p>&nbsp;<\/p>\n<p><!-- ++++++++++++++++++++++++++++++++++++++++++++++++++++++++++++++++++++++++++++++++++++ --><\/p>\n<div class=\"colorbox\" style=\"background-color: #e6e6e6;\">\n<p>\u00cen aten\u021bia studen\u021bilor Facult\u0103\u021bii de Fizic\u0103 (<b>toate specializ\u0103rile<\/b>) din <b>anul II licen\u021b\u0103<\/b> (<b>anul III FT<\/b>) \u0219i <b>anul I masterat<\/b><\/p>\n<p>\u00cen perioada 8 iulie &#8211; 30 iulie 2018 va avea loc, la <b>Institutul Unificat de Cercet\u0103ri Nucleare (IUCN) Dubna<\/b>, Federa\u021bia Rus\u0103, un stagiu de <b>practic\u0103 \u00een cercetare pentru studen\u021bi<\/b>. Facultatea noastr\u0103 dispune de 2 locuri. Doritorii pot afla informa\u021bii despre stagiul de practic\u0103 din 2018 la adresa:<\/p>\n<p>http:\/\/ucnew.jinr.ru\/en\/2-stage-2018<\/p>\n<p>Studen\u021bii care doresc s\u0103 beneficieze de aceasta oportunitate vor trebui s\u0103 depun\u0103 la Secretariat, pan\u0103 vineri 20.04.2018, ora 10.00, un dosar care s\u0103 con\u021bin\u0103 urm\u0103toarele documente:<\/p>\n<ol>\n<li>Curriculum Vitae;<\/li>\n<li>Un document eliberat de Secretariat \u00een care s\u0103 fie specificate mediile anuale;<\/li>\n<li>Scrisoare de inten\u021bie.<\/li>\n<\/ol>\n<p>Cunoa\u0219terea limbii engleze este obligatorie. Este nevoie de pa\u0219aport pentru ob\u021binerea vizei.<\/p>\n<p>Este recomandabil ca studentul s\u0103-\u0219i aleag\u0103 o tem\u0103 de cercetare (dintre cele propuse de IUCN) care s\u0103-i foloseasc\u0103 la elaborarea lucr\u0103rii de licen\u021b\u0103\/diserta\u021bie.<\/p>\n<p><b>Selec\u021bia se va face pe baza analizei dosarului de concurs \u0219i a unui interviu (programat pentru vineri 20.04.2018, ora 11.00 la Decanat).<\/b><\/p>\n<p>Persoana de contact: Lect. Univ. Dr. Dan Mihailescu (<span style=\"color: blue;\">dmihail@uaic.ro)<\/span><\/p>\n<\/div>\n<p>&nbsp;<\/p>\n<p><!-- ++++++++++++++++++++++++++++++++++++++++++++++++++++++++++++++++++++++++++++++++++++ --><\/p>\n<div class=\"colorbox\" style=\"background-color: #e6e6e6;\">\n<p>DAAD (Deutscher Akademischer Austausch Dienst \/ Serviciul German de Schimb Academic) are \u0219i anul acesta o ofert\u0103 atractiv\u0103 de <b>burse pentru doctoranzi, cercet\u0103tori \u0219i cadre didactice<\/b>.<\/p>\n<p>Am dori s\u0103 v\u0103 atragem aten\u021bia \u00eendeosebi asupra urm\u0103toarelor programe de burse:<\/p>\n<ul>\n<li><a href=\"https:\/\/www.daad.de\/deutschland\/stipendium\/datenbank\/en\/21148-scholarship-database\/?status=4&amp;origin=10&amp;subjectGrps=&amp;daad=1&amp;q=&amp;page=1&amp;detail=50015434\">Burse de cercetare pentru doctoranzi \u0219i tineri cercet\u0103tori<\/a> \u2013 Burse de scurt\u0103 durata (1 &#8211; 6 luni)<\/li>\n<li><a href=\"https:\/\/www.daad.de\/deutschland\/stipendium\/datenbank\/en\/21148-scholarship-database\/?status=5&amp;origin=10&amp;subjectGrps=&amp;daad=1&amp;q=&amp;page=1&amp;detail=50015456\">Stagii de cercetare pentru cadre didactice \u0219i cercet\u0103tori<\/a> (1-3 luni)<\/li>\n<li><a href=\"https:\/\/www.daad.de\/deutschland\/stipendium\/datenbank\/en\/21148-scholarship-database\/?status=5&amp;origin=10&amp;subjectGrps=&amp;daad=1&amp;q=&amp;page=1&amp;detail=50015492\">Program de reinvitare pentru fo\u0219ti bursieri<\/a> (1-3 luni)<\/li>\n<li><a href=\"https:\/\/www.daad.de\/deutschland\/stipendium\/datenbank\/en\/21148-scholarship-database\/?status=5&amp;origin=10&amp;subjectGrps=&amp;daad=1&amp;q=&amp;page=2&amp;detail=50110016\">Burse pentru arti\u0219ti \u0219i arhitec\u021bi<\/a> &#8211; Stagii de lucru pentru cadre didactice universitare (1-3 luni)<\/li>\n<\/ul>\n<p>Data limita de aplicare pentru toate cele patru programe este:<\/p>\n<ul style=\"list-style-type: none;\">\n<li>01.05.2018 pentru stagii care \u00eencep \u00eentre decembrie 2018 \u2013 mai 2019<\/li>\n<\/ul>\n<p>Candida\u021bii trebuie s\u0103 fac\u0103 dovada unui accept de \u00eendrumare \/ invita\u021bie la o institu\u021bie de \u00eenv\u0103\u021b\u0103m\u00e2nt superior \/ institut de cercetare din Germania. Contactul trebuie stabilit de candida\u021bi; DAAD nu intermediaz\u0103 locuri de cercetare.<\/p>\n<p>Sunt finan\u021bate stagii de cercetare \u00een limba engleza. \u00cen acest caz, limba in care se desf\u0103\u0219oar\u0103 proiectul de cercetare trebuie s\u0103 fie men\u021bionat\u0103 \u00een scrisoarea de invita\u021bie.<\/p>\n<p>Bursele DAAD sunt compatibile cu alte burse, finan\u021bate de statul rom\u00e2n. \u00cen aceste cazuri se \u021bine cont de anumite prevederi.<\/p>\n<p>Pentru detalii suplimentare pute\u021bi contacta biroul DAAD la <span style=\"color: blue;\">info@daad.ro<\/span>.<\/p>\n<\/div>\n","protected":false},"excerpt":{"rendered":"<p>University of Konstanz, Germany \u2013 Fellowships at the Zukunftskolleg: &#8211; 3 positions for 2-year Postdoctoral Fellowship &amp; 3 positions for 5-year Research Fellowship The Zukunftskolleg has just opened its 16th call for applications for Research Fellowships and Postdoctoral Fellowships. Postdoctoral Fellowships (three positions) We invite researchers in the early stages of their careers who plan to develop and\u2026 <span class=\"read-more\"><a href=\"https:\/\/www.phys.uaic.ro\/index.php\/cercetare\/burse-cercetare\/\">Read More &raquo;<\/a><\/span><\/p>\n","protected":false},"author":3,"featured_media":0,"parent":50,"menu_order":0,"comment_status":"closed","ping_status":"closed","template":"","meta":{"footnotes":""},"class_list":["post-3657","page","type-page","status-publish","hentry"],"_links":{"self":[{"href":"https:\/\/www.phys.uaic.ro\/index.php\/wp-json\/wp\/v2\/pages\/3657","targetHints":{"allow":["GET"]}}],"collection":[{"href":"https:\/\/www.phys.uaic.ro\/index.php\/wp-json\/wp\/v2\/pages"}],"about":[{"href":"https:\/\/www.phys.uaic.ro\/index.php\/wp-json\/wp\/v2\/types\/page"}],"author":[{"embeddable":true,"href":"https:\/\/www.phys.uaic.ro\/index.php\/wp-json\/wp\/v2\/users\/3"}],"replies":[{"embeddable":true,"href":"https:\/\/www.phys.uaic.ro\/index.php\/wp-json\/wp\/v2\/comments?post=3657"}],"version-history":[{"count":0,"href":"https:\/\/www.phys.uaic.ro\/index.php\/wp-json\/wp\/v2\/pages\/3657\/revisions"}],"up":[{"embeddable":true,"href":"https:\/\/www.phys.uaic.ro\/index.php\/wp-json\/wp\/v2\/pages\/50"}],"wp:attachment":[{"href":"https:\/\/www.phys.uaic.ro\/index.php\/wp-json\/wp\/v2\/media?parent=3657"}],"curies":[{"name":"wp","href":"https:\/\/api.w.org\/{rel}","templated":true}]}}