{"id":507,"date":"2018-02-16T12:55:47","date_gmt":"2018-02-16T12:55:47","guid":{"rendered":"http:\/\/www.phys.uaic.ro\/?page_id=507"},"modified":"2020-11-18T11:43:34","modified_gmt":"2020-11-18T11:43:34","slug":"dumitru-luca-admitere","status":"publish","type":"page","link":"https:\/\/www.phys.uaic.ro\/index.php\/scoala-doctorala\/conducatori-doctorat\/dumitru-luca-admitere\/","title":{"rendered":"Prof. Dr. Dumitru LUCA &#8211; admitere doctorat"},"content":{"rendered":"<p><b>Tematica admiterii la doctorat:<\/b><\/p>\n<ol>\n<li>Fenomene superficiale. Tensiunea superficial\u0103, capilaritate. Unghi de contact.<\/li>\n<li>Procese fizice la interfa\u021ba plasm\u0103-solid.<\/li>\n<li>Semiconductori intrinseci\/extrinseci. Heterojonc\u021biuni semiconductoare.<\/li>\n<li>Straturi sub\u021biri. Metode de preparare.<\/li>\n<li>Metode fizice de caracterizare optic\u0103, structural\u0103, morfologic\u0103 \u0219i elemental\u0103 a materialelor cu dimensionalitate redus\u0103.<\/li>\n<\/ol>\n<p><b>Bibliografie<\/b><\/p>\n<ol>\n<li>M. A. Lieberman, A. J. Lichtenberg, <i>Principles of plasma discharges and materials processing<\/i>, John Wiley &#038; Sons, 2005<\/li>\n<li>I. Georgescu, I. Petrea, D. Bor\u0219an, <i>Fizica st\u0103rii lichide<\/i>, Ed. Didactic\u0103 \u0219i Pedagogic\u0103, Bucure\u0219ti, 1982<\/li>\n<li>I. D. Bursuc, N. Suli\u021banu, <i>Solidul. Fenomene, teorii, aplica\u021bii<\/i>, Ed. \u0218tiin\u021bific\u0103 Bucure\u0219ti, 1991<\/li>\n<li>R. R. Willey, <i>Practical design and production of optical thin films<\/i>, Marcel Dekker, New York, Basel, 2002<\/li>\n<li>K. Wasa, M. Kitabatake, H. Adachi, <i>Thin film materials technology<\/i>, Springer, 2004<\/li>\n<li>http:\/\/static.ifp.tuwien.ac.at\/homepages\/Personen\/duenne_schichten\/pdf\/t_p_ds_chapter4.pdf<\/li>\n<\/ol>\n","protected":false},"excerpt":{"rendered":"<p>Tematica admiterii la doctorat: Fenomene superficiale. Tensiunea superficial\u0103, capilaritate. Unghi de contact. Procese fizice la interfa\u021ba plasm\u0103-solid. Semiconductori intrinseci\/extrinseci. Heterojonc\u021biuni semiconductoare. Straturi sub\u021biri. Metode de preparare. Metode fizice de caracterizare optic\u0103, structural\u0103, morfologic\u0103 \u0219i elemental\u0103 a materialelor cu dimensionalitate redus\u0103. Bibliografie M. A. Lieberman, A. J. Lichtenberg, Principles of plasma discharges and materials processing, John Wiley &#038; Sons,\u2026 <span class=\"read-more\"><a href=\"https:\/\/www.phys.uaic.ro\/index.php\/scoala-doctorala\/conducatori-doctorat\/dumitru-luca-admitere\/\">Read More &raquo;<\/a><\/span><\/p>\n","protected":false},"author":3,"featured_media":0,"parent":150,"menu_order":0,"comment_status":"closed","ping_status":"closed","template":"","meta":{"footnotes":""},"class_list":["post-507","page","type-page","status-publish","hentry"],"_links":{"self":[{"href":"https:\/\/www.phys.uaic.ro\/index.php\/wp-json\/wp\/v2\/pages\/507","targetHints":{"allow":["GET"]}}],"collection":[{"href":"https:\/\/www.phys.uaic.ro\/index.php\/wp-json\/wp\/v2\/pages"}],"about":[{"href":"https:\/\/www.phys.uaic.ro\/index.php\/wp-json\/wp\/v2\/types\/page"}],"author":[{"embeddable":true,"href":"https:\/\/www.phys.uaic.ro\/index.php\/wp-json\/wp\/v2\/users\/3"}],"replies":[{"embeddable":true,"href":"https:\/\/www.phys.uaic.ro\/index.php\/wp-json\/wp\/v2\/comments?post=507"}],"version-history":[{"count":0,"href":"https:\/\/www.phys.uaic.ro\/index.php\/wp-json\/wp\/v2\/pages\/507\/revisions"}],"up":[{"embeddable":true,"href":"https:\/\/www.phys.uaic.ro\/index.php\/wp-json\/wp\/v2\/pages\/150"}],"wp:attachment":[{"href":"https:\/\/www.phys.uaic.ro\/index.php\/wp-json\/wp\/v2\/media?parent=507"}],"curies":[{"name":"wp","href":"https:\/\/api.w.org\/{rel}","templated":true}]}}