{"id":60,"date":"2018-02-14T08:39:40","date_gmt":"2018-02-14T08:39:40","guid":{"rendered":"http:\/\/www.phys.uaic.ro\/?page_id=60"},"modified":"2021-02-22T11:15:48","modified_gmt":"2021-02-22T11:15:48","slug":"studii","status":"publish","type":"page","link":"https:\/\/www.phys.uaic.ro\/index.php\/studii\/","title":{"rendered":"Studii"},"content":{"rendered":"<ul style=\"list-style-type: none;\">\n<li><a href=\"http:\/\/www.phys.uaic.ro\/index.php\/studii\/planuri-invatamant-licenta\">Planuri de \u00eenv\u0103\u021b\u0103m\u00e2nt licen\u021b\u0103<\/a><\/li>\n<li><a href=\"http:\/\/www.phys.uaic.ro\/index.php\/studii\/planuri-invatamant-master\">Planuri de \u00eenv\u0103\u021b\u0103m\u00e2nt master<\/a><\/li>\n<li><a href=\"http:\/\/www.phys.uaic.ro\/index.php\/studii\/fise-discipline-licenta\">Fi\u0219e discipline licen\u021b\u0103<\/a><\/li>\n<li><a href=\"http:\/\/www.phys.uaic.ro\/index.php\/studii\/fise-discipline-master\">Fi\u0219e discipline master<\/a><\/li>\n<\/ul>\n","protected":false},"excerpt":{"rendered":"<p>Planuri de \u00eenv\u0103\u021b\u0103m\u00e2nt licen\u021b\u0103 Planuri de \u00eenv\u0103\u021b\u0103m\u00e2nt master Fi\u0219e discipline licen\u021b\u0103 Fi\u0219e discipline master<\/p>\n","protected":false},"author":3,"featured_media":0,"parent":0,"menu_order":0,"comment_status":"closed","ping_status":"closed","template":"","meta":{"footnotes":""},"class_list":["post-60","page","type-page","status-publish","hentry"],"_links":{"self":[{"href":"https:\/\/www.phys.uaic.ro\/index.php\/wp-json\/wp\/v2\/pages\/60","targetHints":{"allow":["GET"]}}],"collection":[{"href":"https:\/\/www.phys.uaic.ro\/index.php\/wp-json\/wp\/v2\/pages"}],"about":[{"href":"https:\/\/www.phys.uaic.ro\/index.php\/wp-json\/wp\/v2\/types\/page"}],"author":[{"embeddable":true,"href":"https:\/\/www.phys.uaic.ro\/index.php\/wp-json\/wp\/v2\/users\/3"}],"replies":[{"embeddable":true,"href":"https:\/\/www.phys.uaic.ro\/index.php\/wp-json\/wp\/v2\/comments?post=60"}],"version-history":[{"count":0,"href":"https:\/\/www.phys.uaic.ro\/index.php\/wp-json\/wp\/v2\/pages\/60\/revisions"}],"wp:attachment":[{"href":"https:\/\/www.phys.uaic.ro\/index.php\/wp-json\/wp\/v2\/media?parent=60"}],"curies":[{"name":"wp","href":"https:\/\/api.w.org\/{rel}","templated":true}]}}