{"id":6553,"date":"2019-04-24T13:05:51","date_gmt":"2019-04-24T13:05:51","guid":{"rendered":"http:\/\/www.phys.uaic.ro\/?page_id=6553"},"modified":"2024-10-25T13:02:19","modified_gmt":"2024-10-25T10:02:19","slug":"teodorescu-soare-claudia-teodora-doctorat","status":"publish","type":"page","link":"https:\/\/www.phys.uaic.ro\/index.php\/scoala-doctorala\/sustineri-teze-doctorat\/teodorescu-soare-claudia-teodora-doctorat\/","title":{"rendered":"Sus\u021binerea tezei de doctorat a drd. Teodorescu-Soare Claudia-Teodora pe 22.05.2019"},"content":{"rendered":"<p>&nbsp;<\/p>\n<p>La data de 22.05.2019, ora 10:00, \u00een Amfiteatrul IV-13, dna TEODORESCU-SOARE CLAUDIA-TEODORA va sus\u0163ine, \u00een \u015fedin\u0163\u0103 public\u0103, teza de doctorat cu titlul<\/p>\n<p><b>CONTRIBU\u021aII LA STUDIUL FENOMENELOR DE SUPRAFA\u021a\u0102 ALE UNOR MATERIALE NANOSTRUCTURATE UNIDIMENSIONALE PE BAZ\u0102 DE OXID DE TITAN OB\u021aINUTE PRIN ANODIZARE<\/b><\/p>\n<p>\u00een vederea ob\u0163inerii titlului \u015ftiin\u0163ific de doctor \u00een domeniul Fizic\u0103.<\/p>\n<p>CV Teodorescu-Soare Claudia-Teodora<\/p>\n<p>Comisia de doctorat are urm\u0103toarea componen\u0163\u0103:<\/p>\n<ul>\n<li><b>Pre\u015fedinte<\/b>:\n<ul>\n<li>Prof. univ. Dr. Diana Mihaela Mardare, Facultatea de Fizic\u0103, Universitatea Alexandru Ioan Cuza din Ia\u0219i [ <a href=\"https:\/\/www.phys.uaic.ro\/wp-content\/uploads\/2023\/09\/MARDARE-Diana_CV_RO.pdf\" target=\"_blank\" rel=\"noopener\">CV<\/a> ]<\/li>\n<\/ul>\n<\/li>\n<\/ul>\n<ul>\n<li><b>Conduc\u0103tor \u015ftiin\u0163ific<\/b>:\n<ul>\n<li>Prof. univ. emerit Dr. Dumitru Luca, Facultatea de Fizic\u0103, Universitatea Alexandru Ioan Cuza, Ia\u015fi [ <a href=\"https:\/\/www.phys.uaic.ro\/wp-content\/uploads\/2022\/03\/CV-D.-LUCA.pdf\" target=\"_blank\" rel=\"noopener\">CV<\/a> ]<\/li>\n<\/ul>\n<\/li>\n<\/ul>\n<ul>\n<li><b>Referen\u0163i<\/b>:\n<ul>\n<li>Prof. univ. emerit Dr. \u0218tefan Antohe, Facultatea de Fizic\u0103, Universitatea din Bucure\u015fti [<a href=\"https:\/\/www.phys.uaic.ro\/wp-content\/uploads\/2022\/05\/Prof_Stefan_ANTOHE_CV.pdf\" target=\"_blank\" rel=\"noopener\"> CV<\/a> ]<\/li>\n<li>C.S.I dr. Horia Chiriac, Institutul Na\u021bional de Cercetare-Dezvoltare pentru Fizic\u0103 Tehnic\u0103 &#8211; IFT Ia\u015fi [ <a href=\"https:\/\/www.phys.uaic.ro\/wp-content\/uploads\/2023\/09\/CV-Horia-Chiriac.pdf\" target=\"_blank\" rel=\"noopener\">CV<\/a> ]<\/li>\n<li>Conf. univ. dr. Cezar Catrinescu, Facultatea de Inginerie Chimic\u0103 \u015fi Protec\u021bia Mediului, Universitatea Tehnic\u0103 Gheorghe Asachi din Ia\u015fi [ CV ]<\/li>\n<\/ul>\n<\/li>\n<\/ul>\n<p>Teza poate fi consultat\u0103 la Biblioteca Facult\u0103\u0163ii de Fizic\u0103.<\/p>\n<p>Rezumatul tezei de doctorat<\/p>\n","protected":false},"excerpt":{"rendered":"<p>&nbsp; La data de 22.05.2019, ora 10:00, \u00een Amfiteatrul IV-13, dna TEODORESCU-SOARE CLAUDIA-TEODORA va sus\u0163ine, \u00een \u015fedin\u0163\u0103 public\u0103, teza de doctorat cu titlul CONTRIBU\u021aII LA STUDIUL FENOMENELOR DE SUPRAFA\u021a\u0102 ALE UNOR MATERIALE NANOSTRUCTURATE UNIDIMENSIONALE PE BAZ\u0102 DE OXID DE TITAN OB\u021aINUTE PRIN ANODIZARE \u00een vederea ob\u0163inerii titlului \u015ftiin\u0163ific de doctor \u00een domeniul Fizic\u0103. CV Teodorescu-Soare Claudia-Teodora Comisia de\u2026 <span class=\"read-more\"><a href=\"https:\/\/www.phys.uaic.ro\/index.php\/scoala-doctorala\/sustineri-teze-doctorat\/teodorescu-soare-claudia-teodora-doctorat\/\">Read More &raquo;<\/a><\/span><\/p>\n","protected":false},"author":3,"featured_media":0,"parent":158,"menu_order":0,"comment_status":"closed","ping_status":"closed","template":"","meta":{"footnotes":""},"class_list":["post-6553","page","type-page","status-publish","hentry"],"_links":{"self":[{"href":"https:\/\/www.phys.uaic.ro\/index.php\/wp-json\/wp\/v2\/pages\/6553","targetHints":{"allow":["GET"]}}],"collection":[{"href":"https:\/\/www.phys.uaic.ro\/index.php\/wp-json\/wp\/v2\/pages"}],"about":[{"href":"https:\/\/www.phys.uaic.ro\/index.php\/wp-json\/wp\/v2\/types\/page"}],"author":[{"embeddable":true,"href":"https:\/\/www.phys.uaic.ro\/index.php\/wp-json\/wp\/v2\/users\/3"}],"replies":[{"embeddable":true,"href":"https:\/\/www.phys.uaic.ro\/index.php\/wp-json\/wp\/v2\/comments?post=6553"}],"version-history":[{"count":0,"href":"https:\/\/www.phys.uaic.ro\/index.php\/wp-json\/wp\/v2\/pages\/6553\/revisions"}],"up":[{"embeddable":true,"href":"https:\/\/www.phys.uaic.ro\/index.php\/wp-json\/wp\/v2\/pages\/158"}],"wp:attachment":[{"href":"https:\/\/www.phys.uaic.ro\/index.php\/wp-json\/wp\/v2\/media?parent=6553"}],"curies":[{"name":"wp","href":"https:\/\/api.w.org\/{rel}","templated":true}]}}