{"id":7537,"date":"2019-10-03T07:59:57","date_gmt":"2019-10-03T07:59:57","guid":{"rendered":"http:\/\/www.phys.uaic.ro\/?page_id=7537"},"modified":"2025-04-30T15:28:41","modified_gmt":"2025-04-30T12:28:41","slug":"tabere","status":"publish","type":"page","link":"https:\/\/www.phys.uaic.ro\/index.php\/studenti\/burse-tabere\/tabere\/","title":{"rendered":"Tabere"},"content":{"rendered":"<blockquote class=\"wp-embedded-content\" data-secret=\"4Vctzrd57N\"><p><a href=\"https:\/\/www.phys.uaic.ro\/index.php\/tabere-2025\/\">Tabere 2025<\/a><\/p><\/blockquote>\n<p><iframe loading=\"lazy\" class=\"wp-embedded-content\" sandbox=\"allow-scripts\" security=\"restricted\" style=\"position: absolute; visibility: hidden;\" title=\"&#8222;Tabere 2025&#8221; &#8211; Facultatea de Fizic\u0103\" src=\"https:\/\/www.phys.uaic.ro\/index.php\/tabere-2025\/embed\/#?secret=KHvbQCdbRB#?secret=4Vctzrd57N\" data-secret=\"4Vctzrd57N\" width=\"600\" height=\"338\" frameborder=\"0\" marginwidth=\"0\" marginheight=\"0\" scrolling=\"no\"><\/iframe><\/p>\n<header class=\"entry-header\">\n<h1 class=\"entry-title\"><span style=\"font-size: 18pt;\">Tabere studen\u021be\u0219ti 2024<\/span><\/h1>\n<\/header>\n<p><a href=\"https:\/\/www.phys.uaic.ro\/wp-content\/uploads\/2024\/06\/2024.06.27_tabere_distribuire_locatii_perioade.pdf\" target=\"_blank\" rel=\"noopener\"><span style=\"color: #ff0000; font-size: 14pt;\"><em><strong> Distribuirea locurilor de tabere pe locatii si perioade<\/strong><\/em><\/span><\/a><\/p>\n<p><span style=\"font-size: 14pt;\"><a href=\"https:\/\/www.phys.uaic.ro\/wp-content\/uploads\/2024\/06\/Lista-studentilor-care-au-depus-cerere-pentru-tabere-gratuite-2024.pdf\" target=\"_blank\" rel=\"noopener\"><em><strong><span style=\"color: #ff0000;\"><span style=\"color: #0000ff;\">Lista studen\u0163ilor care au depus cereri de tab\u0103r\u0103<\/span><\/span><\/strong><\/em><\/a><\/span><\/p>\n<p>&nbsp;<\/p>\n<div class=\"entry-content\">\n<p><span style=\"color: #000000;\"><strong>Depunerea cererilor<\/strong> pentru solicitarea unui loc de tab\u0103r\u0103 se face astfel:<\/span><\/p>\n<p><span style=\"color: #000000;\">\u2013 la secretariatul facult\u0103\u0163ii, \u00een perioada <strong><u>27 mai \u2013 7 iunie 2024<\/u><\/strong>;<\/span><\/p>\n<p><span style=\"color: #000000;\">\u2013 prin email, la adresa <strong>fizica@uaic.ro<\/strong>, \u00een perioada <strong><u>27 mai \u2013 7 iunie 2024<\/u><\/strong>;<\/span><\/p>\n<p>&nbsp;<\/p>\n<p><span style=\"color: #000000;\"><strong><a style=\"color: #000000;\" href=\"https:\/\/www.phys.uaic.ro\/wp-content\/uploads\/2024\/05\/Calendar-tabere-studentesti-vara-2024.pdf\" target=\"_blank\" rel=\"noopener\"><em>Calendarul activit\u0103\u0163ilor pentru repartizarea locurilor de tab\u0103r\u0103<\/em><\/a><\/strong><em>:<\/em><\/span><\/p>\n<p>27.05 \u2013 7.06.2024 -perioada de depunere a cererilor<\/p>\n<p>10 iunie 2024 \u2013 afi\u015farea listelor cu studen\u0163ii care au depus cereri de tab\u0103r\u0103<\/p>\n<p>12 iunie 2024 \u2013 afi\u015farea procesului verbal \u00eentocmit de c\u0103tre comisia de selec\u0163ie,\u00a0 cuprinz\u00e2nd studen\u0163ii beneficiari de tabere<\/p>\n<p>13 \u2013 14 iunie 2024 \u2013 perioada de depunere a contesta\u021biilor<\/p>\n<p>18 iunie 2024 \u2013 afi\u015farea listelor finale cu studen\u0163ii beneficiari de tab\u0103r\u0103, dup\u0103 solu\u0163ionarea eventualelor contesta\u0163ii<\/p>\n<p>25 iunie 2024 \u2013 Casele de Cultur\u0103 Studen\u0163e\u015fti \u015fi Complexul Cultural Sportiv Studen\u0163esc \u201eTei\u201d transmit c\u0103tre universit\u0103\u0163i adrese referitoare la: denumirea loca\u0163iilor de tab\u0103r\u0103, seriile, num\u0103rul de locuri<\/p>\n<p>26-27 iunie 2024 \u2013 \u00eent\u00e2lnirea comisiilor de selec\u0163ie cu beneficiarii locurilor de tab\u0103r\u0103, \u00een vederea alegerii uneia dintre loca\u0163iile disponibile. Studen\u0163ii vor avea asupra lor at\u00e2t carnetul de student, vizat la zi, c\u00e2t \u015fi C.I. (original \u015fi copie)<\/p>\n<p>27 iunie 2024 \u2013 afi\u015farea pe site a listelor cu studen\u0163ii beneficiari de tabere, a listelor de rezerv\u0103, precum \u015fi a loca\u0163iilor \u015fi perioadelor aferente.<\/p>\n<p>&nbsp;<\/p>\n<p>Beneficiarii de locuri gratuite \u00een tabere studen\u0163e\u015fti, \u00een perioada vacan\u0163ei de var\u0103 2024, \u00een limita fondurilor bugetare aprobate \u015fi a num\u0103rului de locuri aferente pe universit\u0103\u0163i, sunt studen\u0163ii care \u00eendeplinesc cumulativ urm\u0103toarele condi\u0163ii:<\/p>\n<ol>\n<li>sunt \u00eenmatricula\u0163i la forma de \u00eenv\u0103\u0163\u0103m\u00e2nt cu frecven\u0163\u0103 \u00een anul universitar 2023-2024 la programul de studii de la ciclurile de licen\u0163\u0103, masterat \u0219i doctorat;<\/li>\n<li>sunt\u00a0<strong>integrali\u015fti<\/strong> (studen\u0163ii care au promovat examenele la toate disciplinele de studiu din anul anterior de \u015fcolarizare 2022-2023; \u00een cazul studen\u0163ilor \u00eenscri\u015fi \u00een anul I de \u015fcolarizare, studen\u0163ii care sunt integrali\u015fti pe semestrul 1 din anul \u00een curs de \u015fcolarizare 2023-2024);<\/li>\n<li>\u00a0sunt studen\u0163i cu\u00a0<strong>v\u00e2rsta de p\u00e2n\u0103 la 35 de ani<\/strong>.<\/li>\n<\/ol>\n<p>\u00cen cazul categoriilor de studen\u021bi cazuri sociale \u0219i studen\u021bi care activeaz\u0103 \u00een cadrul CCS\/CCSS Tei \u0219i ai Federa\u021biilor Studen\u021be\u0219ti, criteriul de student integralist nu se aplic\u0103, ierarhizarea acestora f\u0103c\u00e2ndu-se exclusiv pe baza criteriilor sociale, respectiv a criteriilor de selec\u021bie specifice.<\/p>\n<p>Studen\u021bii care se afl\u0103 \u00een an terminal pot beneficia de loc gratuit \u00een taberele studen\u021be\u0219ti, chiar dac\u0103 au sus\u021binut toate examenele privind finalizarea studiilor.<\/p>\n<p>&nbsp;<\/p>\n<p>Desf\u0103\u0219urarea procedurilor de informare, \u00eenscriere, selec\u021bie \u0219i definitivarea listelor cu studen\u021bii beneficiari: <strong>27.05-05.07.2024<\/strong><\/p>\n<p>&nbsp;<\/p>\n<p><strong>Serii de cazare:<\/strong><\/p>\n<ul>\n<li>Seria I \u2013 14.07 \u2013 19.07.2024<\/li>\n<li>Seria II \u201319.07 &#8211; 24.07.2024<\/li>\n<li>Seria III \u2013 24.07 \u2013 29.07.2024<\/li>\n<li>Seria IV \u2013 29.07 \u2013 03.08.2024<\/li>\n<li>Seria V \u2013 03.08 \u2013 08.08.2024<\/li>\n<li>Seria VI \u2013 08.08 \u2013 13.08.2024<\/li>\n<li>Seria VII \u2013 13.08 \u2013 18.08.2024<\/li>\n<li>Seria VIII \u2013 18.08 \u2013 23.08.2024<\/li>\n<li>Seria IX \u2013 23.08 \u2013 28.08.2024<\/li>\n<li>Seria X &#8211; 28.08 &#8211; 02.09.2024<\/li>\n<\/ul>\n<p><a href=\"https:\/\/www.phys.uaic.ro\/wp-content\/uploads\/2024\/05\/Adresa-tabere-studentesti-de-vara-2024.pdf\" target=\"_blank\" rel=\"noopener\">Adresa tabere studen\u021be\u0219ti de var\u0103 2024<\/a><\/p>\n<p><a href=\"https:\/\/www.phys.uaic.ro\/wp-content\/uploads\/2024\/05\/nota-informare.pdf\" target=\"_blank\" rel=\"noopener\">Nota informare<\/a><\/p>\n<p><a href=\"https:\/\/www.phys.uaic.ro\/wp-content\/uploads\/2024\/05\/Metodologie-tabere-studentesti-2024.pdf\" target=\"_blank\" rel=\"noopener\">Metodologia privind organizarea taberelor studentesti 2024<\/a><\/p>\n<p><a href=\"https:\/\/www.phys.uaic.ro\/wp-content\/uploads\/2024\/05\/Repartizare-numar-locuri-tabere-pe-facultati.pdf\" target=\"_blank\" rel=\"noopener\">Repartizarea num\u0103rului de locuri pe facult\u0103\u021bi<\/a><\/p>\n<p><a href=\"https:\/\/www.phys.uaic.ro\/wp-content\/uploads\/2024\/05\/ANEXA-2-Situatie-Locuri-pe-CCS-2024-tabere-vara.pdf\">ANEXA 2 Situatie Locuri pe CCS 2024<\/a><\/p>\n<p><a href=\"https:\/\/www.phys.uaic.ro\/wp-content\/uploads\/2024\/05\/cerere-declaratie.pdf\" target=\"_blank\" rel=\"noopener\">Model cerere<\/a><\/p>\n<p>&nbsp;<\/p>\n<\/div>\n<blockquote class=\"wp-embedded-content\" data-secret=\"IWdqp2jd3J\"><p><a href=\"https:\/\/www.phys.uaic.ro\/index.php\/tabere-iarna-2024\/\">Tabere IARN\u0102 2024<\/a><\/p><\/blockquote>\n<p><iframe loading=\"lazy\" class=\"wp-embedded-content\" sandbox=\"allow-scripts\" security=\"restricted\" style=\"position: absolute; visibility: hidden;\" title=\"&#8222;Tabere IARN\u0102 2024&#8221; &#8211; Facultatea de Fizic\u0103\" src=\"https:\/\/www.phys.uaic.ro\/index.php\/tabere-iarna-2024\/embed\/#?secret=DLGbnk2H6K#?secret=IWdqp2jd3J\" data-secret=\"IWdqp2jd3J\" width=\"600\" height=\"338\" frameborder=\"0\" marginwidth=\"0\" marginheight=\"0\" scrolling=\"no\"><\/iframe><\/p>\n<p>&nbsp;<\/p>\n<blockquote class=\"wp-embedded-content\" data-secret=\"4sDJwoGy21\"><p><a href=\"https:\/\/www.phys.uaic.ro\/index.php\/tabere-studentesti-2023\/\">Tabere studen\u021be\u0219ti 2023<\/a><\/p><\/blockquote>\n<p><iframe loading=\"lazy\" class=\"wp-embedded-content\" sandbox=\"allow-scripts\" security=\"restricted\" style=\"position: absolute; visibility: hidden;\" title=\"&#8222;Tabere studen\u021be\u0219ti 2023&#8221; &#8211; Facultatea de Fizic\u0103\" src=\"https:\/\/www.phys.uaic.ro\/index.php\/tabere-studentesti-2023\/embed\/#?secret=490KGQl3qD#?secret=4sDJwoGy21\" data-secret=\"4sDJwoGy21\" width=\"600\" height=\"338\" frameborder=\"0\" marginwidth=\"0\" marginheight=\"0\" scrolling=\"no\"><\/iframe><\/p>\n<h2><span style=\"color: #ff0000;\">Tabere\u00a0 vara 2022<\/span><\/h2>\n<p><em><a href=\"https:\/\/www.phys.uaic.ro\/wp-content\/uploads\/2022\/08\/centralizator_tabere_fizica_2021-2022.jpg\"><span style=\"color: #ff0000;\">Centralizatorul borderourilor cu studen\u021bii beneficiari ai locurilor de tab\u0103r\u0103 \u00een anul universitar 2021\/2022 <\/span><\/a><\/em><\/p>\n<p><span style=\"color: #003366;\">Studen\u021bii beneficiari de tab\u0103r\u0103 se vor prezenta direct la loca\u021bia repartizat\u0103 cu CI \u0219i carnetul de student vizat pe anul universitar 2021\/2022.<\/span><\/p>\n<p>&nbsp;<\/p>\n<p>Studen\u021bii care doresc ocuparea unui loc gratuit \u00een taberele studen\u021be\u0219ti pot depune cererea de solicitare a unui loc de tab\u0103r\u0103 \u00een perioada <span style=\"color: #ff0000;\"><em><strong>5-10 iulie 2022,\u00a0<\/strong><\/em><span style=\"color: #000000;\">la secretariatul facult\u0103\u021bii sau pe email:<span style=\"color: #ff0000;\"> fizica@uaic.ro.<\/span><\/span><\/span><\/p>\n<p><a href=\"https:\/\/www.phys.uaic.ro\/wp-content\/uploads\/2022\/07\/Metodologie-tabere-studentesti-2022.pdf\">Metodologia privind organizarea taberelor studentesti 2022<\/a><\/p>\n<p><a href=\"https:\/\/www.phys.uaic.ro\/wp-content\/uploads\/2022\/07\/cerere_tabere_2022.pdf\">Model cerere tabere<\/a><\/p>\n<p>&nbsp;<\/p>\n<div id=\"concurs-conferentiar-28-2020\" class=\"colorbox\" style=\"background-color: #e6e6e6;\">\n<h3>Tabere vara 2021<\/h3>\n<p><a href=\"https:\/\/www.phys.uaic.ro\/wp-content\/uploads\/2024\/11\/regulament-tabere-2021.pdf\" target=\"_blank\" rel=\"noopener\">Metodologia privind organizarea taberelor studentesti\u00a0<\/a><\/p>\n<p><a href=\"https:\/\/www.phys.uaic.ro\/wp-content\/uploads\/2024\/11\/liste-finale-beneficiari-tabere-2021.pdf\">Liste finale beneficiari tabere 2021<\/a><\/p>\n<p><a href=\"https:\/\/www.phys.uaic.ro\/wp-content\/uploads\/2024\/11\/pv-selectie-tabere_2021.pdf\">PV selectie tabere_2021<\/a><\/p>\n<p>Cererile trebuie trimise prin email la adresa <span style=\"color: blue;\">fizica@uaic.ro<\/span> in perioada <span style=\"color: red;\">6- 11 iulie 2021<\/span>.<\/p>\n<\/div>\n","protected":false},"excerpt":{"rendered":"<p>Tabere 2025 Tabere studen\u021be\u0219ti 2024 Distribuirea locurilor de tabere pe locatii si perioade Lista studen\u0163ilor care au depus cereri de tab\u0103r\u0103 &nbsp; Depunerea cererilor pentru solicitarea unui loc de tab\u0103r\u0103 se face astfel: \u2013 la secretariatul facult\u0103\u0163ii, \u00een perioada 27 mai \u2013 7 iunie 2024; \u2013 prin email, la adresa fizica@uaic.ro, \u00een perioada 27 mai \u2013 7 iunie\u2026 <span class=\"read-more\"><a href=\"https:\/\/www.phys.uaic.ro\/index.php\/studenti\/burse-tabere\/tabere\/\">Read More &raquo;<\/a><\/span><\/p>\n","protected":false},"author":3,"featured_media":0,"parent":11617,"menu_order":0,"comment_status":"closed","ping_status":"closed","template":"","meta":{"footnotes":""},"class_list":["post-7537","page","type-page","status-publish","hentry"],"_links":{"self":[{"href":"https:\/\/www.phys.uaic.ro\/index.php\/wp-json\/wp\/v2\/pages\/7537","targetHints":{"allow":["GET"]}}],"collection":[{"href":"https:\/\/www.phys.uaic.ro\/index.php\/wp-json\/wp\/v2\/pages"}],"about":[{"href":"https:\/\/www.phys.uaic.ro\/index.php\/wp-json\/wp\/v2\/types\/page"}],"author":[{"embeddable":true,"href":"https:\/\/www.phys.uaic.ro\/index.php\/wp-json\/wp\/v2\/users\/3"}],"replies":[{"embeddable":true,"href":"https:\/\/www.phys.uaic.ro\/index.php\/wp-json\/wp\/v2\/comments?post=7537"}],"version-history":[{"count":0,"href":"https:\/\/www.phys.uaic.ro\/index.php\/wp-json\/wp\/v2\/pages\/7537\/revisions"}],"up":[{"embeddable":true,"href":"https:\/\/www.phys.uaic.ro\/index.php\/wp-json\/wp\/v2\/pages\/11617"}],"wp:attachment":[{"href":"https:\/\/www.phys.uaic.ro\/index.php\/wp-json\/wp\/v2\/media?parent=7537"}],"curies":[{"name":"wp","href":"https:\/\/api.w.org\/{rel}","templated":true}]}}