{"id":7755,"date":"2019-11-21T10:55:38","date_gmt":"2019-11-21T10:55:38","guid":{"rendered":"http:\/\/www.phys.uaic.ro\/?page_id=7755"},"modified":"2025-01-29T11:16:58","modified_gmt":"2025-01-29T09:16:58","slug":"galai-prelipceanu-otilia-sanda-doctorat","status":"publish","type":"page","link":"https:\/\/www.phys.uaic.ro\/index.php\/scoala-doctorala\/sustineri-teze-doctorat\/galai-prelipceanu-otilia-sanda-doctorat\/","title":{"rendered":"Sus\u021binerea tezei de doctorat a drd. Galai Otilia Sanda (c\u0103s. Prelipceanu) pe 13.12.2019"},"content":{"rendered":"<p><a href=\"https:\/\/www.phys.uaic.ro\/wp-content\/uploads\/2025\/01\/Anunt-sustinere-publica-Galai-Prelipceanu.pdf\">Anunt sustinere publica Galai-Prelipceanu<\/a><\/p>\n<p>La data de 13.12.2019, ora 12:00, \u00een sala L1, dna GALAI OTILIA SANDA (c\u0103s. PRELIPCEANU) va sus\u0163ine, \u00een \u015fedin\u0163\u0103 public\u0103, teza de doctorat cu titlul<\/p>\n<p><b>CONTRIBU\u021aII LA STUDIUL DINAMICII UNOR COMPU\u0218I CHIMICI DIN TROPOSFERA \u0218I A INFLUEN\u021aEI LOR ASUPRA FENOMENELOR ATMOSFERICE \u0218I CLIMATICE DE RISC<\/b><\/p>\n<p>\u00een vederea ob\u0163inerii titlului \u015ftiin\u0163ific de doctor \u00een domeniul fundamental \u0218TIIN\u021aE EXACTE, domeniul FIZIC\u0102.<\/p>\n<p><a href=\"https:\/\/www.phys.uaic.ro\/wp-content\/uploads\/2025\/01\/CV-Otilia-Prelipceanu.pdf\" target=\"_blank\" rel=\"noopener\">CV Galai Otilia Sanda (c\u0103s. Prelipceanu)<\/a><\/p>\n<p>Comisia de doctorat are urm\u0103toarea componen\u0163\u0103:<\/p>\n<ul>\n<li><b>Pre\u015fedinte<\/b>:\n<ul>\n<li>Prof. univ. Dr. Diana Mihaela Mardare, Universitatea Alexandru Ioan Cuza din Ia\u0219i [ <a href=\"https:\/\/www.phys.uaic.ro\/wp-content\/uploads\/2023\/09\/MARDARE-Diana_CV_RO.pdf\" target=\"_blank\" rel=\"noopener\">CV<\/a> ]<\/li>\n<\/ul>\n<\/li>\n<\/ul>\n<ul>\n<li><b>Conduc\u0103tor \u015ftiin\u0163ific<\/b>:\n<ul>\n<li>Prof. univ. Dr. habil. Liviu Leontie, Universitatea Alexandru Ioan Cuza, Ia\u015fi [ <a href=\"https:\/\/www.phys.uaic.ro\/wp-content\/uploads\/2022\/05\/Prof.-Liviu-Leontie_CV_RO.pdf\" target=\"_blank\" rel=\"noopener\">CV<\/a> ]<\/li>\n<\/ul>\n<\/li>\n<\/ul>\n<ul>\n<li><b>Referen\u0163i<\/b>:\n<ul>\n<li>Prof. univ. emerit dr. \u0218tefan Antohe, Facultatea de Fizic\u0103, Universitatea din Bucure\u015fti [ <a href=\"https:\/\/www.phys.uaic.ro\/wp-content\/uploads\/2025\/01\/CV-Prof.-Antohe.pdf\" target=\"_blank\" rel=\"noopener\">CV<\/a> ]<\/li>\n<li>Prof. univ. dr. Mihai Dimian, Universitatea \u0218tefan cel Mare, Suceava [ <a href=\"https:\/\/www.phys.uaic.ro\/wp-content\/uploads\/2025\/01\/CV-Prof.-Dimian-Mihai.pdf\" target=\"_blank\" rel=\"noopener\">CV<\/a> ]<\/li>\n<li>Conf. univ. dr. habil. Silviu Octavian Gurlui, Universitatea Alexandru Ioan Cuza, Ia\u015fi [<a href=\"https:\/\/www.phys.uaic.ro\/wp-content\/uploads\/2025\/01\/CV-S.Gurlui-2019.pdf\" target=\"_blank\" rel=\"noopener\"> CV<\/a> ]<\/li>\n<\/ul>\n<\/li>\n<\/ul>\n<p>Teza poate fi consultat\u0103 la Biblioteca Facult\u0103\u0163ii de Fizic\u0103.<\/p>\n<p><a href=\"https:\/\/www.phys.uaic.ro\/wp-content\/uploads\/2025\/01\/rezumat_teza_ROVF.pdf\" target=\"_blank\" rel=\"noopener\">Rezumatul tezei de doctorat<\/a><\/p>\n","protected":false},"excerpt":{"rendered":"<p>Anunt sustinere publica Galai-Prelipceanu La data de 13.12.2019, ora 12:00, \u00een sala L1, dna GALAI OTILIA SANDA (c\u0103s. PRELIPCEANU) va sus\u0163ine, \u00een \u015fedin\u0163\u0103 public\u0103, teza de doctorat cu titlul CONTRIBU\u021aII LA STUDIUL DINAMICII UNOR COMPU\u0218I CHIMICI DIN TROPOSFERA \u0218I A INFLUEN\u021aEI LOR ASUPRA FENOMENELOR ATMOSFERICE \u0218I CLIMATICE DE RISC \u00een vederea ob\u0163inerii titlului \u015ftiin\u0163ific de doctor \u00een domeniul\u2026 <span class=\"read-more\"><a href=\"https:\/\/www.phys.uaic.ro\/index.php\/scoala-doctorala\/sustineri-teze-doctorat\/galai-prelipceanu-otilia-sanda-doctorat\/\">Read More &raquo;<\/a><\/span><\/p>\n","protected":false},"author":3,"featured_media":0,"parent":158,"menu_order":0,"comment_status":"closed","ping_status":"closed","template":"","meta":{"footnotes":""},"class_list":["post-7755","page","type-page","status-publish","hentry"],"_links":{"self":[{"href":"https:\/\/www.phys.uaic.ro\/index.php\/wp-json\/wp\/v2\/pages\/7755","targetHints":{"allow":["GET"]}}],"collection":[{"href":"https:\/\/www.phys.uaic.ro\/index.php\/wp-json\/wp\/v2\/pages"}],"about":[{"href":"https:\/\/www.phys.uaic.ro\/index.php\/wp-json\/wp\/v2\/types\/page"}],"author":[{"embeddable":true,"href":"https:\/\/www.phys.uaic.ro\/index.php\/wp-json\/wp\/v2\/users\/3"}],"replies":[{"embeddable":true,"href":"https:\/\/www.phys.uaic.ro\/index.php\/wp-json\/wp\/v2\/comments?post=7755"}],"version-history":[{"count":0,"href":"https:\/\/www.phys.uaic.ro\/index.php\/wp-json\/wp\/v2\/pages\/7755\/revisions"}],"up":[{"embeddable":true,"href":"https:\/\/www.phys.uaic.ro\/index.php\/wp-json\/wp\/v2\/pages\/158"}],"wp:attachment":[{"href":"https:\/\/www.phys.uaic.ro\/index.php\/wp-json\/wp\/v2\/media?parent=7755"}],"curies":[{"name":"wp","href":"https:\/\/api.w.org\/{rel}","templated":true}]}}