{"id":9866,"date":"2020-09-11T13:37:34","date_gmt":"2020-09-11T13:37:34","guid":{"rendered":"https:\/\/www.phys.uaic.ro\/?page_id=9866"},"modified":"2024-10-25T12:45:15","modified_gmt":"2024-10-25T09:45:15","slug":"ionita-stefan-doctorat","status":"publish","type":"page","link":"https:\/\/www.phys.uaic.ro\/index.php\/scoala-doctorala\/sustineri-teze-doctorat\/ionita-stefan-doctorat\/","title":{"rendered":"Sus\u021binerea tezei de doctorat a drd. Ioni\u021b\u0103 N. \u0218tefan pe 30.09.2020"},"content":{"rendered":"<p>La data de 30.09.2020, ora 11:00, dl IONI\u0162\u0102 N. \u0218TEFAN va sus\u0163ine, \u00een \u015fedin\u0163\u0103 public\u0103, <!--online pe platforma ZOOM, -->teza de doctorat cu titlul<\/p>\n<p><b>STUDIUL UNOR MATERIALE AVANSATE CU APLICA\u0162II \u00ceN MEDICINA DENTAR\u0102<\/b><\/p>\n<p>\u00een vederea ob\u0163inerii titlului \u015ftiin\u0163ific de doctor \u00een domeniul FIZIC\u0102.<\/p>\n<p>CV Ioni\u021b\u0103 N. \u0218tefan<\/p>\n<p>Comisia de doctorat are urm\u0103toarea componen\u0163\u0103:<\/p>\n<ul>\n<li><b>Pre\u015fedinte<\/b>:\n<ul>\n<li>Prof. univ. Dr. Diana Mihaela Mardare, Universitatea Alexandru Ioan Cuza din Ia\u0219i [ <a href=\"https:\/\/www.phys.uaic.ro\/wp-content\/uploads\/2024\/10\/CV-2024-MARDARE-D.-rom.pdf\" target=\"_blank\" rel=\"noopener\">CV<\/a> ]<\/li>\n<\/ul>\n<\/li>\n<\/ul>\n<ul>\n<li><b>Conduc\u0103tor \u015ftiin\u0163ific<\/b>:\n<ul>\n<li>Prof. univ. Emeritus Dr. Felicia Iacomi, Universitatea Alexandru Ioan Cuza, Ia\u015fi [ <a href=\"https:\/\/www.phys.uaic.ro\/wp-content\/uploads\/2022\/05\/CV-FELICIA-IACOMI.pdf\" target=\"_blank\" rel=\"noopener\">CV<\/a> ]<\/li>\n<\/ul>\n<\/li>\n<\/ul>\n<ul>\n<li><b>Referen\u0163i<\/b>:\n<ul>\n<li>Prof. univ. Dr. Viorica Simon, Universitatea Babe\u015f Bolyai Cluj Napoca [ <a href=\"https:\/\/www.phys.uaic.ro\/wp-content\/uploads\/2024\/04\/viorica-simon-cv.pdf\" target=\"_blank\" rel=\"noopener\">CV<\/a> ]<\/li>\n<li>CP II Dr. Daniel \u0162\u00eempu, Institutul de Chimie Macromolecular\u0103 Petru Poni, Ia\u015fi [ <a href=\"https:\/\/www.phys.uaic.ro\/wp-content\/uploads\/2023\/09\/CV-Daniel-Timpu_23.pdf\" target=\"_blank\" rel=\"noopener\">CV<\/a> ]<\/li>\n<li>Prof. univ. Dr. habil. Liviu Leontie, Universitatea Alexandru Ioan Cuza, Ia\u015fi [ <a href=\"https:\/\/www.phys.uaic.ro\/wp-content\/uploads\/2022\/05\/Prof.-Liviu-Leontie_CV_RO.pdf\" target=\"_blank\" rel=\"noopener\">CV<\/a> ]<\/li>\n<\/ul>\n<\/li>\n<\/ul>\n<p><!--\n\nPersoanele care doresc s\u0103 vizioneze sus\u021binerea trebuie s\u0103 acceseze unul din link-urile urm\u0103toare pe platforma ZOOM:\n\n\n<ul>\n \t\n\n<li><a href=\"https:\/\/us02web.zoom.us\/wc\/join\/8780837921?wpk=wcpkdfb080beeb801dd81db5674a75811957\"><b>Join Zoom Meeting - conectare direct\u0103 din browser<\/b><\/a><\/li>\n\n\n \t\n\n<li>pentru <a href=\"https:\/\/us02web.zoom.us\/j\/8780837921?pwd=cWdOUFlXTGZrNFoxOEE2R1FrZlZvZz09\">conectarea direct\u0103 din aplica\u021bie<\/a> pute\u021bi utiliza urm\u0103toarele date de \u00eenregistrare\n\n\n<ul style=\"list-style-type: none\">\n \t\n\n<li><b>Meeting ID: 878 083 7921<\/b><\/li>\n\n\n \t\n\n<li><b>Passcode: 121314<\/b><\/li>\n\n\n<\/ul>\n\n\n<\/li>\n\n\n<\/ul>\n\n\n\u00cent\u00e2lnirea este programat\u0103 s\u0103 \u00eenceap\u0103 la 11:00.\n\n<b><span style=\"color: #ff0000;\">Aten\u021bie! \u00cent\u00e2lnirea este \u00eenregistrat\u0103 audio-video, autentificarea dumneavoastr\u0103 se consider\u0103 acordul pentru \u00eenregistrare.<\/span><\/b>\n\n--><\/p>\n<p>Teza poate fi consultat\u0103 la Biblioteca Facult\u0103\u0163ii de Fizic\u0103.<\/p>\n<ul>\n<li>Rezumatul tezei de doctorat<\/li>\n<\/ul>\n","protected":false},"excerpt":{"rendered":"<p>La data de 30.09.2020, ora 11:00, dl IONI\u0162\u0102 N. \u0218TEFAN va sus\u0163ine, \u00een \u015fedin\u0163\u0103 public\u0103, teza de doctorat cu titlul STUDIUL UNOR MATERIALE AVANSATE CU APLICA\u0162II \u00ceN MEDICINA DENTAR\u0102 \u00een vederea ob\u0163inerii titlului \u015ftiin\u0163ific de doctor \u00een domeniul FIZIC\u0102. CV Ioni\u021b\u0103 N. \u0218tefan Comisia de doctorat are urm\u0103toarea componen\u0163\u0103: Pre\u015fedinte: Prof. univ. Dr. Diana Mihaela Mardare, Universitatea Alexandru\u2026 <span class=\"read-more\"><a href=\"https:\/\/www.phys.uaic.ro\/index.php\/scoala-doctorala\/sustineri-teze-doctorat\/ionita-stefan-doctorat\/\">Read More &raquo;<\/a><\/span><\/p>\n","protected":false},"author":3,"featured_media":0,"parent":158,"menu_order":0,"comment_status":"closed","ping_status":"closed","template":"","meta":{"footnotes":""},"class_list":["post-9866","page","type-page","status-publish","hentry"],"_links":{"self":[{"href":"https:\/\/www.phys.uaic.ro\/index.php\/wp-json\/wp\/v2\/pages\/9866","targetHints":{"allow":["GET"]}}],"collection":[{"href":"https:\/\/www.phys.uaic.ro\/index.php\/wp-json\/wp\/v2\/pages"}],"about":[{"href":"https:\/\/www.phys.uaic.ro\/index.php\/wp-json\/wp\/v2\/types\/page"}],"author":[{"embeddable":true,"href":"https:\/\/www.phys.uaic.ro\/index.php\/wp-json\/wp\/v2\/users\/3"}],"replies":[{"embeddable":true,"href":"https:\/\/www.phys.uaic.ro\/index.php\/wp-json\/wp\/v2\/comments?post=9866"}],"version-history":[{"count":0,"href":"https:\/\/www.phys.uaic.ro\/index.php\/wp-json\/wp\/v2\/pages\/9866\/revisions"}],"up":[{"embeddable":true,"href":"https:\/\/www.phys.uaic.ro\/index.php\/wp-json\/wp\/v2\/pages\/158"}],"wp:attachment":[{"href":"https:\/\/www.phys.uaic.ro\/index.php\/wp-json\/wp\/v2\/media?parent=9866"}],"curies":[{"name":"wp","href":"https:\/\/api.w.org\/{rel}","templated":true}]}}