{"id":2719,"date":"2025-02-26T09:49:30","date_gmt":"2025-02-26T07:49:30","guid":{"rendered":"https:\/\/new-phys.uaic.ro\/?page_id=2719"},"modified":"2026-04-14T22:04:09","modified_gmt":"2026-04-14T19:04:09","slug":"contact","status":"publish","type":"page","link":"https:\/\/www.phys.uaic.ro\/new-phys\/contact\/","title":{"rendered":"Contact"},"content":{"rendered":"\t\t<div data-elementor-type=\"wp-page\" data-elementor-id=\"2719\" class=\"elementor elementor-2719\">\n\t\t\t\t<div class=\"elementor-element elementor-element-5b750dc5 e-flex e-con-boxed e-con e-parent\" data-id=\"5b750dc5\" data-element_type=\"container\" data-e-type=\"container\">\n\t\t\t\t\t<div class=\"e-con-inner\">\n\t\t\t\t<div class=\"elementor-element elementor-element-1cf59e05 elementor-widget elementor-widget-text-editor\" data-id=\"1cf59e05\" data-element_type=\"widget\" data-e-type=\"widget\" data-widget_type=\"text-editor.default\">\n\t\t\t\t<div class=\"elementor-widget-container\">\n\t\t\t\t\t\t\t\t\t\n<p style=\"font-size: 22px; font-style: normal; font-weight: bold;\"><span style=\"color: #054164;\"><strong>Direc\u021bia Achizi\u021bii Publice \u0219i Urm\u0103rirea Contractelor &#8211; DAPUC<\/strong><\/span><\/p>\n\n<h2 class=\"wp-block-heading has-text-color has-link-color wp-elements-c25287dddc17d71a52eea587b6fae578\" style=\"color: #054164; font-size: 22px;\">Contact<\/h2>\n\n<p style=\"font-size: 16px;\"><strong>Adresa:\u00a0<\/strong>B-dul Carol I, nr.\u00a0 18, Corp J<br \/><strong>Director:\u00a0Gabriela ALEXOAEI<em><br \/><\/em>E-mail:\u00a0<\/strong>gabriela.alexoaei@uaic.ro<br \/><strong>Telefon:\u00a0<\/strong>0232 20 1105<br \/><strong>Fax:<\/strong>\u00a00232 20 1148<\/p>\n\n<h2 class=\"wp-block-heading has-text-color has-link-color wp-elements-79f48579912e6e1c8b0caa94a5630fff\" style=\"color: #054164; font-size: 22px;\">Prezentare<\/h2>\n\n<p style=\"font-size: 15px;\">Direc\u021bia Achizi\u0163ii Publice \u0219i Urm\u0103rire Contracte are ca atribu\u021bii specifice:<\/p>\n\n<ul class=\"wp-block-list\">\n<li style=\"font-size: 15px;\">elaborarea programului anual al achizi\u0163iilor publice \u00een conformitate cu necesit\u0103\u0163ile obiective \u015fi priorit\u0103\u0163ile comunicate de celelalte compartimente ale Universit\u0103\u0163ii, \u00een func\u0163ie de fondurile care urmeaz\u0103 s\u0103 fie alocate prin bugetul anual;<\/li>\n\n<li style=\"font-size: 15px;\">elaborarea programelor achizi\u0163iilor publice pentru proiectele de cercetare \u015fi proiectele cu finan\u0163are divers\u0103;<\/li>\n\n<li style=\"font-size: 15px;\">executarea programului anual al achizi\u0163iilor publice, derularea procedurilor de achizi\u0163ie public\u0103 \u015fi a cump\u0103r\u0103rilor directe;<\/li>\n\n<li style=\"font-size: 15px;\">executarea programelor de achizi\u0163ii publice ale proiectelor;<\/li>\n\n<li style=\"font-size: 15px;\">managementul contractelor\/comenzilor de furnizare, al celor de prest\u0103ri servicii \u015fi al celor de lucr\u0103ri;<\/li>\n\n<li style=\"font-size: 15px;\">managementul contractelor \/comenzilor \u00eentocmite \u00een cadrul proiectelor.<\/li>\n<\/ul>\n\n<h2 class=\"wp-block-heading has-text-color has-link-color wp-elements-6d0bae72f86c18194f1d9d6b55038978\" style=\"color: #054164; font-size: 22px;\">Structuri<\/h2>\n\n<p style=\"font-size: 15px;\">Direc\u021bia Achizi\u0163ii Publice \u0219i Urm\u0103rire Contracte are \u00een componen\u0163\u0103 urm\u0103toarele structuri:<\/p>\n\n<p>\u00a0<\/p>\n\n<div class=\"wp-block-group\"><div class=\"wp-block-group__inner-container is-layout-constrained wp-block-group-is-layout-constrained\"><details class=\"wp-block-details has-text-color has-link-color wp-elements-0228db6a27265cee47f959f1714fd733 is-layout-flow wp-block-details-is-layout-flow\" style=\"color: #054164; font-size: 16px;\">\n<summary>Serviciul Achizi\u021bii Publice<\/summary>\n\n<p><strong>Contact<\/strong><\/p>\n\n<p style=\"font-size: 15px;\"><strong>\u0218ef Serviciu Achizi\u021bii Publice: Cosmin UNGUREANU<em><br \/><\/em>E-mail:<\/strong>\u00a0\u00a0cosmin.ungureanu@uaic.ro<br \/><strong>Telefon:\u00a0<\/strong>\u00a00232 20 1102 int. 2139<\/p>\n\n<p style=\"font-size: 15px;\"><strong>Personal:<\/strong><\/p>\n\n<p>Daniela BRIGHIU<br \/>Telefon: 0232 20 1147<br \/>E-mail: daniela.brighiu@uaic.ro<\/p>\n\n<p>Ramona CREANG\u0102<br \/>Telefon: 0232 20 1102 int. 2487<br \/>E-mail: ramona.creanga@uaic.ro<\/p>\n\n<p>Gabriela CRE\u0162U<br \/>Telefon: 0232 20 1147<br \/>E-mail: gabriela.cretu@uaic.ro<\/p>\n\n<p>Otilia FILIMON<br \/>Telefon: 0232 20 1139<br \/>E-mail: otilia.filimon@uaic.ro<\/p>\n\n<p>Oana HARABAGIU<br \/>Telefon: 0232 20 1039<br \/>E-mail: oana.harabagiu@uaic.ro<\/p>\n\n<p>Cristian Alin- IGNAT<br \/>Telefon: 0232 20 1102 int. 2344<br \/>E-mail: cristian.ignat@uaic.ro<\/p>\n\n<p>Mihai Dan-IV\u0102NESCU<br \/>Telefon: 0232 20 1039<br \/>E-mail: dan.ivanescu@uaic.ro<\/p>\n\n<p>Marius JECHEL<br \/>Telefon: 0232 20 1039<br \/>E-mail: marius.jechel@uaic.ro<\/p>\n\n<p>Cristina Elena LUPU<br \/>Telefon: 0232 20 1139<br \/>E-mail: cristina.lupu@uaic.ro<\/p>\n\n<p>Ramona ONOFREI<br \/>Telefon: 0232 20 1102 int. 2343<br \/>E-mail: ramona.onofrei@uaic.ro<\/p>\n\n<p>Magdalena- POPA<br \/>Telefon: 0232 20 1105<br \/>E-mail: magdalena.popa@uaic.ro<\/p>\n\n<p>Irina URSACHI<br \/>Telefon: 0232 20 1039<br \/>E-mail: irina.ursachi@uaic.ro<\/p>\n\n<p>\u00a0<\/p>\n<\/details><\/div><\/div>\n<hr class=\"wp-block-separator has-text-color has-alpha-channel-opacity has-background is-style-wide\" style=\"background-color: #00afef; color: #00afef;\" \/><details class=\"wp-block-details has-text-color has-link-color wp-elements-4804f635166e50bd0c4a45c3cac6d663 is-layout-flow wp-block-details-is-layout-flow\" style=\"color: #054164; font-size: 16px;\">\n<summary>Serviciul Urm\u0103rire Contracte<\/summary>\n\n<p><strong>Contact<\/strong><\/p>\n\n<p style=\"font-size: 15px;\"><strong>\u0218ef Serviciu <strong>Urm\u0103rire Contracte<\/strong>: <strong>Adina \u0218ERBAN<\/strong><em><br \/><\/em>E-mail:\u00a0<\/strong>adina.\u0219erban@uaic.ro<strong><br \/>Telefon:\u00a0<\/strong>\u00a00232 20 1102 interior\u00a0<strong>2<\/strong>047<strong><br \/>Fax:\u00a0<\/strong>0232 20 1117<\/p>\n\n<p style=\"font-size: 15px;\"><strong>Prezentare<\/strong><\/p>\n\n<ul class=\"wp-block-list\" style=\"font-size: 15px;\">\n<li style=\"font-size: 15px;\">\u00centocmirea contractelor de achizi\u021bie public\u0103 pentru fiecare dintre procedurile de achizi\u021bie finalizate de c\u0103tre Biroul Achizi\u021bii Publice;<\/li>\n\n<li style=\"font-size: 15px;\">Asigurarea monitoriz\u0103rii modului de implementare a contractelor de furnizare bunuri \u0219i servicii,precum \u0219i a comenzilor emise \u00een urma achizi\u021biilor directe;<\/li>\n\n<li style=\"font-size: 15px;\">\u00centocmirea ordonan\u021b\u0103rilor pentru plata bunurilor \u0219i serviciilor furnizate de c\u0103tre operatorii economici;<\/li>\n\n<li style=\"font-size: 15px;\">Analiza modului \u00een care operatorii economici \u00ee\u0219i \u00eendeplinesc obliga\u021biile contractual \u0219i, func\u021bie de situa\u021bie, ini\u021bierea calculului de penalit\u0103\u021bi, re\u021bineri de garan\u021bii, emitere de documente constatatoare, conform legisla\u021biei \u00een vigoare.<\/li>\n<\/ul>\n\n<p style=\"font-size: 15px;\">\u00a0<\/p>\n\n<p style=\"font-size: 15px;\"><strong>Personal:<\/strong><\/p>\n\n<p><strong><strong>Alexandra GHEORGHE<\/strong><br \/><strong>Telefon:<\/strong>\u00a00232 20 1047<br \/><strong>E-mail:<\/strong>\u00a0<\/strong>alexandra.gheorghe@uaic.ro<\/p>\n\n<p><strong>Mihaela MINUT<\/strong><br \/><strong>Telefon:<\/strong>\u00a00232 20 1047<br \/><strong>E-mail:<\/strong>\u00a0mihaela.minut@uaic.ro<\/p>\n\n<p><strong>Lorina SCRIPCARIU<\/strong><br \/><strong>Telefon:<\/strong>\u00a00232 20 1047<br \/><strong>E-mail:<\/strong>\u00a0lorina.scripcariu@uaic.ro<\/p>\n\n<p><strong>Diana POPA<\/strong><br \/><strong>Telefon:<\/strong>\u00a00232 20 1047<br \/><strong>E-mail:<\/strong>\u00a0diana.popa@uaic.ro<\/p>\n\n<p>\u00a0<\/p>\n<\/details><hr class=\"wp-block-separator has-text-color has-alpha-channel-opacity has-background is-style-wide\" style=\"background-color: #00afef; color: #00afef;\" \/><details class=\"wp-block-details has-text-color has-link-color wp-elements-182344dcbaa06520600917d50fadc49a is-layout-flow wp-block-details-is-layout-flow\" style=\"color: #054164; font-size: 16px;\">\n<summary>Magazia Central\u0103 a Universit\u0103\u021bii (Depozitul Central)<\/summary>\n\n<p><strong>Contact<\/strong><\/p>\n\n<p style=\"font-size: 15px;\"><strong>Prezentare<\/strong><\/p>\n\n<ul class=\"wp-block-list\" style=\"font-size: 15px;\">\n<li style=\"font-size: 15px;\"><strong>Magazia Central\u0103 a Universit\u0103\u021bii (Depozitul Central)<\/strong>\u00a0este subordonat\u0103 Serviciului Urm\u0103rire Contracte. Depozitul central are un num\u0103r de 4 administratori financiari, cu atribu\u021bii de gestionari. \u00cen sarcina acestora intr\u0103 primirea produselor de la delega\u021bii furnizorilor \u00een conformitate cu angajamentele rezultate din contractele\/comenzile \u00eencheiate cu Universitatea \u0219i, ulterior, dup\u0103 efectuarea recep\u021biei cantitative \u0219i calitative, distribuirea produselor c\u0103tre solicitan\u021bii\/beneficiarii interni.<\/li>\n<\/ul>\n\n<p style=\"font-size: 15px;\"><strong>Personal:<\/strong><\/p>\n\n<p><strong>Lucian ARHIP<\/strong><br \/><strong>Telefon:<\/strong>\u00a00232 201102 interior 2557<br \/><strong>E-mail:<\/strong>\u00a0lucian.arhip@uaic.ro<\/p>\n\n<p><strong>Viorica DUMITRACHE<\/strong><br \/><strong>Telefon:<\/strong>\u00a00232 201557<br \/><strong>E-mail:<\/strong>\u00a0viorica.dumitrache@uaic.ro<\/p>\n\n<p><strong>C\u0103t\u0103lin INIMOSU<\/strong><br \/><strong>Telefon:<\/strong>\u00a00232 20 1557<br \/><strong>E-mail:<\/strong>\u00a0catalin.inimosu@uaic.ro<\/p>\n\n<p><strong>Gabriela ISTRATI<\/strong><br \/><strong>Telefon:<\/strong>\u00a00232 201102 interior 2557<br \/><strong>E-mail:<\/strong>\u00a0gabriela.istrate@uaic.ro<\/p>\n<\/details><hr class=\"wp-block-separator has-text-color has-alpha-channel-opacity has-background is-style-wide\" style=\"background-color: #00afef; color: #00afef;\" \/>\t\t\t\t\t\t\t\t<\/div>\n\t\t\t\t<\/div>\n\t\t\t\t\t<\/div>\n\t\t\t\t<\/div>\n\t\t\t\t<\/div>\n\t\t","protected":false},"excerpt":{"rendered":"<p>Direc\u021bia Achizi\u021bii Publice \u0219i Urm\u0103rirea Contractelor &#8211; DAPUC Contact Adresa:\u00a0B-dul Carol I, nr.\u00a0 18, Corp JDirector:\u00a0Gabriela ALEXOAEIE-mail:\u00a0gabriela.alexoaei@uaic.roTelefon:\u00a00232 20 1105Fax:\u00a00232 20 1148 Prezentare Direc\u021bia Achizi\u0163ii Publice \u0219i Urm\u0103rire Contracte are ca atribu\u021bii specifice: Structuri Direc\u021bia Achizi\u0163ii Publice \u0219i Urm\u0103rire Contracte are <a href=\"https:\/\/www.phys.uaic.ro\/new-phys\/contact\/\"> Read more&#8230;<\/a><\/p>\n","protected":false},"author":3,"featured_media":0,"parent":0,"menu_order":0,"comment_status":"closed","ping_status":"closed","template":"","meta":{"footnotes":""},"class_list":["post-2719","page","type-page","status-publish","hentry"],"_links":{"self":[{"href":"https:\/\/www.phys.uaic.ro\/new-phys\/wp-json\/wp\/v2\/pages\/2719","targetHints":{"allow":["GET"]}}],"collection":[{"href":"https:\/\/www.phys.uaic.ro\/new-phys\/wp-json\/wp\/v2\/pages"}],"about":[{"href":"https:\/\/www.phys.uaic.ro\/new-phys\/wp-json\/wp\/v2\/types\/page"}],"author":[{"embeddable":true,"href":"https:\/\/www.phys.uaic.ro\/new-phys\/wp-json\/wp\/v2\/users\/3"}],"replies":[{"embeddable":true,"href":"https:\/\/www.phys.uaic.ro\/new-phys\/wp-json\/wp\/v2\/comments?post=2719"}],"version-history":[{"count":1,"href":"https:\/\/www.phys.uaic.ro\/new-phys\/wp-json\/wp\/v2\/pages\/2719\/revisions"}],"predecessor-version":[{"id":4006,"href":"https:\/\/www.phys.uaic.ro\/new-phys\/wp-json\/wp\/v2\/pages\/2719\/revisions\/4006"}],"wp:attachment":[{"href":"https:\/\/www.phys.uaic.ro\/new-phys\/wp-json\/wp\/v2\/media?parent=2719"}],"curies":[{"name":"wp","href":"https:\/\/api.w.org\/{rel}","templated":true}]}}