{"id":8466,"date":"2026-04-23T10:54:16","date_gmt":"2026-04-23T07:54:16","guid":{"rendered":"https:\/\/www.phys.uaic.ro\/new-phys\/?page_id=8466"},"modified":"2026-04-23T11:47:35","modified_gmt":"2026-04-23T08:47:35","slug":"planuri-de-invatamant-master","status":"publish","type":"page","link":"https:\/\/www.phys.uaic.ro\/new-phys\/planuri-de-invatamant-master\/","title":{"rendered":"Planuri de \u00eenv\u0103\u021b\u0103m\u00e2nt master"},"content":{"rendered":"\n<h3 class=\"wp-block-heading\">Planuri de \u00eenv\u0103\u021b\u0103m\u00e2nt la specializarea <strong>Fizic\u0103 medical\u0103 aplicat\u0103<\/strong><\/h3>\n\n\n\n<ul class=\"wp-block-list\">\n<li><a href=\"https:\/\/www.phys.uaic.ro\/new-phys\/wp-content\/uploads\/2024\/07\/plan-invatamant-fizica-medicala-aplicata-seria-2024-2026.pdf\">Plan de \u00eenv\u0103\u021b\u0103m\u00e2nt \u2013 specializarea Fizic\u0103 medical\u0103 aplicat\u0103 \u2013 seria 2024-2026<\/a> <img decoding=\"async\" width=\"20\" height=\"20\" class=\"\" src=\"https:\/\/www.phys.uaic.ro\/wp\/imagini\/pdf-icon.png\" alt=\"pdf\"><\/li>\n\n\n\n<li><a href=\"https:\/\/www.phys.uaic.ro\/new-phys\/wp-content\/uploads\/2025\/11\/plan-invatamant-fizica-medicala-aplicata-seria-2025-2027.pdf\">Plan de \u00eenv\u0103\u021b\u0103m\u00e2nt \u2013 specializarea Fizic\u0103 medical\u0103 aplicat\u0103 \u2013 seria 2025-2027<\/a> <img decoding=\"async\" width=\"20\" height=\"20\" class=\"\" src=\"https:\/\/www.phys.uaic.ro\/wp\/imagini\/pdf-icon.png\" alt=\"pdf\"><\/li>\n<\/ul>\n\n\n\n<h3 class=\"wp-block-heading\">Planuri de \u00eenv\u0103\u021b\u0103m\u00e2nt la specializarea <strong>Fizica pentru tehnologii avansate\/Physics for advanced technologies (\u00een limba englez\u0103)<\/strong><\/h3>\n\n\n\n<ul class=\"wp-block-list\">\n<li><a href=\"https:\/\/www.phys.uaic.ro\/new-phys\/wp-content\/uploads\/2024\/07\/plan-invatamant-fizica-pentru-tehnologii-avansate-seria-2024-2026.pdf\">Plan de \u00eenv\u0103\u021b\u0103m\u00e2nt \u2013 specializarea Fizica pentru tehnologii avansate \u2013 seria 2024-2026<\/a> <img decoding=\"async\" width=\"20\" height=\"20\" class=\"\" src=\"https:\/\/www.phys.uaic.ro\/wp\/imagini\/pdf-icon.png\" alt=\"pdf\"><\/li>\n\n\n\n<li><a href=\"https:\/\/www.phys.uaic.ro\/new-phys\/wp-content\/uploads\/2025\/11\/plan-invatamant-fizica-pentru-tehnologii-avansate_-physics-for-advanced-technologies-seria-2025-2027.pdf\">Plan de \u00eenv\u0103\u021b\u0103m\u00e2nt \u2013 specializarea Fizica pentru tehnologii avansate \u2013 seria 2025-2027<\/a> <img decoding=\"async\" width=\"20\" height=\"20\" class=\"\" src=\"https:\/\/www.phys.uaic.ro\/wp\/imagini\/pdf-icon.png\" alt=\"pdf\"><\/li>\n<\/ul>\n\n\n\n<h3 class=\"wp-block-heading\"><strong>Fizica energiilor \u00eenalte\/High Energy Physics (\u00een limba englez\u0103)<\/strong><\/h3>\n\n\n\n<ul class=\"wp-block-list\">\n<li>Plan de \u00eenv\u0103\u021b\u0103m\u00e2nt \u2013 specializarea Fizica energiilor \u00eenalte \/ High Energy Physics \u2013 seria 2024-2026 <img decoding=\"async\" width=\"19\" height=\"19\" class=\"\" src=\"https:\/\/www.phys.uaic.ro\/wp\/imagini\/pdf-icon.png\" alt=\"pdf\"><\/li>\n<\/ul>\n\n\n\n<h3 class=\"wp-block-heading\">Planuri de \u00eenv\u0103\u021b\u0103m\u00e2nt la specializarea <strong>Metode fizice aplicate \u00een kinetoterapie \u0219i recuperare medical\u0103<\/strong><\/h3>\n\n\n\n<ul class=\"wp-block-list\">\n<li><a href=\"https:\/\/www.phys.uaic.ro\/new-phys\/wp-content\/uploads\/2024\/07\/plan-invatamant-metode-fizice-aplicate-in-kinetoterapie-si-recuperare-medicala-seria-2024-2026.pdf\">Plan de \u00eenv\u0103\u021b\u0103m\u00e2nt \u2013 specializarea Metode fizice aplicate \u00een kinetoterapie \u0219i recuperare medical\u0103 \u2013 seria 2024-2026<\/a> <img decoding=\"async\" width=\"19\" height=\"19\" class=\"\" src=\"https:\/\/www.phys.uaic.ro\/wp\/imagini\/pdf-icon.png\" alt=\"pdf\"><\/li>\n\n\n\n<li><a href=\"https:\/\/www.phys.uaic.ro\/new-phys\/wp-content\/uploads\/2025\/11\/plan-invatamant-metode-fizice-aplicate-in-kintetoterapie-si-recuperare-medicala-seria-2025-2027.pdf\">Plan de \u00eenv\u0103\u021b\u0103m\u00e2nt \u2013 specializarea Metode fizice aplicate \u00een kinetoterapie \u0219i recuperare medical\u0103 \u2013 seria 2025-2027<\/a> <img decoding=\"async\" width=\"19\" height=\"19\" class=\"\" src=\"https:\/\/www.phys.uaic.ro\/wp\/imagini\/pdf-icon.png\" alt=\"pdf\"><\/li>\n<\/ul>\n\n\n\n<h3 class=\"wp-block-heading\">Planuri de \u00eenv\u0103\u021b\u0103m\u00e2nt la specializarea <strong>Optic\u0103 \u015fi optometrie<\/strong><\/h3>\n\n\n\n<ul class=\"wp-block-list\">\n<li><a href=\"https:\/\/www.phys.uaic.ro\/new-phys\/wp-content\/uploads\/2024\/07\/plan-invatamant-optica-si-optometrie-seria-2024-2026.pdf\">Plan de \u00eenv\u0103\u021b\u0103m\u00e2nt \u2013 specializarea Optic\u0103 \u015fi optometrie \u2013 seria 2024-2026<\/a> <img decoding=\"async\" width=\"21\" height=\"21\" class=\"\" src=\"https:\/\/www.phys.uaic.ro\/wp\/imagini\/pdf-icon.png\" alt=\"pdf\"><\/li>\n\n\n\n<li><a href=\"https:\/\/www.phys.uaic.ro\/new-phys\/wp-content\/uploads\/2025\/11\/plan-invatamant-optica-si-optometrie-seria-2025-2027.pdf\">Plan de \u00eenv\u0103\u021b\u0103m\u00e2nt \u2013 specializarea Optic\u0103 \u015fi optometrie \u2013 seria 2025-2027<\/a> <img decoding=\"async\" width=\"21\" height=\"21\" class=\"\" src=\"https:\/\/www.phys.uaic.ro\/wp\/imagini\/pdf-icon.png\" alt=\"pdf\"><\/li>\n<\/ul>\n\n\n\n<h3 class=\"wp-block-heading\">Planuri de \u00eenv\u0103\u021b\u0103m\u00e2nt la specializarea <strong>Fizic\u0103 aplicat\u0103 \u00een tehnologii smart \u0219i comunica\u021bii<\/strong><\/h3>\n\n\n\n<ul class=\"wp-block-list\">\n<li><a href=\"https:\/\/www.phys.uaic.ro\/new-phys\/wp-content\/uploads\/2024\/07\/plan-invatamant-fizica-aplicata-in-tehnologii-smart-si-comunicatii-seria-2024-2026.pdf\">Plan de \u00eenv\u0103\u021b\u0103m\u00e2nt \u2013 specializarea Fizic\u0103 aplicat\u0103 \u00een tehnologii smart \u0219i comunica\u021bii \u2013 seria 2024-2026<\/a> <img decoding=\"async\" width=\"19\" height=\"19\" class=\"\" src=\"https:\/\/www.phys.uaic.ro\/wp\/imagini\/pdf-icon.png\" alt=\"pdf\"><\/li>\n\n\n\n<li><a href=\"https:\/\/www.phys.uaic.ro\/new-phys\/wp-content\/uploads\/2025\/11\/plan-invatamant-fizica-aplicata-in-tehnologii-smart-si-comunicatii-seria-2025-2027.pdf\">Plan de \u00eenv\u0103\u021b\u0103m\u00e2nt \u2013 specializarea Fizic\u0103 aplicat\u0103 \u00een tehnologii smart \u0219i comunica\u021bii \u2013 seria 2025-2027<\/a>pdf<\/li>\n<\/ul>\n\n\n\n<h3 class=\"wp-block-heading\">Planuri de \u00eenv\u0103\u021b\u0103m\u00e2nt la specializarea <strong>Fizic\u0103 aplicat\u0103 \u00een tehnologiile informa\u021biei \u0219i comunica\u021bii (B\u0103l\u021bi \u2013 R.Moldova)<br><\/strong><\/h3>\n\n\n\n<ul class=\"wp-block-list\">\n<li><a href=\"http:\/\/plan-invatamant-fizica-aplicata-in-tehnologiile-informatiei-si-comunicatii-_balti-_-r_-moldova_-seria-2024-2026\">Plan de \u00eenv\u0103\u021b\u0103m\u00e2nt \u2013 specializarea Fizic\u0103 aplicat\u0103 \u00een tehnologiile informa\u021biei \u0219i comunica\u021bii \u2013 seria 2024-2026 <\/a><img decoding=\"async\" width=\"19\" height=\"19\" class=\"\" src=\"https:\/\/www.phys.uaic.ro\/wp\/imagini\/pdf-icon.png\" alt=\"pdf\"><\/li>\n\n\n\n<li><a href=\"https:\/\/www.phys.uaic.ro\/new-phys\/wp-content\/uploads\/2025\/11\/plan-invatamant-fizica-aplicata-in-tehnologiile-informatiei-si-comunicatii-seria-2025-2027.pdf\">Plan de \u00eenv\u0103\u021b\u0103m\u00e2nt \u2013 specializarea Fizic\u0103 aplicat\u0103 \u00een tehnologiile informa\u021biei \u0219i comunica\u021bii \u2013 seria 2025-2027<\/a>\u00a0<img decoding=\"async\" width=\"19\" height=\"19\" class=\"\" src=\"https:\/\/www.phys.uaic.ro\/wp\/imagini\/pdf-icon.png\" alt=\"pdf\"><\/li>\n<\/ul>\n\n\n\n<p><\/p>\n","protected":false},"excerpt":{"rendered":"<p>Planuri de \u00eenv\u0103\u021b\u0103m\u00e2nt la specializarea Fizic\u0103 medical\u0103 aplicat\u0103 Planuri de \u00eenv\u0103\u021b\u0103m\u00e2nt la specializarea Fizica pentru tehnologii avansate\/Physics for advanced technologies (\u00een limba englez\u0103) Fizica energiilor \u00eenalte\/High Energy Physics (\u00een limba englez\u0103) Planuri de \u00eenv\u0103\u021b\u0103m\u00e2nt la specializarea Metode fizice aplicate \u00een <a href=\"https:\/\/www.phys.uaic.ro\/new-phys\/planuri-de-invatamant-master\/\"> Read more&#8230;<\/a><\/p>\n","protected":false},"author":4,"featured_media":0,"parent":0,"menu_order":0,"comment_status":"closed","ping_status":"closed","template":"","meta":{"footnotes":""},"class_list":["post-8466","page","type-page","status-publish","hentry"],"_links":{"self":[{"href":"https:\/\/www.phys.uaic.ro\/new-phys\/wp-json\/wp\/v2\/pages\/8466","targetHints":{"allow":["GET"]}}],"collection":[{"href":"https:\/\/www.phys.uaic.ro\/new-phys\/wp-json\/wp\/v2\/pages"}],"about":[{"href":"https:\/\/www.phys.uaic.ro\/new-phys\/wp-json\/wp\/v2\/types\/page"}],"author":[{"embeddable":true,"href":"https:\/\/www.phys.uaic.ro\/new-phys\/wp-json\/wp\/v2\/users\/4"}],"replies":[{"embeddable":true,"href":"https:\/\/www.phys.uaic.ro\/new-phys\/wp-json\/wp\/v2\/comments?post=8466"}],"version-history":[{"count":4,"href":"https:\/\/www.phys.uaic.ro\/new-phys\/wp-json\/wp\/v2\/pages\/8466\/revisions"}],"predecessor-version":[{"id":8494,"href":"https:\/\/www.phys.uaic.ro\/new-phys\/wp-json\/wp\/v2\/pages\/8466\/revisions\/8494"}],"wp:attachment":[{"href":"https:\/\/www.phys.uaic.ro\/new-phys\/wp-json\/wp\/v2\/media?parent=8466"}],"curies":[{"name":"wp","href":"https:\/\/api.w.org\/{rel}","templated":true}]}}